000
CXUS56 KSTO 011401
CF6MYV
PRELIMINARY LOCAL CLIMATOLOGICAL DATA (WS FORM: F-6)
STATION: MARYSVILLE
MONTH: FEBRUARY
YEAR: 2024
LATITUDE: 39 6 N
LONGITUDE: 121-34 E
TEMPERATURE IN F: :PCPN: SNOW: WIND :SUNSHINE: SKY :PK WND
================================================================================
1 2 3 4 5 6A 6B 7 8 9 10 11 12 13 14 15 16 17 18
12Z AVG MX 2MIN
DY MAX MIN AVG DEP HDD CDD WTR SNW DPTH SPD SPD DIR MIN PSBL S-S WX SPD DR
================================================================================
1 60 50 55 7 10 0 0.59 M M 9.6 35 170 M M 7 1 47 170
2 60 44 52 4 13 0 T M M 11.4 17 220 M M 6 23 230
3 58 41 50 1 15 0 T M M 3.9 10 150 M M 4 14 140
4 63 46 55 6 10 0 1.44 M M 19.1 46 160 M M 10 13 68 160
5 61 51 56 7 9 0 0.07 M M 13.9 26 180 M M 7 35 170
6 62 44 53 4 12 0 0.01 M M 3.5 13 320 M M 5 16 20
7 48 45 47 -2 18 0 0.32 M M 11.3 24 150 M M 8 1 30 170
8 51 41 46 -4 19 0 0.00 M M 3.3 7 140 M M 6 10 140
9 56 35 46 -4 19 0 0.00 M M 3.9 9 350 M M 2 1 14 360
10 63 43 53 3 12 0 0.00 M M 9.6 16 310 M M 1 24 330
11 61 38 50 0 15 0 0.00 M M 2.8 8 290 M M 0 12 290
12 61 38 50 0 15 0 0.00 M M 0.9 9 240 M M 0 12 240
13 62 40 51 1 14 0 0.00 M M 2.6 9 100 M M 1 12 100
14 58 49 54 3 11 0 0.19 M M 11.1 23 190 M M 9 1 33 190
15 63 48 56 5 9 0 0.00 M M 9.4 17 160 M M 3 22 160
16 59 48 54 3 11 0 0.00 0.0 M 2.1 8 270 M M 1 10 60
17 58 47 53 2 12 0 0.43 M M 8.4 26 170 M M 7 1 40 160
18 67 50 59 8 6 0 0.98 M M 11.4 29 160 M M 7 1 39 160
19 64 52 58 6 7 0 0.37 M M 16.8 35 190 M M 8 1 47 180
20 62 51 57 5 8 0 0.51 M M 9.2 18 160 M M 7 13 25 150
21 61 47 54 2 11 0 0.01 M M 5.4 13 160 M M 5 17 160
22 64 40 52 0 13 0 0.00 M M 2.8 9 240 M M 0 14 240
23 68 43 56 4 9 0 0.00 0.0 M 4.6 13 190 M M 0 15 190
24 73 43 58 6 7 0 0.00 0.0 M 2.7 10 310 M M 0 13 310
25 69 43 56 3 9 0 0.00 M M 4.8 14 140 M M 0 19 130
26 66 48 57 4 8 0 0.00 M M 10.6 18 190 M M 3 25 200
27 65 42 54 1 11 0 0.00 M M 8.3 18 330 M M 0 26 340
28 67 38 53 0 12 0 0.00 M M 5.1 12 190 M M 0 17 170
29 59 50 55 2 10 0 0.22 M M 15.7 29 170 M M 9 1 46 170
================================================================================
SM 1789 1295 335 0 5.14 0.0 224.2 M 116
================================================================================
AV 61.7 44.7 7.7 FASTST M M 4 MAX(MPH)
MISC ----> 46 160 68 160
================================================================================
NOTES:
# LAST OF SEVERAL OCCURRENCES
COLUMN 17 PEAK WIND IN M.P.H.
PRELIMINARY LOCAL CLIMATOLOGICAL DATA (WS FORM: F-6) , PAGE 2
STATION: MARYSVILLE
MONTH: FEBRUARY
YEAR: 2024
LATITUDE: 39 6 N
LONGITUDE: 121-34 E
[TEMPERATURE DATA] [PRECIPITATION DATA] SYMBOLS USED IN COLUMN 16
AVERAGE MONTHLY: 53.2 TOTAL FOR MONTH: 5.14 1 = FOG OR MIST
DPTR FM NORMAL: 2.4 DPTR FM NORMAL: 1.49 2 = FOG REDUCING VISIBILITY
HIGHEST: 73 ON 24 GRTST 24HR 1.44 ON 4- 4 TO 1/4 MILE OR LESS
LOWEST: 35 ON 9 3 = THUNDER
SNOW, ICE PELLETS, HAIL 4 = ICE PELLETS
TOTAL MONTH: 0.0 INCH 5 = HAIL
GRTST 24HR 0.0 6 = FREEZING RAIN OR DRIZZLE
GRTST DEPTH: M ON M 7 = DUSTSTORM OR SANDSTORM:
VSBY 1/2 MILE OR LESS
8 = SMOKE OR HAZE
[NO. OF DAYS WITH] [WEATHER - DAYS WITH] 9 = BLOWING SNOW
X = TORNADO
MAX 32 OR BELOW: 0 0.01 INCH OR MORE: 12
MAX 90 OR ABOVE: 0 0.10 INCH OR MORE: 9
MIN 32 OR BELOW: 0 0.50 INCH OR MORE: 4
MIN 0 OR BELOW: 0 1.00 INCH OR MORE: 1
[HDD (BASE 65) ]
TOTAL THIS MO. 335 CLEAR (SCALE 0-3) 13
DPTR FM NORMAL -64 PTCLDY (SCALE 4-7) 12
TOTAL FM JUL 1 1523 CLOUDY (SCALE 8-10) 4
DPTR FM NORMAL -494
[CDD (BASE 65) ]
TOTAL THIS MO. 0
DPTR FM NORMAL 0 [PRESSURE DATA]
TOTAL FM JAN 1 0 HIGHEST SLP 30.33 ON 22
DPTR FM NORMAL 0 LOWEST SLP 29.33 ON 4
[REMARKS]
#FINAL-02-24#