000
CXUS53 KBIS 010930
CF6N60
PRELIMINARY LOCAL CLIMATOLOGICAL DATA (WS FORM: F-6)
STATION: GARRISON (AMOS) ND
MONTH: NOVEMBER
YEAR: 2023
LATITUDE: 47 39 N
LONGITUDE: 101 23 W
TEMPERATURE IN F: :PCPN: SNOW: WIND :SUNSHINE: SKY :PK WND
================================================================================
1 2 3 4 5 6A 6B 7 8 9 10 11 12 13 14 15 16 17 18
12Z AVG MX 2MIN
DY MAX MIN AVG DEP HDD CDD WTR SNW DPTH SPD SPD DIR MIN PSBL S-S WX SPD DR
================================================================================
1 31 M M M M M M M M M M M M M M M M
2 36 20 28 -7 37 0 0.00 M M 5.8 15 210 M M 0 19 210
3 35 19 27 -7 38 0 0.00 M M 7.2 17 330 M M 0 20 320
4 35 31 33 -1 32 0 0.00 M M 7.1 14 180 M M 0 19 170
5 50 32 41 8 24 0 0.01 M M 8.6 15 160 M M 0 20 150
6 41 32 37 4 28 0 0.00 M M 9.7 23 310 M M 0 31 310
7 47 30 39 7 26 0 0.00 M M 11.4 20 170 M M 0 27 110
8 45 29 37 5 28 0 0.02 M M 18.1 38 300 M M 0 52 310
9 33 27 30 -1 35 0 T M M 14.5 24 310 M M 0 33 320
10 40 26 33 2 32 0 0.00 M M 5.9 13 170 M M 0 18 180
11 43 25 34 4 31 0 0.00 M M 10.7 20 160 M M 0 25 140
12 55 28 42 12 23 0 0.00 M M 14.0 25 270 M M 0 41 270
13 52 22 37 8 28 0 0.00 M M 6.5 25 140 M M 0 33 140
14 50 28 39 10 26 0 0.00 M M 7.5 16 260 M M 0 24 280
15 59 22 41 13 24 0 0.00 M M 4.7 15 230 M M 0 19 200
16 39 18 29 1 36 0 0.00 M M 11.1 26 340 M M 0 43 350
17 50 23 37 9 28 0 0.00 M M 10.7 22 300 M M 0 31 300
18 54 23 39 12 26 0 0.00 M M 3.3 8 250 M M 0 11 190
19 53 25 39 12 26 0 0.00 M M 3.9 13 110 M M 0 15 120
20 50 26 38 12 27 0 0.00 M M 12.4 28 310 M M 0 38 300
21 42 21 32 6 33 0 0.00 M M 9.9 18 300 M M 0 24 300
22 40 24 32 7 33 0 0.00 M M 9.7 23 340 M M 0 31 340
23 24 3 14 -11 51 0 0.00 M M 7.8 16 340 M M 0 23 320
24 26 0 13 -11 52 0 0.00 M M 8.2 16 230 M M 0 21 230
25 35 9 22 -2 43 0 T M M 13.3 29 330 M M 0 40 330
26 30 9 20 -4 45 0 T M M 18.6 37 320 M M 0 49 330
27 31 5 18 -5 47 0 T M M 8.9 24 300 M M 0 31 300
28 45 21 33 10 32 0 0.00 M M 12.7 30 300 M M 0 39 300
29 46 22 34 12 31 0 0.00 M M 8.0 16 300 M M 0 22 310
30 32 15 24 2 41 0 0.00 M M 9.4 17 310 M M 0 22 310
================================================================================
SM 1249 615 963 0 0.03 M 279.6 M 0
================================================================================
AV 41.6 21.2 9.6 FASTST M M 0 MAX(MPH)
MISC ----> 38 300 52 310
================================================================================
NOTES:
# LAST OF SEVERAL OCCURRENCES
COLUMN 17 PEAK WIND IN M.P.H.
PRELIMINARY LOCAL CLIMATOLOGICAL DATA (WS FORM: F-6) , PAGE 2
STATION: GARRISON (AMOS) ND
MONTH: NOVEMBER
YEAR: 2023
LATITUDE: 47 39 N
LONGITUDE: 101 23 W
[TEMPERATURE DATA] [PRECIPITATION DATA] SYMBOLS USED IN COLUMN 16
AVERAGE MONTHLY: 31.4 TOTAL FOR MONTH: 0.03 1 = FOG OR MIST
DPTR FM NORMAL: 3.1 DPTR FM NORMAL: -0.58 2 = FOG REDUCING VISIBILITY
HIGHEST: 59 ON 15 GRTST 24HR 0.02 ON 8- 8 TO 1/4 MILE OR LESS
LOWEST: 0 ON 24 3 = THUNDER
SNOW, ICE PELLETS, HAIL 4 = ICE PELLETS
TOTAL MONTH: M 5 = HAIL
GRTST 24HR M ON M 6 = FREEZING RAIN OR DRIZZLE
GRTST DEPTH: M ON M 7 = DUSTSTORM OR SANDSTORM:
VSBY 1/2 MILE OR LESS
8 = SMOKE OR HAZE
[NO. OF DAYS WITH] [WEATHER - DAYS WITH] 9 = BLOWING SNOW
X = TORNADO
MAX 32 OR BELOW: 6 0.01 INCH OR MORE: 2
MAX 90 OR ABOVE: 0 0.10 INCH OR MORE: 0
MIN 32 OR BELOW: 29 0.50 INCH OR MORE: 0
MIN 0 OR BELOW: 1 1.00 INCH OR MORE: 0
[HDD (BASE 65) ]
TOTAL THIS MO. 963 CLEAR (SCALE 0-3) 29
DPTR FM NORMAL -138 PTCLDY (SCALE 4-7) 0
TOTAL FM JUL 1 1805 CLOUDY (SCALE 8-10) 1
DPTR FM NORMAL -290
[CDD (BASE 65) ]
TOTAL THIS MO. 0
DPTR FM NORMAL 0 [PRESSURE DATA]
TOTAL FM JAN 1 471 HIGHEST SLP 30.76 ON 24
DPTR FM NORMAL 135 LOWEST SLP 29.55 ON 16
[REMARKS]
#FINAL-11-23#