000
CXUS53 KBIS 240830
CF6N60
PRELIMINARY LOCAL CLIMATOLOGICAL DATA (WS FORM: F-6)
STATION: GARRISON (AMOS) ND
MONTH: APRIL
YEAR: 2024
LATITUDE: 47 39 N
LONGITUDE: 101 23 W
TEMPERATURE IN F: :PCPN: SNOW: WIND :SUNSHINE: SKY :PK WND
================================================================================
1 2 3 4 5 6A 6B 7 8 9 10 11 12 13 14 15 16 17 18
12Z AVG MX 2MIN
DY MAX MIN AVG DEP HDD CDD WTR SNW DPTH SPD SPD DIR MIN PSBL S-S WX SPD DR
================================================================================
1 45 16 31 -4 34 0 0.00 M M 6.7 16 230 M M 0 22 220
2 50 26 38 3 27 0 0.00 M M 14.4 30 340 M M 0 43 330
3 52 20 36 0 29 0 0.00 M M 4.6 12 110 M M 0 16 170
4 55 27 41 5 24 0 0.00 M M 10.7 18 110 M M 0 24 120
5 61 31 46 10 19 0 0.00 M M 17.8 29 130 M M 0 40 130
6 61 36 49 12 16 0 0.00 M M 18.0 32 120 M M 0 42 120
7 42 35 39 2 26 0 0.02 M M 9.7 21 80 M M 0 29 70
8 54 33 44 6 21 0 0.01 M M 9.9 20 310 M M 0 25 320
9 62 36 49 11 16 0 0.00 M M 11.2 25 300 M M 0 34 270
10 57 33 45 7 20 0 0.05 M M 14.7 29 300 M M 0 41 310
11 55 28 42 3 23 0 0.00 M M 14.5 29 320 M M 0 37 330
12 66 22 44 5 21 0 0.00 M M 8.9 21 160 M M 0 27 160
13 76 35 56 16 9 0 0.00 M M 8.4 30 310 M M 0 38 300
14 69 30 50 10 15 0 M M M 7.2 15 80 M M 0 M M
15 60 45 53 12 12 0 0.00 M M 19.9 35 120 M M 0 44 120
16 48 40 44 3 21 0 0.43 M M 11.4 25 70 M M 0 36 80
17 47 32 40 -2 25 0 0.00 M M 21.6 35 280 M M 0 48 290
18 35 22 29 -13 36 0 M M M 25.7 40 300 M M 0 52 310
19 35 20 28 -14 37 0 T M M 23.7 35 310 M M 0 43 300
20 51 20 36 -7 29 0 0.00 M M 13.0 24 320 M M 0 32 340
21 63 23 43 0 22 0 0.00 M M 10.0 22 200 M M 0 30 210
22 62 40 51 7 14 0 0.00 M M 20.3 39 290 M M 0 59 290
23 59 34 47 3 18 0 0.00 M M 11.3 26 310 M M 0 35 310
================================================================================
SM 1265 684 514 0 0.51 M 313.6 M 0
================================================================================
AV 55.0 29.7 13.6 FASTST M M 0 MAX(MPH)
MISC ----> 40 300 59 290
================================================================================
NOTES:
# LAST OF SEVERAL OCCURRENCES
COLUMN 17 PEAK WIND IN M.P.H.
PRELIMINARY LOCAL CLIMATOLOGICAL DATA (WS FORM: F-6) , PAGE 2
STATION: GARRISON (AMOS) ND
MONTH: APRIL
YEAR: 2024
LATITUDE: 47 39 N
LONGITUDE: 101 23 W
[TEMPERATURE DATA] [PRECIPITATION DATA] SYMBOLS USED IN COLUMN 16
AVERAGE MONTHLY: 42.4 TOTAL FOR MONTH: 0.51 1 = FOG OR MIST
DPTR FM NORMAL: 3.0 DPTR FM NORMAL: -0.35 2 = FOG REDUCING VISIBILITY
HIGHEST: 76 ON 13 GRTST 24HR 0.43 ON 16-16 TO 1/4 MILE OR LESS
LOWEST: 16 ON 1 3 = THUNDER
SNOW, ICE PELLETS, HAIL 4 = ICE PELLETS
TOTAL MONTH: M 5 = HAIL
GRTST 24HR M ON M 6 = FREEZING RAIN OR DRIZZLE
GRTST DEPTH: M ON M 7 = DUSTSTORM OR SANDSTORM:
VSBY 1/2 MILE OR LESS
8 = SMOKE OR HAZE
[NO. OF DAYS WITH] [WEATHER - DAYS WITH] 9 = BLOWING SNOW
X = TORNADO
MAX 32 OR BELOW: 0 0.01 INCH OR MORE: 4
MAX 90 OR ABOVE: 0 0.10 INCH OR MORE: 1
MIN 32 OR BELOW: 13 0.50 INCH OR MORE: 0
MIN 0 OR BELOW: 0 1.00 INCH OR MORE: 0
[HDD (BASE 65) ]
TOTAL THIS MO. 514 CLEAR (SCALE 0-3) 23
DPTR FM NORMAL -76 PTCLDY (SCALE 4-7) 0
TOTAL FM JUL 1 7265 CLOUDY (SCALE 8-10) 0
DPTR FM NORMAL -1188
[CDD (BASE 65) ]
TOTAL THIS MO. 0
DPTR FM NORMAL 0 [PRESSURE DATA]
TOTAL FM JAN 1 0 HIGHEST SLP M ON M
DPTR FM NORMAL 0 LOWEST SLP 29.59 ON 22
[REMARKS]