000
CXUS51 KOKX 011010
CF6NYC
PRELIMINARY LOCAL CLIMATOLOGICAL DATA (WS FORM: F-6)
STATION: CENTRAL PARK NY
MONTH: DECEMBER
YEAR: 2023
LATITUDE: 40 46 N
LONGITUDE: 73 58 W
TEMPERATURE IN F: :PCPN: SNOW: WIND :SUNSHINE: SKY :PK WND
================================================================================
1 2 3 4 5 6A 6B 7 8 9 10 11 12 13 14 15 16 17 18
12Z AVG MX 2MIN
DY MAX MIN AVG DEP HDD CDD WTR SNW DPTH SPD SPD DIR MIN PSBL S-S WX SPD DR
================================================================================
1 51 43 47 4 18 0 0.41 0.0 0 3.6 10 230 M M 5 1 19 240
2 60 47 54 11 11 0 0.00 0.0 0 2.2 10 230 M M 5 18 15 230
3 53 48 51 8 14 0 0.55 0.0 0 7.2 16 60 M M 10 18 24 60
4 54 42 48 6 17 0 0.00 0.0 0 6.0 15 230 M M 1 18 24 210
5 43 38 41 -1 24 0 0.00 0.0 0 4.1 12 60 M M 2 17 360
6 43 33 38 -4 27 0 0.00 0.0 0 6.0 14 300 M M 7 21 300
7 39 32 36 -5 29 0 T T 0 6.0 13 240 M M 5 18 240
8 51 38 45 4 20 0 0.00 0.0 0 2.8 10 230 M M 3 15 220
9 59 44 52 11 13 0 T 0.0 0 2.1 8 210 M M 2 18 12 220
10 61 50 56 15 9 0 1.12 0.0 0 4.1 16 20 M M 9 13 23 310
11 50 38 44 4 21 0 0.55 0.0 0 8.1 18 300 M M 8 13 35 320
12 44 36 40 0 25 0 0.00 0.0 0 5.5 16 250 M M 2 23 230
13 47 36 42 2 23 0 0.00 0.0 0 6.7 14 310 M M 0 23 300
14 41 33 37 -3 28 0 0.00 0.0 0 6.2 15 300 M M 0 20 290
15 58 37 48 9 17 0 0.00 0.0 0 5.3 15 230 M M 0 21 240
16 54 46 50 11 15 0 0.00 0.0 0 5.9 13 50 M M 1 18 30
17 59 47 53 14 12 0 0.26 0.0 0 6.8 16 120 M M 10 1 30 120
18 62 42 52 14 13 0 2.21 0.0 0 9.0 22 160 M M 7 1 36 170
19 44 32 38 0 27 0 0.00 0.0 0 7.7 16 300 M M 4 8 24 290
20 46 30 38 0 27 0 0.00 0.0 0 6.1 14 300 M M 3 21 300
21 42 30 36 -2 29 0 0.00 0.0 0 6.4 14 360 M M 0 24 30
22 37 25 31 -6 34 0 0.00 0.0 0 3.5 9 50 M M 0 15 30
23 44 34 39 2 26 0 0.00 0.0 0 3.5 9 60 M M 7 13 90
24 49 40 45 8 20 0 0.02 0.0 0 1.5 8 100 M M 10 1 11 100
25 49 43 46 9 19 0 0.00 0.0 0 3.2 8 60 M M 10 18 12 80
26 51 44 48 12 17 0 0.00 0.0 0 1.6 7 90 M M 9 18 9 120
27 50 45 48 12 17 0 0.32 0.0 0 5.2 18 60 M M 10 18 28 60
28 55 49 52 16 13 0 1.22 0.0 0 7.0 22 80 M M 10 1 32 90
29 55 46 51 15 14 0 0.05 0.0 0 3.4 14 240 M M 8 1 22 220
30 46 39 43 7 22 0 0.00 0.0 0 6.4 14 280 M M 6 21 280
31 43 39 41 6 24 0 0.00 0.0 0 5.3 13 300 M M 10 21 300
================================================================================
SM 1540 1226 625 0 6.71 T 158.4 M 164
================================================================================
AV 49.7 39.5 5.1 FASTST M M 5 MAX(MPH)
MISC ----> # 22 160 36 170
================================================================================
NOTES:
# LAST OF SEVERAL OCCURRENCES
COLUMN 17 PEAK WIND IN M.P.H.
PRELIMINARY LOCAL CLIMATOLOGICAL DATA (WS FORM: F-6) , PAGE 2
STATION: CENTRAL PARK NY
MONTH: DECEMBER
YEAR: 2023
LATITUDE: 40 46 N
LONGITUDE: 73 58 W
[TEMPERATURE DATA] [PRECIPITATION DATA] SYMBOLS USED IN COLUMN 16
AVERAGE MONTHLY: 44.6 TOTAL FOR MONTH: 6.71 1 = FOG OR MIST
DPTR FM NORMAL: 5.5 DPTR FM NORMAL: 2.33 2 = FOG REDUCING VISIBILITY
HIGHEST: 62 ON 18 GRTST 24HR 2.46 ON 17-18 TO 1/4 MILE OR LESS
LOWEST: 25 ON 22 3 = THUNDER
SNOW, ICE PELLETS, HAIL 4 = ICE PELLETS
TOTAL MONTH: T 5 = HAIL
GRTST 24HR T ON 7- 7 6 = FREEZING RAIN OR DRIZZLE
GRTST DEPTH: 0 7 = DUSTSTORM OR SANDSTORM:
VSBY 1/2 MILE OR LESS
8 = SMOKE OR HAZE
[NO. OF DAYS WITH] [WEATHER - DAYS WITH] 9 = BLOWING SNOW
X = TORNADO
MAX 32 OR BELOW: 0 0.01 INCH OR MORE: 10
MAX 90 OR ABOVE: 0 0.10 INCH OR MORE: 8
MIN 32 OR BELOW: 5 0.50 INCH OR MORE: 5
MIN 0 OR BELOW: 0 1.00 INCH OR MORE: 3
[HDD (BASE 65) ]
TOTAL THIS MO. 625 CLEAR (SCALE 0-3) 12
DPTR FM NORMAL -179 PTCLDY (SCALE 4-7) 9
TOTAL FM JUL 1 1384 CLOUDY (SCALE 8-10) 10
DPTR FM NORMAL -205
[CDD (BASE 65) ]
TOTAL THIS MO. 0
DPTR FM NORMAL 0 [PRESSURE DATA]
TOTAL FM JAN 1 1242 HIGHEST SLP M ON M
DPTR FM NORMAL 20 LOWEST SLP 29.04 ON 18
[REMARKS]
#FINAL-12-23#