000
CXUS55 KPSR 011005
CF6NYL
PRELIMINARY LOCAL CLIMATOLOGICAL DATA (WS FORM: F-6)
STATION: YUMA AZ
MONTH: JANUARY
YEAR: 2023
LATITUDE: 32 39 N
LONGITUDE: 114 37 W
TEMPERATURE IN F: :PCPN: SNOW: WIND :SUNSHINE: SKY :PK WND
================================================================================
1 2 3 4 5 6A 6B 7 8 9 10 11 12 13 14 15 16 17 18
12Z AVG MX 2MIN
DY MAX MIN AVG DEP HDD CDD WTR SNW DPTH SPD SPD DIR MIN PSBL S-S WX SPD DR
================================================================================
1 68 56 62 5 3 0 0.01 M M 15.7 30 280 M M 4 8 40 280
2 65 49 57 0 8 0 0.00 M M 6.7 17 270 M M 5 22 270
3 68 48 58 1 7 0 0.00 M M 7.3 13 160 M M 5 19 180
4 71 54 63 5 2 0 0.00 M M 3.2 12 90 M M 5 15 80
5 68 51 60 2 5 0 0.00 M M 4.3 12 180 M M 4 15 190
6 68 49 59 1 6 0 0.00 M M 5.4 13 340 M M 4 17 290
7 72 43 58 0 7 0 0.00 M M 5.6 13 20 M M 0 17 20
8 71 48 60 2 5 0 0.00 M M 4.2 14 30 M M 0 18 30
9 70 44 57 -1 8 0 0.00 M M 3.4 8 200 M M 4 10 130
10 75 49 62 4 3 0 0.00 M M 6.4 15 190 M M 4 21 290
11 70 48 59 1 6 0 0.00 M M 6.0 15 10 M M 3 21 10
12 71 45 58 0 7 0 0.00 M M 6.9 16 340 M M 3 22 340
13 72 50 61 2 4 0 0.00 M M 5.4 12 50 M M 0 17 60
14 65 48 57 -2 8 0 0.01 0.0 0 2.7 12 140 M M 2 14 140
15 65 55 60 1 5 0 0.02 0.0 0 5.5 17 300 M M 5 24 290
16 67 54 61 2 4 0 0.04 M M 15.8 28 140 M M 5 8 39 300
17 63 49 56 -3 9 0 0.00 M M 11.7 25 280 M M 2 35 280
18 64 39 52 -7 13 0 0.00 M M 2.8 13 10 M M 1 17 320
19 63 41 52 -7 13 0 0.00 M M 5.2 10 260 M M 0 14 240
20 62 46 54 -5 11 0 0.00 M M 7.0 17 350 M M 3 23 350
21 63 37 50 -9 15 0 0.00 M M 6.4 17 350 M M 0 24 340
22 64 38 51 -9 14 0 0.00 M M 5.1 12 350 M M 0 18 350
23 61 44 53 -7 12 0 0.00 M M 11.6 26 350 M M 1 39 360
24 66 39 53 -7 12 0 0.00 M M 6.7 17 20 M M 0 25 360
25 68 40 54 -6 11 0 0.00 M M 8.6 21 350 M M 0 30 330
26 66 45 56 -4 9 0 0.00 M M 11.8 24 350 M M 0 33 350
27 68 40 54 -6 11 0 0.00 M M 3.2 12 30 M M 0 15 10
28 69 39 54 -6 11 0 0.00 M M 2.9 9 140 M M 0 11 180
29 66 41 54 -6 11 0 0.00 M M 2.9 10 290 M M 2 15 290
30 64 42 53 -7 12 0 0.01 M M 4.0 13 290 M M 6 16 280
31 57 48 53 -7 12 0 0.07 M M 11.1 21 20 M M 9 29 350
================================================================================
SM 2070 1419 264 0 0.16 0.0 205.5 M 77
================================================================================
AV 66.8 45.8 6.6 FASTST M M 2 MAX(MPH)
MISC ----> 30 280 40 280
================================================================================
NOTES:
# LAST OF SEVERAL OCCURRENCES
COLUMN 17 PEAK WIND IN M.P.H.
PRELIMINARY LOCAL CLIMATOLOGICAL DATA (WS FORM: F-6) , PAGE 2
STATION: YUMA AZ
MONTH: JANUARY
YEAR: 2023
LATITUDE: 32 39 N
LONGITUDE: 114 37 W
[TEMPERATURE DATA] [PRECIPITATION DATA] SYMBOLS USED IN COLUMN 16
AVERAGE MONTHLY: 56.3 TOTAL FOR MONTH: 0.16 1 = FOG OR MIST
DPTR FM NORMAL: -2.5 DPTR FM NORMAL: -0.23 2 = FOG REDUCING VISIBILITY
HIGHEST: 75 ON 10 GRTST 24HR 0.40 ON 16-17 TO 1/4 MILE OR LESS
LOWEST: 37 ON 21 3 = THUNDER
SNOW, ICE PELLETS, HAIL 4 = ICE PELLETS
TOTAL MONTH: 0.0 INCH 5 = HAIL
GRTST 24HR 0.0 6 = FREEZING RAIN OR DRIZZLE
GRTST DEPTH: 0 7 = DUSTSTORM OR SANDSTORM:
VSBY 1/2 MILE OR LESS
8 = SMOKE OR HAZE
[NO. OF DAYS WITH] [WEATHER - DAYS WITH] 9 = BLOWING SNOW
X = TORNADO
MAX 32 OR BELOW: 0 0.01 INCH OR MORE: 6
MAX 90 OR ABOVE: 0 0.10 INCH OR MORE: 0
MIN 32 OR BELOW: 0 0.50 INCH OR MORE: 0
MIN 0 OR BELOW: 0 1.00 INCH OR MORE: 0
[HDD (BASE 65) ]
TOTAL THIS MO. 264 CLEAR (SCALE 0-3) 18
DPTR FM NORMAL 69 PTCLDY (SCALE 4-7) 12
TOTAL FM JUL 1 611 CLOUDY (SCALE 8-10) 1
DPTR FM NORMAL 108
[CDD (BASE 65) ]
TOTAL THIS MO. 0
DPTR FM NORMAL -5 [PRESSURE DATA]
TOTAL FM JAN 1 0 HIGHEST SLP 30.40 ON 26
DPTR FM NORMAL -5 LOWEST SLP 29.64 ON 1
[REMARKS]
#FINAL-01-23#