000
CXUS55 KPSR 011005
CF6NYL
PRELIMINARY LOCAL CLIMATOLOGICAL DATA (WS FORM: F-6)
STATION: YUMA AZ
MONTH: JULY
YEAR: 2022
LATITUDE: 32 39 N
LONGITUDE: 114 37 W
TEMPERATURE IN F: :PCPN: SNOW: WIND :SUNSHINE: SKY :PK WND
================================================================================
1 2 3 4 5 6A 6B 7 8 9 10 11 12 13 14 15 16 17 18
12Z AVG MX 2MIN
DY MAX MIN AVG DEP HDD CDD WTR SNW DPTH SPD SPD DIR MIN PSBL S-S WX SPD DR
================================================================================
1 108 82 95 2 0 30 0.00 M M 7.7 20 280 M M 0 24 290
2 108 82 95 2 0 30 0.00 M M 6.8 15 300 M M 0 22 240
3 104 83 94 1 0 29 0.00 M M 7.4 15 280 M M 0 21 290
4 102 76 89 -5 0 24 0.00 M M 7.8 18 170 M M 0 24 180
5 103 77 90 -4 0 25 0.00 M M 9.0 18 150 M M 0 23 140
6 103 74 89 -5 0 24 0.00 M M 7.0 16 200 M M 0 20 180
7 107 77 92 -2 0 27 0.00 M M 7.9 21 170 M M 0 8 30 170
8 109 77 93 -1 0 28 0.00 M M 5.4 16 200 M M 0 21 150
9 110 82 96 2 0 31 0.00 M M 5.0 13 280 M M 0 18 230
10 112 84 98 4 0 33 0.00 M M 4.2 12 190 M M 0 15 200
11 114 86 100 6 0 35 0.00 M M 6.3 17 190 M M 1 8 22 200
12 110 85 98 3 0 33 0.00 M M 11.9 22 160 M M 1 31 160
13 110 86 98 3 0 33 0.00 M M 8.1 18 210 M M 3 22 210
14 110 89 100 5 0 35 0.00 M M 9.4 20 190 M M 4 22 200
15 113 85 99 4 0 34 0.00 M M 4.9 12 270 M M 2 13 270
16 112 89 101 6 0 36 0.00 M M 11.8 24 150 M M 0 30 150
17 110 89 100 5 0 35 0.00 M M 13.3 22 160 M M 0 27 180
18 109 88 99 4 0 34 0.00 M M 12.3 21 140 M M 2 26 150
19 108 85 97 2 0 32 0.00 M M 9.0 25 150 M M 4 8 33 150
20 107 86 97 2 0 32 0.00 M M 11.6 29 140 M M 3 35 150
21 109 86 98 3 0 33 0.00 M M 9.8 22 180 M M 4 28 170
22 112 86 99 4 0 34 0.00 M M 7.7 16 190 M M 3 20 160
23 106 86 96 1 0 31 T M M 12.8 25 150 M M 1 3 30 150
24 104 84 94 -1 0 29 0.00 M M 15.6 24 140 M M 0 32 160
25 102 87 95 0 0 30 0.00 M M 9.6 18 160 M M 3 38 26 170
26 105 86 96 1 0 31 0.00 M M 9.2 20 210 M M 2 24 210
27 99 87 93 -2 0 28 T M M 10.2 22 160 M M 5 25 140
28 104 85 95 0 0 30 0.00 M M 8.2 18 90 M M 5 21 90
29 100 86 93 -2 0 28 0.00 M M 9.0 18 150 M M 7 3 22 150
30 97 83 90 -5 0 25 0.00 M M 6.4 28 140 M M 2 38 36 130
31 102 82 92 -3 0 27 T M M 9.7 24 150 M M 0 30 140
================================================================================
SM 3309 2600 0 946 T M 275.0 M 52
================================================================================
AV106.7 83.9 8.9 FASTST M M 2 MAX(MPH)
MISC ----> 29 140 36 130
================================================================================
NOTES:
# LAST OF SEVERAL OCCURRENCES
COLUMN 17 PEAK WIND IN M.P.H.
PRELIMINARY LOCAL CLIMATOLOGICAL DATA (WS FORM: F-6) , PAGE 2
STATION: YUMA AZ
MONTH: JULY
YEAR: 2022
LATITUDE: 32 39 N
LONGITUDE: 114 37 W
[TEMPERATURE DATA] [PRECIPITATION DATA] SYMBOLS USED IN COLUMN 16
AVERAGE MONTHLY: 95.3 TOTAL FOR MONTH: T 1 = FOG OR MIST
DPTR FM NORMAL: 0.7 DPTR FM NORMAL: -0.24 2 = FOG REDUCING VISIBILITY
HIGHEST: 114 ON 11 GRTST 24HR T ON 23-23 TO 1/4 MILE OR LESS
LOWEST: 74 ON 6 3 = THUNDER
SNOW, ICE PELLETS, HAIL 4 = ICE PELLETS
TOTAL MONTH: M 5 = HAIL
GRTST 24HR M ON M 6 = FREEZING RAIN OR DRIZZLE
GRTST DEPTH: M ON M 7 = DUSTSTORM OR SANDSTORM:
VSBY 1/2 MILE OR LESS
8 = SMOKE OR HAZE
[NO. OF DAYS WITH] [WEATHER - DAYS WITH] 9 = BLOWING SNOW
X = TORNADO
MAX 32 OR BELOW: 0 0.01 INCH OR MORE: 0
MAX 90 OR ABOVE: 31 0.10 INCH OR MORE: 0
MIN 32 OR BELOW: 0 0.50 INCH OR MORE: 0
MIN 0 OR BELOW: 0 1.00 INCH OR MORE: 0
[HDD (BASE 65) ]
TOTAL THIS MO. 0 CLEAR (SCALE 0-3) 24
DPTR FM NORMAL 0 PTCLDY (SCALE 4-7) 7
TOTAL FM JUL 1 0 CLOUDY (SCALE 8-10) 0
DPTR FM NORMAL 0
[CDD (BASE 65) ]
TOTAL THIS MO. 946
DPTR FM NORMAL 27 [PRESSURE DATA]
TOTAL FM JAN 1 2724 HIGHEST SLP 29.96 ON 9
DPTR FM NORMAL 180 LOWEST SLP 29.60 ON 22
[REMARKS]
#FINAL-07-22#