000
CXUS53 KOAX 300221
CF6OAX
PRELIMINARY LOCAL CLIMATOLOGICAL DATA (WS FORM: F-6)
STATION: VALLEY NWS NE
MONTH: FEBRUARY
YEAR: 2021
LATITUDE: 41 19 N
LONGITUDE: 96 22 W
TEMPERATURE IN F: :PCPN: SNOW: WIND :SUNSHINE: SKY :PK WND
================================================================================
1 2 3 4 5 6A 6B 7 8 9 10 11 12 13 14 15 16 17 18
12Z AVG MX 2MIN
DY MAX MIN AVG DEP HDD CDD WTR SNW DPTH SPD SPD DIR MIN PSBL S-S WX SPD DR
================================================================================
1 29 22 26 1 39 0 0.00 0.0 4 M M M M M M 1 18 M
2 28 20 24 -1 41 0 0.00 0.0 4 M M M M M M 12 17 M
3 45 26 36 11 29 0 0.00 0.0 4 M M M M M M 26 M
4 38 20 29 4 36 0 0.12 1.2 4 M M M M M M 9 44 M
5 26 12 19 -7 46 0 T T 4 M M M M M M 23 M
6 17 -2 8 -18 57 0 0.17 3.3 4 M M M M M M 26 M
7 8 -2 3 -23 62 0 0.10 2.0 6 M M M M M M 1 16 M
8 6 -9 -1 -27 66 0 0.00 0.0 8 M M M M M M 16 M
9 10 -13 -1 -27 66 0 T T 8 M M M M M M 10 M
10 15 1 8 -19 57 0 0.00 0.0 6 M M M M M M 18 M
11 8 -3 3 -24 62 0 0.03 0.6 7 M M M M M M 22 M
12 -1 -7 -4 -31 69 0 0.18 3.2 7 M M M M M M 25 M
13 5 -5 0 -27 65 0 0.02 0.3 10 M M M M M M 22 M
14 -1 -11 -6 -34 71 0 0.01 0.1 10 M M M M M M 1 26 M
15 -4 -17 -10 -38 75 0 0.00 0.0 10 M M M M M M 15 M
16 2 -24 -11 -39 76 0 0.00 0.0 9 M M M M M M 13 M
17 14 1 8 -21 57 0 T T 7 M M M M M M 17 M
18 21 8 15 -14 50 0 T T 6 M M M M M M 1 17 M
19 26 4 15 -14 50 0 0.00 0.0 5 M M M M M M 10 M
20 32 7 20 -10 45 0 0.00 0.0 5 M M M M M M 12 20 M
21 34 26 30 0 35 0 0.40 4.5 6 M M M M M M 18 28 M
22 45 17 31 1 34 0 0.00 0.0 8 M M M M M M 24 M
23 50 28 39 8 26 0 0.00 0.0 5 M M M M M M 20 M
24 44 28 36 5 29 0 0.00 0.0 2 M M M M M M 36 M
25 42 24 33 1 32 0 0.00 0.0 1 M M M M M M 14 M
26 43 27 35 3 30 0 0.00 0.0 T M M M M M M 20 M
27 57 26 42 10 23 0 0.12 0.0 0 M M M M M M 29 M
28 41 27 34 1 31 0 0.00 0.0 0 M M M M M M 33 M
================================================================================
SM 680 231 1359 0 1.15 15.2 M M M
================================================================================
AV 24.3 8.3 M FASTST M M M MAX(MPH)
MISC ----> M M 44 9999
================================================================================
NOTES:
# LAST OF SEVERAL OCCURRENCES
COLUMN 17 PEAK WIND IN M.P.H.
PRELIMINARY LOCAL CLIMATOLOGICAL DATA (WS FORM: F-6) , PAGE 2
STATION: VALLEY NWS NE
MONTH: FEBRUARY
YEAR: 2021
LATITUDE: 41 19 N
LONGITUDE: 96 22 W
[TEMPERATURE DATA] [PRECIPITATION DATA] SYMBOLS USED IN COLUMN 16
AVERAGE MONTHLY: 16.3 TOTAL FOR MONTH: 1.15 1 = FOG OR MIST
DPTR FM NORMAL: -11.9 DPTR FM NORMAL: 0.12 2 = FOG REDUCING VISIBILITY
HIGHEST: 57 ON 27 GRTST 24HR 0.40 ON 21-21 TO 1/4 MILE OR LESS
LOWEST: -24 ON 16 3 = THUNDER
SNOW, ICE PELLETS, HAIL 4 = ICE PELLETS
TOTAL MONTH: 15.2 INCHES 5 = HAIL
GRTST 24HR 4.5 ON 21-21 6 = FREEZING RAIN OR DRIZZLE
GRTST DEPTH: 10 ON 15,14 7 = DUSTSTORM OR SANDSTORM:
VSBY 1/2 MILE OR LESS
8 = SMOKE OR HAZE
[NO. OF DAYS WITH] [WEATHER - DAYS WITH] 9 = BLOWING SNOW
X = TORNADO
MAX 32 OR BELOW: 18 0.01 INCH OR MORE: 9
MAX 90 OR ABOVE: 0 0.10 INCH OR MORE: 6
MIN 32 OR BELOW: 28 0.50 INCH OR MORE: 0
MIN 0 OR BELOW: 10 1.00 INCH OR MORE: 0
[HDD (BASE 65) ]
TOTAL THIS MO. 1359 CLEAR (SCALE 0-3) 0
DPTR FM NORMAL 329 PTCLDY (SCALE 4-7) 0
TOTAL FM JUL 1 4712 CLOUDY (SCALE 8-10) 28
DPTR FM NORMAL 107
[CDD (BASE 65) ]
TOTAL THIS MO. 0
DPTR FM NORMAL 0 [PRESSURE DATA]
TOTAL FM JAN 1 0 HIGHEST SLP M ON M
DPTR FM NORMAL 0 LOWEST SLP M ON M
[REMARKS]
#FINAL-02-21#