000
CXUS54 KMAF 011110
CF6ODO
PRELIMINARY LOCAL CLIMATOLOGICAL DATA (WS FORM: F-6)
STATION: ODESSA SCHLEYMEYER
MONTH: MAY
YEAR: 2020
LATITUDE: 31 55 N
LONGITUDE: 102 23 W
TEMPERATURE IN F: :PCPN: SNOW: WIND :SUNSHINE: SKY :PK WND
================================================================================
1 2 3 4 5 6A 6B 7 8 9 10 11 12 13 14 15 16 17 18
12Z AVG MX 2MIN
DY MAX MIN AVG DEP HDD CDD WTR SNW DPTH SPD SPD DIR MIN PSBL S-S WX SPD DR
================================================================================
1 99 67 83 13 0 18 0.00 M M 14.8 30 200 M M 0 8 38 220
2 101 68 85 15 0 20 T M M 12.6 30 200 M M 0 8 38 210
3 101 67 84 13 0 19 0.00 M M 8.8 20 190 M M 0 25 200
4 101 70 86 15 0 21 T M M 11.6 24 250 M M 0 30 280
5 81 64 73 2 0 8 T M M 18.5 35 60 M M 1 43 50
6 85 55 70 -2 0 5 T M M 12.4 22 150 M M 0 28 140
7 103 65 84 12 0 19 T M M 18.5 31 200 M M 0 8 39 190
8 77 56 67 -5 0 2 0.00 M M 18.0 33 30 M M 1 8 47 30
9 80 48 64 -9 1 0 0.00 M M 9.7 18 120 M M 0 22 110
10 81 56 69 -4 0 4 T M M 13.2 33 150 M M 1 40 150
11 83 58 71 -2 0 6 0.75 M M 15.1 38 190 M M 2 3 52 280
12 88 58 73 -1 0 8 0.00 0.0 0 9.5 21 160 M M 0 25 150
13 89 66 78 4 0 13 0.08 M M 15.3 31 180 M M 1 3 38 180
14 94 66 80 6 0 15 0.00 0.0 0 11.3 22 200 M M 1 3 26 200
15 89 60 75 1 0 10 0.10 0.0 0 10.6 31 30 M M 2 3 40 40
16 83 59 71 -4 0 6 0.00 M M 10.5 24 60 M M 2 29 50
17 90 58 74 -1 0 9 0.00 0.0 0 10.4 20 170 M M 0 26 190
18 100 63 82 7 0 17 0.00 M M 9.6 20 180 M M 0 27 190
19 103 72 88 12 0 23 T 0.0 0 12.8 31 250 M M 0 8 41 250
20 99 67 83 7 0 18 0.00 0.0 0 9.4 24 120 M M 0 32 120
21 96 63 80 4 0 15 0.00 0.0 0 10.5 20 250 M M 0 25 240
22 96 69 83 7 0 18 0.00 0.0 0 10.0 20 210 M M 0 8 24 230
23 95 69 82 5 0 17 T 0.0 0 15.7 36 170 M M 1 38 43 170
24 93 65 79 2 0 14 0.00 0.0 0 11.3 25 150 M M 0 32 150
25 75 59 67 -10 0 2 T M M 12.4 23 60 M M 4 28 50
26 84 50 67 -10 0 2 0.00 M M 6.7 16 270 M M 0 20 240
27 96 64 80 2 0 15 0.00 M M 9.9 20 80 M M 0 25 80
28 90 62 76 -2 0 11 0.00 M M 9.6 24 50 M M 0 32 40
29 88 58 73 -5 0 8 0.00 M M 10.0 17 80 M M 0 22 120
30 89 62 76 -2 0 11 0.00 M M 10.7 20 130 M M 0 34 200
31 86 61 74 -4 0 9 0.00 M M 11.3 23 160 M M 0 29 150
================================================================================
SM 2815 1925 1 363 0.93 0.0 370.7 M 16
================================================================================
AV 90.8 62.1 12.0 FASTST M M 1 MAX(MPH)
MISC ----> 38 190 52 280
================================================================================
NOTES:
# LAST OF SEVERAL OCCURRENCES
COLUMN 17 PEAK WIND IN M.P.H.
PRELIMINARY LOCAL CLIMATOLOGICAL DATA (WS FORM: F-6) , PAGE 2
STATION: ODESSA SCHLEYMEYER
MONTH: MAY
YEAR: 2020
LATITUDE: 31 55 N
LONGITUDE: 102 23 W
[TEMPERATURE DATA] [PRECIPITATION DATA] SYMBOLS USED IN COLUMN 16
AVERAGE MONTHLY: 76.5 TOTAL FOR MONTH: 0.93 1 = FOG OR MIST
DPTR FM NORMAL: 1.9 DPTR FM NORMAL: -1.25 2 = FOG REDUCING VISIBILITY
HIGHEST: 103 ON 19, 7 GRTST 24HR 0.75 ON 11-11 TO 1/4 MILE OR LESS
LOWEST: 48 ON 9 3 = THUNDER
SNOW, ICE PELLETS, HAIL 4 = ICE PELLETS
TOTAL MONTH: 0.0 INCH 5 = HAIL
GRTST 24HR 0.0 6 = FREEZING RAIN OR DRIZZLE
GRTST DEPTH: 0 7 = DUSTSTORM OR SANDSTORM:
VSBY 1/2 MILE OR LESS
8 = SMOKE OR HAZE
[NO. OF DAYS WITH] [WEATHER - DAYS WITH] 9 = BLOWING SNOW
X = TORNADO
MAX 32 OR BELOW: 0 0.01 INCH OR MORE: 3
MAX 90 OR ABOVE: 16 0.10 INCH OR MORE: 2
MIN 32 OR BELOW: 0 0.50 INCH OR MORE: 1
MIN 0 OR BELOW: 0 1.00 INCH OR MORE: 0
[HDD (BASE 65) ]
TOTAL THIS MO. 1 CLEAR (SCALE 0-3) 30
DPTR FM NORMAL -12 PTCLDY (SCALE 4-7) 1
TOTAL FM JUL 1 2425 CLOUDY (SCALE 8-10) 0
DPTR FM NORMAL -57
[CDD (BASE 65) ]
TOTAL THIS MO. 363
DPTR FM NORMAL 52 [PRESSURE DATA]
TOTAL FM JAN 1 519 HIGHEST SLP 30.18 ON 29
DPTR FM NORMAL 77 LOWEST SLP 29.52 ON 24
[REMARKS]
#FINAL-05-20#