000
CXUS54 KMAF 011803
CF6ODO
PRELIMINARY LOCAL CLIMATOLOGICAL DATA (WS FORM: F-6)
STATION: ODESSA SCHLEYMEYER
MONTH: DECEMBER
YEAR: 2023
LATITUDE: 31 55 N
LONGITUDE: 102 23 W
TEMPERATURE IN F: :PCPN: SNOW: WIND :SUNSHINE: SKY :PK WND
================================================================================
1 2 3 4 5 6A 6B 7 8 9 10 11 12 13 14 15 16 17 18
12Z AVG MX 2MIN
DY MAX MIN AVG DEP HDD CDD WTR SNW DPTH SPD SPD DIR MIN PSBL S-S WX SPD DR
================================================================================
1 67 37 52 4 13 0 0.00 M M 7.3 24 280 M M 0 30 270
2 64 41 53 5 12 0 0.00 M M 6.3 24 280 M M 3 32 280
3 69 36 53 5 12 0 0.00 M M 10.7 22 280 M M 0 29 270
4 65 35 50 3 15 0 0.00 M M M 17 170 M M 0 22 160
5 70 39 55 8 10 0 0.00 M M M 13 70 M M 0 18 80
6 67 37 52 5 13 0 0.00 M M M M M M M 0 M M
7 77 48 63 16 2 0 0.00 M M 14.4 21 200 M M 0 28 220
8 78 48 63 17 2 0 0.00 M M 16.0 29 270 M M 0 38 260
9 63 34 49 3 16 0 0.00 M M 17.1 24 10 M M 0 35 320
10 53 28 41 -5 24 0 0.00 M M 14.8 22 230 M M 0 27 220
11 67 35 51 5 14 0 0.00 M M 4.3 10 160 M M 0 13 170
12 58 40 49 3 16 0 0.02 M M 19.4 29 150 M M 4 38 150
13 56 50 53 7 12 0 0.07 M M 16.0 28 140 M M 10 1 36 140
14 55 45 50 5 15 0 0.08 M M 13.1 24 190 M M 10 12 30 160
15 56 37 47 2 18 0 T M M 7.8 17 350 M M 2 1 23 340
16 62 37 50 5 15 0 0.00 M M 6.8 13 280 M M 0 18 270
17 70 36 53 8 12 0 0.00 M M 6.5 14 270 M M 0 18 280
18 60 39 50 5 15 0 0.00 M M 9.1 15 150 M M 0 19 40
19 65 45 55 10 10 0 0.00 M M 12.7 21 170 M M 0 29 200
20 63 44 54 10 11 0 0.00 M M 11.8 20 160 M M 1 26 160
21 68 51 60 16 5 0 0.00 M M 6.0 14 170 M M 4 18 19 170
22 67 47 57 13 8 0 0.00 M M 7.5 18 170 M M 5 12 27 180
23 63 51 57 13 8 0 0.44 M M 13.9 25 250 M M 8 13 36 250
24 61 38 50 6 15 0 0.00 M M 12.9 31 310 M M 0 43 320
25 44 32 38 -6 27 0 0.00 M M 6.6 15 20 M M 4 20 20
26 56 32 44 0 21 0 0.00 M M 8.1 22 330 M M 0 26 330
27 57 32 45 1 20 0 0.00 M M 7.8 17 50 M M 0 23 50
28 55 32 44 0 21 0 0.00 M M 7.2 18 20 M M 0 26 20
29 59 27 43 -1 22 0 0.00 M M 8.1 16 290 M M 0 20 270
30 65 30 48 4 17 0 0.00 M M 7.5 20 260 M M 0 26 260
31 69 35 52 8 13 0 0.00 M M 6.8 15 70 M M 0 19 70
================================================================================
SM 1949 1198 434 0 0.61 M 286.5 M 51
================================================================================
AV 62.9 38.6 10.2 FASTST M M 2 MAX(MPH)
MISC ----> 31 310 43 320
================================================================================
NOTES:
# LAST OF SEVERAL OCCURRENCES
COLUMN 17 PEAK WIND IN M.P.H.
PRELIMINARY LOCAL CLIMATOLOGICAL DATA (WS FORM: F-6) , PAGE 2
STATION: ODESSA SCHLEYMEYER
MONTH: DECEMBER
YEAR: 2023
LATITUDE: 31 55 N
LONGITUDE: 102 23 W
[TEMPERATURE DATA] [PRECIPITATION DATA] SYMBOLS USED IN COLUMN 16
AVERAGE MONTHLY: 50.8 TOTAL FOR MONTH: 0.61 1 = FOG OR MIST
DPTR FM NORMAL: 5.4 DPTR FM NORMAL: 0.05 2 = FOG REDUCING VISIBILITY
HIGHEST: 78 ON 8 GRTST 24HR 0.44 ON 23-23 TO 1/4 MILE OR LESS
LOWEST: 27 ON 29 3 = THUNDER
SNOW, ICE PELLETS, HAIL 4 = ICE PELLETS
TOTAL MONTH: M 5 = HAIL
GRTST 24HR M ON M 6 = FREEZING RAIN OR DRIZZLE
GRTST DEPTH: M ON M 7 = DUSTSTORM OR SANDSTORM:
VSBY 1/2 MILE OR LESS
8 = SMOKE OR HAZE
[NO. OF DAYS WITH] [WEATHER - DAYS WITH] 9 = BLOWING SNOW
X = TORNADO
MAX 32 OR BELOW: 0 0.01 INCH OR MORE: 4
MAX 90 OR ABOVE: 0 0.10 INCH OR MORE: 1
MIN 32 OR BELOW: 7 0.50 INCH OR MORE: 0
MIN 0 OR BELOW: 0 1.00 INCH OR MORE: 0
[HDD (BASE 65) ]
TOTAL THIS MO. 434 CLEAR (SCALE 0-3) 24
DPTR FM NORMAL -174 PTCLDY (SCALE 4-7) 4
TOTAL FM JUL 1 801 CLOUDY (SCALE 8-10) 3
DPTR FM NORMAL -262
[CDD (BASE 65) ]
TOTAL THIS MO. 0
DPTR FM NORMAL 0 [PRESSURE DATA]
TOTAL FM JAN 1 3321 HIGHEST SLP 30.48 ON 10
DPTR FM NORMAL 843 LOWEST SLP 29.65 ON 8
[REMARKS]
#FINAL-12-23#