000
CXUS53 KOAX 011312
CF6OFK
PRELIMINARY LOCAL CLIMATOLOGICAL DATA (WS FORM: F-6)
STATION: NORFOLK NE
MONTH: SEPTEMBER
YEAR: 2023
LATITUDE: 41 58 N
LONGITUDE: 97 26 W
TEMPERATURE IN F: :PCPN: SNOW: WIND :SUNSHINE: SKY :PK WND
================================================================================
1 2 3 4 5 6A 6B 7 8 9 10 11 12 13 14 15 16 17 18
12Z AVG MX 2MIN
DY MAX MIN AVG DEP HDD CDD WTR SNW DPTH SPD SPD DIR MIN PSBL S-S WX SPD DR
================================================================================
1 93 61 77 8 0 12 0.00 0.0 0 14.6 25 170 M M 0 34 180
2 101 68 85 16 0 20 0.00 0.0 0 14.7 23 210 M M 0 34 200
3 99 69 84 15 0 19 0.00 0.0 0 12.7 24 200 M M 0 33 180
4 98 61 80 12 0 15 0.00 0.0 0 11.8 25 160 M M 0 3 34 160
5 81 61 71 3 0 6 0.05 0.0 0 16.2 29 300 M M 4 38 39 300
6 78 49 64 -4 1 0 0.00 0.0 0 9.7 24 320 M M 2 18 35 320
7 83 45 64 -4 1 0 0.08 0.0 0 6.5 16 300 M M 3 138 32 270
8 85 53 69 2 0 4 T 0.0 0 3.7 13 280 M M 0 18 16 280
9 84 57 71 4 0 6 0.00 0.0 0 4.0 22 10 M M 1 18 29 10
10 69 61 65 -2 0 0 0.18 0.0 0 6.6 22 20 M M 9 1 27 30
11 75 48 62 -4 3 0 0.00 0.0 0 5.8 17 20 M M 3 1 23 20
12 80 43 62 -4 3 0 0.00 0.0 0 4.3 12 240 M M 0 17 210
13 81 48 65 -1 0 0 0.00 0.0 0 7.0 18 210 M M 4 25 190
14 83 56 70 5 0 5 0.00 0.0 0 11.2 23 200 M M 4 30 190
15 78 62 70 5 0 5 0.04 0.0 0 5.8 12 220 M M 5 1 17 220
16 79 51 65 1 0 0 0.00 0.0 0 6.2 20 360 M M 2 18 27 350
17 79 44 62 -2 3 0 0.00 0.0 0 3.7 10 160 M M 0 18 14 150
18 94 56 75 11 0 10 0.00 0.0 0 12.3 22 220 M M 0 38 30 200
19 90 55 73 10 0 8 0.00 0.0 0 5.1 20 200 M M 0 8 25 200
20 85 55 70 7 0 5 0.00 0.0 0 8.7 17 130 M M 2 128 23 130
21 75 62 69 7 0 4 0.65 0.0 0 9.8 22 130 M M 4 13 30 130
22 69 62 66 4 0 1 0.06 0.0 0 7.2 14 90 M M 9 18 19 70
23 76 56 66 4 0 1 1.03 0.0 0 8.0 45 240 M M 7 123 60 230
24 77 50 64 3 1 0 T 0.0 0 9.3 21 280 M M 2 31 280
25 79 54 67 6 0 2 0.00 0.0 0 8.1 17 330 M M 1 24 340
26 73 52 63 3 2 0 0.00 0.0 0 5.0 14 20 M M 4 12 19 10
27 75 47 61 1 4 0 0.00 0.0 0 4.7 12 90 M M 3 12 15 90
28 89 55 72 13 0 7 0.00 0.0 0 11.6 23 140 M M 0 31 150
29 95 64 80 21 0 15 0.11 0.0 0 12.0 24 290 M M 2 3 34 290
30 93 62 78 20 0 13 0.00 0.0 0 11.6 25 170 M M 0 8 36 160
================================================================================
SM 2496 1667 18 158 2.20 0.0 257.9 M 71
================================================================================
AV 83.2 55.6 8.6 FASTST M M 2 MAX(MPH)
MISC ----> 45 240 60 230
================================================================================
NOTES:
# LAST OF SEVERAL OCCURRENCES
COLUMN 17 PEAK WIND IN M.P.H.
PRELIMINARY LOCAL CLIMATOLOGICAL DATA (WS FORM: F-6) , PAGE 2
STATION: NORFOLK NE
MONTH: SEPTEMBER
YEAR: 2023
LATITUDE: 41 58 N
LONGITUDE: 97 26 W
[TEMPERATURE DATA] [PRECIPITATION DATA] SYMBOLS USED IN COLUMN 16
AVERAGE MONTHLY: 69.4 TOTAL FOR MONTH: 2.20 1 = FOG OR MIST
DPTR FM NORMAL: 5.0 DPTR FM NORMAL: -0.17 2 = FOG REDUCING VISIBILITY
HIGHEST: 101 ON 2 GRTST 24HR 1.04 ON 22-23 TO 1/4 MILE OR LESS
LOWEST: 43 ON 12 3 = THUNDER
SNOW, ICE PELLETS, HAIL 4 = ICE PELLETS
TOTAL MONTH: 0.0 INCH 5 = HAIL
GRTST 24HR 0.0 6 = FREEZING RAIN OR DRIZZLE
GRTST DEPTH: 0 7 = DUSTSTORM OR SANDSTORM:
VSBY 1/2 MILE OR LESS
8 = SMOKE OR HAZE
[NO. OF DAYS WITH] [WEATHER - DAYS WITH] 9 = BLOWING SNOW
X = TORNADO
MAX 32 OR BELOW: 0 0.01 INCH OR MORE: 8
MAX 90 OR ABOVE: 8 0.10 INCH OR MORE: 4
MIN 32 OR BELOW: 0 0.50 INCH OR MORE: 2
MIN 0 OR BELOW: 0 1.00 INCH OR MORE: 1
[HDD (BASE 65) ]
TOTAL THIS MO. 18 CLEAR (SCALE 0-3) 21
DPTR FM NORMAL -98 PTCLDY (SCALE 4-7) 7
TOTAL FM JUL 1 20 CLOUDY (SCALE 8-10) 2
DPTR FM NORMAL -111
[CDD (BASE 65) ]
TOTAL THIS MO. 158
DPTR FM NORMAL 62 [PRESSURE DATA]
TOTAL FM JAN 1 1188 HIGHEST SLP 30.24 ON 10
DPTR FM NORMAL 291 LOWEST SLP 29.53 ON 4
[REMARKS]
#FINAL-09-23#