000
CXUS52 KCAE 011613
CLMOGB
CLIMATE REPORT
NATIONAL WEATHER SERVICE COLUMBIA SC
1213 PM EDT SUN OCT 01 2023
...................................
...THE ORANGEBURG AIRPORT SC CLIMATE SUMMARY FOR THE MONTH OF SEPTEMBER 2023...
CLIMATE NORMAL PERIOD: 1991 TO 2020
CLIMATE RECORD PERIOD: 9999 TO 9999
WEATHER OBSERVED NORMAL DEPART LAST YEAR`S
VALUE DATE(S) VALUE FROM VALUE
NORMAL
..............................................................
TEMPERATURE (F)
HIGHEST 93 09/06 MM MM
LOWEST 59 09/19 MM MM
AVG. MAXIMUM 85.5 85.5 0.0
AVG. MINIMUM 65.3 66.1 -0.8
MEAN 75.4 75.8 -0.4
DAYS MAX >= 90 5 8.9 -3.9
DAYS MAX <= 32 0 0.0 0.0
DAYS MIN <= 32 0 0.0 0.0
DAYS MIN <= 0 0 0.0 0.0
PRECIPITATION (INCHES)
TOTALS 0.94R 3.98 -3.04
DAYS >= .01 6 9.6 -3.6
DAYS >= .10 5 5.4 -0.4
DAYS >= .50 0 2.1 -2.1
DAYS >= 1.00 0 1.0 -1.0
GREATEST
24 HR. TOTAL 0.38 09/09 TO 09/10
DAYS >= TRACE MM
DEGREE DAYS
HEATING TOTAL 0 3 -3
SINCE 7/1 0 0 0
COOLING TOTAL 321 327 -6
SINCE 1/1 2097 2105 -8
..............................................................
WIND (MPH)
AVERAGE WIND SPEED 4.2
RESULTANT WIND SPEED/DIRECTION 2/040
HIGHEST WIND SPEED/DIRECTION 22/020 DATE 09/22
HIGHEST GUST SPEED/DIRECTION 31/300 DATE 09/23
SKY COVER
POSSIBLE SUNSHINE (PERCENT) MM
AVERAGE SKY COVER 0.23
NUMBER OF DAYS FAIR 22
NUMBER OF DAYS PC 5
NUMBER OF DAYS CLOUDY 3
AVERAGE RH (PERCENT) 74
WEATHER CONDITIONS. NUMBER OF DAYS WITH
THUNDERSTORM 5 MIXED PRECIP 0
HEAVY RAIN 2 RAIN 1
LIGHT RAIN 5 FREEZING RAIN 0
LT FREEZING RAIN 0 HAIL 0
HEAVY SNOW 0 SNOW 0
LIGHT SNOW 0 SLEET 0
FOG 15 FOG W/VIS <= 1/4 MILE 3
HAZE 0
- INDICATES NEGATIVE NUMBERS.
R INDICATES RECORD WAS SET OR TIED.
MM INDICATES DATA IS MISSING.
T INDICATES TRACE AMOUNT.
$$