000
CXHW52 PHFO 011250
CF6OGG
PRELIMINARY LOCAL CLIMATOLOGICAL DATA (WS FORM: F-6)
STATION: KAHULUI HI
MONTH: SEPTEMBER
YEAR: 2022
LATITUDE: 20 53 N
LONGITUDE: 156 26 W
TEMPERATURE IN F: :PCPN: SNOW: WIND :SUNSHINE: SKY :PK WND
================================================================================
1 2 3 4 5 6A 6B 7 8 9 10 11 12 13 14 15 16 17 18
12Z AVG MX 2MIN
DY MAX MIN AVG DEP HDD CDD WTR SNW DPTH SPD SPD DIR MIN PSBL S-S WX SPD DR
================================================================================
1 89 75 82 1 0 17 0.00 M M 14.6 28 40 M M 4 33 40
2 90 75 83 2 0 18 0.02 M M 15.0 26 30 M M 4 18 31 30
3 92 72 82 1 0 17 0.11 M M 13.6 29 30 M M 5 18 35 40
4 93 72 83 2 0 18 0.00 M M 13.4 28 60 M M 1 36 60
5 90 75 83 2 0 18 0.05 M M 14.6 26 40 M M 4 32 40
6 93 78 86 5 0 21 0.00 M M 18.4 32 40 M M 3 39 70
7 91 78 85 4 0 20 0.00 M M 18.9 31 30 M M 2 37 40
8 90 77 84 3 0 19 0.00 M M 14.3 25 30 M M 5 29 30
9 90 74 82 1 0 17 0.22 M M 12.8 30 30 M M 7 1 33 40
10 91 70 81 0 0 16 0.00 M M 11.6 25 30 M M 2 30 20
11 90 69 80 -1 0 15 0.00 M M 10.4 23 30 M M 2 27 30
12 92 70 81 0 0 16 T M M 12.5 26 40 M M 4 32 40
13 89 75 82 1 0 17 0.07 M M 13.0 24 40 M M 6 8 30 30
14 90 70 80 -1 0 15 0.00 M M 12.7 26 20 M M 3 31 40
15 95 70 83 2 0 18 0.00 M M 8.0 22 30 M M 5 26 30
16 94 73 84 3 0 19 0.00 M M 7.3 18 30 M M 3 24 50
17 93 68 81 0 0 16 0.00 M M 8.9 24 40 M M 1 30 40
18 95 73 84 3 0 19 0.00 M M 13.5 28 40 M M 3 35 80
19 90 77 84 4 0 19 0.00 M M 16.4 28 70 M M 3 38 70
20 92 76 84 4 0 19 0.00 M M 17.5 30 40 M M 3 36 40
21 90 76 83 3 0 18 0.00 M M 15.3 28 30 M M 4 31 30
22 92 70 81 1 0 16 0.00 M M 9.0 24 40 M M 3 29 30
23 96 72 84 4 0 19 0.00 M M 8.0 23 30 M M 2 29 50
24 94 71 83 3 0 18 0.00 M M 8.4 23 30 M M 2 28 30
25 95 71 83 3 0 18 0.00 M M 7.3 22 30 M M 2 26 30
26 92 71 82 2 0 17 0.00 M M 11.9 28 40 M M 2 33 40
27 91 69 80 0 0 15 0.00 M M 13.8 30 40 M M 3 35 40
28 89 68 79 -1 0 14 0.00 M M 14.4 31 40 M M 1 35 40
29 92 76 84 4 0 19 0.06 M M 12.7 29 40 M M 4 18 34 40
30 94 72 83 3 0 18 0.00 M M 12.9 30 40 M M 2 35 40
================================================================================
SM 2754 2183 0 526 0.53 M 381.1 M 95
================================================================================
AV 91.8 72.8 12.7 FASTST M M 3 MAX(MPH)
MISC ----> 32 40 39 70
================================================================================
NOTES:
# LAST OF SEVERAL OCCURRENCES
COLUMN 17 PEAK WIND IN M.P.H.
PRELIMINARY LOCAL CLIMATOLOGICAL DATA (WS FORM: F-6) , PAGE 2
STATION: KAHULUI HI
MONTH: SEPTEMBER
YEAR: 2022
LATITUDE: 20 53 N
LONGITUDE: 156 26 W
[TEMPERATURE DATA] [PRECIPITATION DATA] SYMBOLS USED IN COLUMN 16
AVERAGE MONTHLY: 82.3 TOTAL FOR MONTH: 0.53 1 = FOG OR MIST
DPTR FM NORMAL: 1.7 DPTR FM NORMAL: 0.08 2 = FOG REDUCING VISIBILITY
HIGHEST: 96 ON 23 GRTST 24HR 0.22 ON 9- 9 TO 1/4 MILE OR LESS
LOWEST: 68 ON 28,17 3 = THUNDER
SNOW, ICE PELLETS, HAIL 4 = ICE PELLETS
TOTAL MONTH: M 5 = HAIL
GRTST 24HR M ON M 6 = FREEZING RAIN OR DRIZZLE
GRTST DEPTH: M ON M 7 = DUSTSTORM OR SANDSTORM:
VSBY 1/2 MILE OR LESS
8 = SMOKE OR HAZE
[NO. OF DAYS WITH] [WEATHER - DAYS WITH] 9 = BLOWING SNOW
X = TORNADO
MAX 32 OR BELOW: 0 0.01 INCH OR MORE: 6
MAX 90 OR ABOVE: 27 0.10 INCH OR MORE: 2
MIN 32 OR BELOW: 0 0.50 INCH OR MORE: 0
MIN 0 OR BELOW: 0 1.00 INCH OR MORE: 0
[HDD (BASE 65) ]
TOTAL THIS MO. 0 CLEAR (SCALE 0-3) 17
DPTR FM NORMAL 0 PTCLDY (SCALE 4-7) 13
TOTAL FM JUL 1 0 CLOUDY (SCALE 8-10) 0
DPTR FM NORMAL 0
[CDD (BASE 65) ]
TOTAL THIS MO. 526
DPTR FM NORMAL 58 [PRESSURE DATA]
TOTAL FM JAN 1 3615 HIGHEST SLP 30.12 ON 12
DPTR FM NORMAL 300 LOWEST SLP 29.85 ON 22
[REMARKS]
#FINAL-09-22#