000
CXUS55 KEAX 010736
CF6OJC
PRELIMINARY LOCAL CLIMATOLOGICAL DATA (WS FORM: F-6)
STATION: JOHNSON COUNTY EXECUTIVE KS
MONTH: APRIL
YEAR: 2020
LATITUDE: 38 50 N
LONGITUDE: 94 44 W
TEMPERATURE IN F: :PCPN: SNOW: WIND :SUNSHINE: SKY :PK WND
================================================================================
1 2 3 4 5 6A 6B 7 8 9 10 11 12 13 14 15 16 17 18
12Z AVG MX 2MIN
DY MAX MIN AVG DEP HDD CDD WTR SNW DPTH SPD SPD DIR MIN PSBL S-S WX SPD DR
================================================================================
1 70 43 57 7 8 0 0.00 M M 9.1 23 170 M M 0 1 30 150
2 70 42 56 5 9 0 T M M 12.7 22 150 M M 6 3 31 160
3 42 29 36 -15 29 0 0.38 M M 12.8 20 350 M M 10 136 27 360
4 48 29 39 -13 26 0 0.00 M M 7.9 15 360 M M 8 21 350
5 55 41 48 -4 17 0 0.00 M M 5.9 14 190 M M 8 18 180
6 67 51 59 7 6 0 0.00 M M 10.8 18 200 M M 10 29 190
7 78 60 69 17 0 4 0.00 M M 8.4 16 210 M M 4 27 230
8 87 51 69 16 0 4 0.00 M M 9.5 29 360 M M 1 128 39 10
9 59 38 49 -4 16 0 0.00 M M 11.3 25 320 M M 1 38 350
10 54 28 41 -12 24 0 0.00 M M 7.2 15 170 M M 4 19 190
11 72 46 59 5 6 0 T M M 13.4 28 190 M M 4 3 40 200
12 61 31 46 -8 19 0 0.57 M M 16.9 35 350 M M 9 13 48 360
13 44 27 36 -18 29 0 0.00 M M 11.4 24 350 M M 1 37 350
14 50 31 41 -14 24 0 0.00 M M 7.6 17 240 M M 4 33 290
15 53 34 44 -11 21 0 0.00 M M 7.3 17 230 M M 1 27 230
16 51 37 44 -11 21 0 0.20 M M 12.5 23 80 M M 8 1 31 70
17 46 31 39 -17 26 0 0.21 M M 9.1 21 10 M M 7 1 28 10
18 61 31 46 -10 19 0 0.00 M M 9.2 20 190 M M 0 30 180
19 67 45 56 0 9 0 0.00 M M 6.6 18 70 M M 1 26 60
20 69 41 55 -1 10 0 0.05 M M 6.8 18 300 M M 4 1 27 290
21 71 46 59 2 6 0 0.00 M M 5.5 15 60 M M 0 20 50
22 60 52 56 -1 9 0 0.16 M M 9.0 21 170 M M 6 1 31 200
23 74 53 64 6 1 0 0.00 M M 4.1 9 160 M M 6 1 14 150
24 62 52 57 -1 8 0 1.08 M M 6.9 20 360 M M 8 13 29 10
25 68 50 59 1 6 0 0.05 M M 11.3 22 350 M M 5 1 32 340
26 70 43 57 -1 8 0 T M M 4.4 12 140 M M 3 16 200
27 73 52 63 4 2 0 0.44 M M 11.1 23 180 M M 3 13 38 180
28 76 51 64 5 1 0 0.05 M M 9.7 29 340 M M 1 46 330
29 68 50 59 0 6 0 T M M 14.4 29 340 M M 5 45 320
30 73 48 61 1 4 0 0.00 M M 5.7 16 330 M M 0 23 310
================================================================================
SM 1899 1263 370 8 3.19 M 278.5 M 128
================================================================================
AV 63.3 42.1 9.3 FASTST M M 4 MAX(MPH)
MISC ----> 35 350 48 360
================================================================================
NOTES:
# LAST OF SEVERAL OCCURRENCES
COLUMN 17 PEAK WIND IN M.P.H.
PRELIMINARY LOCAL CLIMATOLOGICAL DATA (WS FORM: F-6) , PAGE 2
STATION: JOHNSON COUNTY EXECUTIVE KS
MONTH: APRIL
YEAR: 2020
LATITUDE: 38 50 N
LONGITUDE: 94 44 W
[TEMPERATURE DATA] [PRECIPITATION DATA] SYMBOLS USED IN COLUMN 16
AVERAGE MONTHLY: 52.7 TOTAL FOR MONTH: 3.19 1 = FOG OR MIST
DPTR FM NORMAL: -2.4 DPTR FM NORMAL: -0.80 2 = FOG REDUCING VISIBILITY
HIGHEST: 87 ON 8 GRTST 24HR 1.11 ON 24-25 TO 1/4 MILE OR LESS
LOWEST: 27 ON 13 3 = THUNDER
SNOW, ICE PELLETS, HAIL 4 = ICE PELLETS
TOTAL MONTH: M 5 = HAIL
GRTST 24HR M ON M 6 = FREEZING RAIN OR DRIZZLE
GRTST DEPTH: M ON M 7 = DUSTSTORM OR SANDSTORM:
VSBY 1/2 MILE OR LESS
8 = SMOKE OR HAZE
[NO. OF DAYS WITH] [WEATHER - DAYS WITH] 9 = BLOWING SNOW
X = TORNADO
MAX 32 OR BELOW: 0 0.01 INCH OR MORE: 10
MAX 90 OR ABOVE: 0 0.10 INCH OR MORE: 7
MIN 32 OR BELOW: 8 0.50 INCH OR MORE: 2
MIN 0 OR BELOW: 0 1.00 INCH OR MORE: 1
[HDD (BASE 65) ]
TOTAL THIS MO. 370 CLEAR (SCALE 0-3) 11
DPTR FM NORMAL 56 PTCLDY (SCALE 4-7) 16
TOTAL FM JUL 1 4748 CLOUDY (SCALE 8-10) 3
DPTR FM NORMAL -83
[CDD (BASE 65) ]
TOTAL THIS MO. 8
DPTR FM NORMAL -9 [PRESSURE DATA]
TOTAL FM JAN 1 8 HIGHEST SLP M ON M
DPTR FM NORMAL -10 LOWEST SLP 29.43 ON 12
[REMARKS]
#FINAL-04-20#