490
CXUS55 KGGW 010810
CF6OLF
PRELIMINARY LOCAL CLIMATOLOGICAL DATA (WS FORM: F-6)
STATION: WOLF POINT MT
MONTH: AUGUST
YEAR: 2020
LATITUDE: 48 5 N
LONGITUDE: 105 35 W
TEMPERATURE IN F: :PCPN: SNOW: WIND :SUNSHINE: SKY :PK WND
================================================================================
1 2 3 4 5 6A 6B 7 8 9 10 11 12 13 14 15 16 17 18
12Z AVG MX 2MIN
DY MAX MIN AVG DEP HDD CDD WTR SNW DPTH SPD SPD DIR MIN PSBL S-S WX SPD DR
================================================================================
1 85 55 70 -2 0 5 0.00 M M 8.2 16 90 M M 0 20 90
2 86 50 68 -4 0 3 0.00 M M 9.0 17 90 M M 0 25 120
3 89 57 73 1 0 8 0.00 M M 9.4 20 110 M M 1 26 110
4 91 56 74 2 0 9 T M M 6.3 24 310 M M 3 8 29 310
5 90 50 70 -2 0 5 0.00 M M 3.2 10 60 M M 0 13 190
6 96 55 76 4 0 11 T M M 7.3 21 230 M M 0 31 240
7 89 51 70 -2 0 5 0.00 M M 11.2 28 300 M M 0 38 300
8 88 43 66 -6 0 1 0.00 M M 4.0 17 240 M M 0 8 23 240
9 80 45 63 -8 2 0 0.00 M M 11.6 29 310 M M 1 34 310
10 89 38 64 -7 1 0 0.00 M M 7.8 21 240 M M 0 27 240
11 97 49 73 2 0 8 0.00 M M 5.3 14 290 M M 0 8 18 220
12 102 61 82 11 0 17 T M M 11.2 28 350 M M 0 34 10
13 86 58 72 2 0 7 T M M 7.3 23 360 M M 1 8 30 350
14 86 54 70 0 0 5 0.00 M M 9.6 23 270 M M 1 8 33 280
15 92 48 70 0 0 5 0.00 M M 7.3 18 300 M M 0 24 260
16 94 47 71 1 0 6 0.00 M M 3.5 10 60 M M 0 8 14 280
17 100 55 78 9 0 13 0.00 M M 2.8 8 90 M M 0 8 12 190
18 103 52 78 9 0 13 0.00 M M 2.4 13 250 M M 0 8 18 230
19 102 56 79 10 0 14 0.00 M M 7.2 18 330 M M 0 8 25 320
20 99 58 79 11 0 14 0.04 M M 5.7 38 280 M M 1 38 53 290
21 93 58 76 8 0 11 0.00 M M 8.5 25 280 M M 0 8 36 290
22 102 52 77 9 0 12 0.00 M M 9.3 25 10 M M 0 8 32 360
23 88 54 71 4 0 6 0.00 M M 7.6 16 100 M M 0 22 100
24 95 52 74 7 0 9 0.00 M M 5.8 13 150 M M 0 20 140
25 98 67 83 16 0 18 T M M 6.6 17 270 M M 0 8 21 310
26 93 59 76 10 0 11 T M M 6.9 22 280 M M 0 8 27 280
27 91 58 75 9 0 10 0.13 M M 7.8 32 330 M M 2 3 40 330
28 80 48 64 -1 1 0 0.00 M M 6.0 22 360 M M 0 30 10
29 95 47 71 6 0 6 0.00 M M 9.7 29 10 M M 0 39 10
30 74 42 58 -7 7 0 T M M 13.5 32 10 M M 3 8 39 10
31 79 35 57 -7 8 0 0.00 M M 4.3 16 290 M M 0 20 280
================================================================================
SM 2832 1610 19 232 0.17 M 226.3 M 13
================================================================================
AV 91.4 51.9 7.3 FASTST M M 0 MAX(MPH)
MISC ----> 38 280 53 290
================================================================================
NOTES:
# LAST OF SEVERAL OCCURRENCES
COLUMN 17 PEAK WIND IN M.P.H.
PRELIMINARY LOCAL CLIMATOLOGICAL DATA (WS FORM: F-6) , PAGE 2
STATION: WOLF POINT MT
MONTH: AUGUST
YEAR: 2020
LATITUDE: 48 5 N
LONGITUDE: 105 35 W
[TEMPERATURE DATA] [PRECIPITATION DATA] SYMBOLS USED IN COLUMN 16
AVERAGE MONTHLY: 71.6 TOTAL FOR MONTH: 0.17 1 = FOG OR MIST
DPTR FM NORMAL: 2.4 DPTR FM NORMAL: -1.11 2 = FOG REDUCING VISIBILITY
HIGHEST: 103 ON 18 GRTST 24HR 0.13 ON 27-27 TO 1/4 MILE OR LESS
LOWEST: 35 ON 31 3 = THUNDER
SNOW, ICE PELLETS, HAIL 4 = ICE PELLETS
TOTAL MONTH: M 5 = HAIL
GRTST 24HR M ON M 6 = FREEZING RAIN OR DRIZZLE
GRTST DEPTH: M ON M 7 = DUSTSTORM OR SANDSTORM:
VSBY 1/2 MILE OR LESS
8 = SMOKE OR HAZE
[NO. OF DAYS WITH] [WEATHER - DAYS WITH] 9 = BLOWING SNOW
X = TORNADO
MAX 32 OR BELOW: 0 0.01 INCH OR MORE: 2
MAX 90 OR ABOVE: 18 0.10 INCH OR MORE: 1
MIN 32 OR BELOW: 0 0.50 INCH OR MORE: 0
MIN 0 OR BELOW: 0 1.00 INCH OR MORE: 0
[HDD (BASE 65) ]
TOTAL THIS MO. 19 CLEAR (SCALE 0-3) 29
DPTR FM NORMAL -21 PTCLDY (SCALE 4-7) 2
TOTAL FM JUL 1 23 CLOUDY (SCALE 8-10) 0
DPTR FM NORMAL -38
[CDD (BASE 65) ]
TOTAL THIS MO. 232
DPTR FM NORMAL 64 [PRESSURE DATA]
TOTAL FM JAN 1 492 HIGHEST SLP M ON M
DPTR FM NORMAL 71 LOWEST SLP 29.51 ON 29
[REMARKS]
#FINAL-08-20#