000
CXUS55 KSEW 011522
CF6OLM
PRELIMINARY LOCAL CLIMATOLOGICAL DATA (WS FORM: F-6)
STATION: OLYMPIA WA AIRPORT
MONTH: JULY
YEAR: 2023
LATITUDE: 46 58 N
LONGITUDE: 122 54 W
TEMPERATURE IN F: :PCPN: SNOW: WIND :SUNSHINE: SKY :PK WND
================================================================================
1 2 3 4 5 6A 6B 7 8 9 10 11 12 13 14 15 16 17 18
12Z AVG MX 2MIN
DY MAX MIN AVG DEP HDD CDD WTR SNW DPTH SPD SPD DIR MIN PSBL S-S WX SPD DR
================================================================================
1 81 45 63 1 2 0 0.00 M M 3.5 13 270 M M 0 19 270
2 82 47 65 3 0 0 0.00 M M 4.4 12 30 M M 0 19 350
3 85 45 65 3 0 0 0.00 M M 3.7 13 340 M M 0 20 20
4 89 48 69 7 0 4 0.00 M M 4.1 15 30 M M 0 8 25 60
5 92 49 71 9 0 6 0.00 M M 4.1 13 360 M M 0 18 18 40
6 84 53 69 6 0 4 0.00 M M 5.3 13 200 M M 0 17 220
7 73 51 62 -1 3 0 0.00 M M 7.6 15 240 M M 3 22 250
8 76 49 63 0 2 0 0.00 M M 3.4 13 190 M M 4 18 200
9 81 45 63 0 2 0 0.00 M M 5.0 13 220 M M 0 1 18 220
10 71 52 62 -2 3 0 T M M 7.1 14 240 M M 7 21 260
11 78 49 64 0 1 0 0.00 M M 3.8 10 330 M M 3 15 230
12 76 50 63 -1 2 0 0.00 M M 4.3 13 200 M M 3 20 210
13 83 46 65 1 0 0 0.00 M M 3.0 10 310 M M 1 1 17 300
14 89 50 70 6 0 5 0.00 M M 2.9 10 340 M M 0 15 340
15 94 53 74 10 0 9 0.00 M M 3.0 13 310 M M 0 20 310
16 85 49 67 3 0 2 0.00 M M 5.5 17 250 M M 0 24 250
17 77 51 64 -1 1 0 T M M 8.3 16 230 M M 4 1 25 290
18 83 46 65 0 0 0 0.00 M M 5.8 15 60 M M 0 23 340
19 91 49 70 5 0 5 0.00 M M 5.2 14 20 M M 0 19 10
20 83 55 69 4 0 4 0.00 M M 6.9 14 220 M M 0 20 180
21 83 56 70 5 0 5 0.00 M M 4.6 13 330 M M 4 22 300
22 83 52 68 3 0 3 0.00 M M 4.5 13 250 M M 2 19 210
23 84 50 67 2 0 2 0.00 M M 4.7 14 230 M M 0 20 220
24 72 53 63 -2 2 0 0.03 M M 7.2 16 180 M M 6 1 22 190
25 75 51 63 -2 2 0 0.00 M M 5.8 15 200 M M 3 1 24 230
26 78 45 62 -3 3 0 0.00 M M 4.8 13 10 M M 1 1 19 360
27 78 48 63 -2 2 0 0.00 M M 2.7 12 360 M M 2 18 10
28 79 48 64 -2 1 0 0.00 M M 3.8 12 330 M M 3 12 17 30
29 76 50 63 -3 2 0 0.00 M M 5.6 14 270 M M 0 21 240
30 78 47 63 -3 2 0 0.00 M M 3.0 13 260 M M 5 18 270
31 81 45 63 -3 2 0 0.00 M M 3.9 12 30 M M 0 17 40
================================================================================
SM 2520 1527 32 49 0.03 M 147.5 M 51
================================================================================
AV 81.3 49.3 4.8 FASTST M M 2 MAX(MPH)
MISC ----> 17 250 # 25 60
================================================================================
NOTES:
# LAST OF SEVERAL OCCURRENCES
COLUMN 17 PEAK WIND IN M.P.H.
PRELIMINARY LOCAL CLIMATOLOGICAL DATA (WS FORM: F-6) , PAGE 2
STATION: OLYMPIA WA AIRPORT
MONTH: JULY
YEAR: 2023
LATITUDE: 46 58 N
LONGITUDE: 122 54 W
[TEMPERATURE DATA] [PRECIPITATION DATA] SYMBOLS USED IN COLUMN 16
AVERAGE MONTHLY: 65.3 TOTAL FOR MONTH: 0.03 1 = FOG OR MIST
DPTR FM NORMAL: 1.1 DPTR FM NORMAL: -0.50 2 = FOG REDUCING VISIBILITY
HIGHEST: 94 ON 15 GRTST 24HR 0.03 ON 24-24 TO 1/4 MILE OR LESS
LOWEST: 45 ON 31,26 3 = THUNDER
SNOW, ICE PELLETS, HAIL 4 = ICE PELLETS
TOTAL MONTH: M 5 = HAIL
GRTST 24HR M ON M 6 = FREEZING RAIN OR DRIZZLE
GRTST DEPTH: M ON M 7 = DUSTSTORM OR SANDSTORM:
VSBY 1/2 MILE OR LESS
8 = SMOKE OR HAZE
[NO. OF DAYS WITH] [WEATHER - DAYS WITH] 9 = BLOWING SNOW
X = TORNADO
MAX 32 OR BELOW: 0 0.01 INCH OR MORE: 1
MAX 90 OR ABOVE: 3 0.10 INCH OR MORE: 0
MIN 32 OR BELOW: 0 0.50 INCH OR MORE: 0
MIN 0 OR BELOW: 0 1.00 INCH OR MORE: 0
[HDD (BASE 65) ]
TOTAL THIS MO. 32 CLEAR (SCALE 0-3) 22
DPTR FM NORMAL -41 PTCLDY (SCALE 4-7) 9
TOTAL FM JUL 1 32 CLOUDY (SCALE 8-10) 0
DPTR FM NORMAL -44
[CDD (BASE 65) ]
TOTAL THIS MO. 49
DPTR FM NORMAL 2 [PRESSURE DATA]
TOTAL FM JAN 1 80 HIGHEST SLP 30.21 ON 1
DPTR FM NORMAL 19 LOWEST SLP 29.85 ON 5
[REMARKS]
#FINAL-07-23#
CORRECTED