000
CXUS55 KSEW 010930
CF6OLM
PRELIMINARY LOCAL CLIMATOLOGICAL DATA (WS FORM: F-6)
STATION: OLYMPIA WA AIRPORT
MONTH: SEPTEMBER
YEAR: 2022
LATITUDE: 46 58 N
LONGITUDE: 122 54 W
TEMPERATURE IN F: :PCPN: SNOW: WIND :SUNSHINE: SKY :PK WND
================================================================================
1 2 3 4 5 6A 6B 7 8 9 10 11 12 13 14 15 16 17 18
12Z AVG MX 2MIN
DY MAX MIN AVG DEP HDD CDD WTR SNW DPTH SPD SPD DIR MIN PSBL S-S WX SPD DR
================================================================================
1 84 55 70 8 0 5 0.00 M M 3.2 7 30 M M 4 11 100
2 87 51 69 7 0 4 0.00 M M 4.9 13 210 M M 3 12 19 210
3 78 53 66 4 0 1 0.00 M M 6.4 13 250 M M 6 1 18 250
4 77 50 64 2 1 0 0.00 M M 6.1 15 180 M M 4 1 21 260
5 76 54 65 3 0 0 0.00 M M 6.5 17 20 M M 4 23 50
6 83 44 64 3 1 0 0.00 M M 4.6 14 340 M M 0 19 20
7 80 50 65 4 0 0 0.00 M M 3.3 13 10 M M 0 17 20
8 76 41 59 -2 6 0 0.00 M M 4.9 14 20 M M 0 1 19 60
9 78 45 62 1 3 0 0.00 M M 7.1 20 30 M M 0 28 30
10 88 42 65 4 0 0 0.00 M M 3.9 16 30 M M 1 21 40
11 70 51 61 1 4 0 0.03 M M 4.1 16 210 M M 3 18 21 210
12 74 54 64 4 1 0 0.00 M M 3.2 10 240 M M 6 128 18 250
13 72 58 65 5 0 0 0.00 M M 2.4 9 350 M M 10 8 13 290
14 72 57 65 5 0 0 0.00 M M 2.2 8 30 M M 10 8 11 30
15 72 49 61 1 4 0 0.00 M M 4.4 9 240 M M 5 18 14 250
16 70 46 58 -1 7 0 0.00 M M 6.4 16 250 M M 4 8 24 270
17 68 44 56 -3 9 0 0.00 M M 4.7 14 20 M M 1 20 30
18 75 46 61 2 4 0 0.00 M M 4.9 17 30 M M 1 23 30
19 79 39 59 1 6 0 0.00 M M 3.8 10 10 M M 0 16 20
20 80 39 60 2 5 0 0.00 M M 3.4 14 30 M M 0 8 20 20
21 82 37 60 2 5 0 0.00 M M 3.1 10 230 M M 0 17 210
22 71 50 61 3 4 0 0.00 M M 7.9 15 260 M M 6 25 240
23 71 50 61 4 4 0 0.00 M M 5.0 13 200 M M 7 16 190
24 75 46 61 4 4 0 0.00 M M 3.8 13 20 M M 4 12 18 30
25 80 43 62 5 3 0 0.00 M M 3.8 14 30 M M 0 18 30
26 86 45 66 10 0 1 0.00 M M 1.7 9 330 M M 0 1 13 320
27 77 47 62 6 3 0 0.00 M M 4.3 14 230 M M 3 12 20 230
28 69 51 60 4 5 0 0.02 M M 4.3 14 150 M M 8 1 20 180
29 72 48 60 4 5 0 0.08 M M 1.6 7 50 M M 7 1 11 60
30 71 48 60 5 5 0 0.00 M M 3.9 12 360 M M 5 12 16 10
================================================================================
SM 2293 1433 89 11 0.13 M 129.8 M 102
================================================================================
AV 76.4 47.8 4.3 FASTST M M 3 MAX(MPH)
MISC ----> 20 30 28 30
================================================================================
NOTES:
# LAST OF SEVERAL OCCURRENCES
COLUMN 17 PEAK WIND IN M.P.H.
PRELIMINARY LOCAL CLIMATOLOGICAL DATA (WS FORM: F-6) , PAGE 2
STATION: OLYMPIA WA AIRPORT
MONTH: SEPTEMBER
YEAR: 2022
LATITUDE: 46 58 N
LONGITUDE: 122 54 W
[TEMPERATURE DATA] [PRECIPITATION DATA] SYMBOLS USED IN COLUMN 16
AVERAGE MONTHLY: 62.1 TOTAL FOR MONTH: 0.13 1 = FOG OR MIST
DPTR FM NORMAL: 3.0 DPTR FM NORMAL: -1.91 2 = FOG REDUCING VISIBILITY
HIGHEST: 88 ON 10 GRTST 24HR 0.10 ON 28-29 TO 1/4 MILE OR LESS
LOWEST: 37 ON 21 3 = THUNDER
SNOW, ICE PELLETS, HAIL 4 = ICE PELLETS
TOTAL MONTH: M 5 = HAIL
GRTST 24HR M ON M 6 = FREEZING RAIN OR DRIZZLE
GRTST DEPTH: M ON M 7 = DUSTSTORM OR SANDSTORM:
VSBY 1/2 MILE OR LESS
8 = SMOKE OR HAZE
[NO. OF DAYS WITH] [WEATHER - DAYS WITH] 9 = BLOWING SNOW
X = TORNADO
MAX 32 OR BELOW: 0 0.01 INCH OR MORE: 3
MAX 90 OR ABOVE: 0 0.10 INCH OR MORE: 0
MIN 32 OR BELOW: 0 0.50 INCH OR MORE: 0
MIN 0 OR BELOW: 0 1.00 INCH OR MORE: 0
[HDD (BASE 65) ]
TOTAL THIS MO. 89 CLEAR (SCALE 0-3) 15
DPTR FM NORMAL -94 PTCLDY (SCALE 4-7) 13
TOTAL FM JUL 1 163 CLOUDY (SCALE 8-10) 2
DPTR FM NORMAL -162
[CDD (BASE 65) ]
TOTAL THIS MO. 11
DPTR FM NORMAL 3 [PRESSURE DATA]
TOTAL FM JAN 1 241 HIGHEST SLP M ON M
DPTR FM NORMAL 128 LOWEST SLP 29.73 ON 18
[REMARKS]
#FINAL-09-22#