000
CXUS55 KTWC 010855
CF6OLS
PRELIMINARY LOCAL CLIMATOLOGICAL DATA (WS FORM: F-6)
STATION: NOGALES AZ AIRPORT
MONTH: MAY
YEAR: 2023
LATITUDE: 31 25 N
LONGITUDE: 110 51 W
TEMPERATURE IN F: :PCPN: SNOW: WIND :SUNSHINE: SKY :PK WND
================================================================================
1 2 3 4 5 6A 6B 7 8 9 10 11 12 13 14 15 16 17 18
12Z AVG MX 2MIN
DY MAX MIN AVG DEP HDD CDD WTR SNW DPTH SPD SPD DIR MIN PSBL S-S WX SPD DR
================================================================================
1 81 55 68 3 0 3 0.00 M M 9.9 28 210 M M 0 38 210
2 83 50 67 2 0 2 0.00 M M 8.4 24 190 M M 0 33 180
3 80 50 65 0 0 0 0.00 M M 11.0 28 200 M M 0 40 220
4 80 49 65 -1 0 0 0.00 M M 9.4 24 220 M M 0 36 250
5 79 41 60 -6 5 0 0.00 M M 8.1 24 210 M M 0 34 210
6 82 42 62 -4 3 0 0.00 M M 6.7 20 220 M M 0 32 220
7 86 43 65 -2 0 0 0.00 M M 3.9 17 220 M M 0 28 220
8 88 44 66 -1 0 1 0.00 M M 4.3 16 240 M M M 25 210
9 88 46 67 0 0 2 0.00 M M 6.8 20 240 M M M 30 220
10 77 49 63 -5 2 0 0.00 M M 9.8 26 220 M M M 39 230
11 84 39 62 -6 3 0 0.00 M M 4.5 14 290 M M 0 24 220
12 88 45 67 -1 0 2 0.00 M M 3.6 15 250 M M 0 21 220
13 91 49 70 1 0 5 0.00 M M 3.4 16 70 M M 0 25 230
14 91 61 76 7 0 11 0.01 M M 8.3 22 100 M M 1 3 32 90
15 90 57 74 5 0 9 0.00 M M 7.6 23 120 M M 2 33 130
16 90 58 74 4 0 9 0.19 M M 6.0 24 60 M M 3 3 39 360
17 89 56 73 3 0 8 0.00 M M 3.9 17 230 M M 1 25 230
18 87 62 75 5 0 10 0.01 M M 7.2 23 160 M M 6 36 140
19 87 50 69 -2 0 4 0.00 M M 4.7 15 200 M M 2 21 230
20 90 50 70 -1 0 5 0.00 M M 4.2 17 180 M M 0 26 200
21 90 53 72 0 0 7 0.00 M M 5.4 17 220 M M 0 27 230
22 91 50 71 -1 0 6 0.00 M M 7.1 21 220 M M 0 33 220
23 91 51 71 -1 0 6 0.00 M M 7.2 22 230 M M 0 29 220
24 90 52 71 -2 0 6 0.00 M M 7.2 21 220 M M 0 31 240
25 91 52 72 -1 0 7 0.00 M M 7.9 21 230 M M 0 31 230
26 91 53 72 -2 0 7 0.00 M M 7.8 23 220 M M 0 32 220
27 92 56 74 0 0 9 0.00 M M 6.6 24 220 M M 0 8 36 180
28 91 51 71 -3 0 6 0.00 M M 6.5 21 230 M M 0 30 250
29 91 57 74 -1 0 9 0.00 M M 6.4 21 210 M M 0 29 200
30 90 56 73 -2 0 8 0.00 M M 9.1 23 220 M M 0 35 230
31 87 50 69 -7 0 4 0.00 M M 9.5 26 230 M M 0 44 230
================================================================================
SM 2706 1577 13 146 0.21 M 212.4 M 15
================================================================================
AV 87.3 50.9 6.9 FASTST M M 1 MAX(MPH)
MISC ----> # 28 210 44 230
================================================================================
NOTES:
# LAST OF SEVERAL OCCURRENCES
COLUMN 17 PEAK WIND IN M.P.H.
PRELIMINARY LOCAL CLIMATOLOGICAL DATA (WS FORM: F-6) , PAGE 2
STATION: NOGALES AZ AIRPORT
MONTH: MAY
YEAR: 2023
LATITUDE: 31 25 N
LONGITUDE: 110 51 W
[TEMPERATURE DATA] [PRECIPITATION DATA] SYMBOLS USED IN COLUMN 16
AVERAGE MONTHLY: 69.1 TOTAL FOR MONTH: 0.21 1 = FOG OR MIST
DPTR FM NORMAL: -0.8 DPTR FM NORMAL: 0.06 2 = FOG REDUCING VISIBILITY
HIGHEST: 92 ON 27 GRTST 24HR 0.19 ON 16-16 TO 1/4 MILE OR LESS
LOWEST: 39 ON 11 3 = THUNDER
SNOW, ICE PELLETS, HAIL 4 = ICE PELLETS
TOTAL MONTH: M 5 = HAIL
GRTST 24HR M ON M 6 = FREEZING RAIN OR DRIZZLE
GRTST DEPTH: M ON M 7 = DUSTSTORM OR SANDSTORM:
VSBY 1/2 MILE OR LESS
8 = SMOKE OR HAZE
[NO. OF DAYS WITH] [WEATHER - DAYS WITH] 9 = BLOWING SNOW
X = TORNADO
MAX 32 OR BELOW: 0 0.01 INCH OR MORE: 3
MAX 90 OR ABOVE: 15 0.10 INCH OR MORE: 1
MIN 32 OR BELOW: 0 0.50 INCH OR MORE: 0
MIN 0 OR BELOW: 0 1.00 INCH OR MORE: 0
[HDD (BASE 65) ]
TOTAL THIS MO. 13 CLEAR (SCALE 0-3) 26
DPTR FM NORMAL -12 PTCLDY (SCALE 4-7) 2
TOTAL FM JUL 1 2318 CLOUDY (SCALE 8-10) 3
DPTR FM NORMAL 278
[CDD (BASE 65) ]
TOTAL THIS MO. 146
DPTR FM NORMAL -31 [PRESSURE DATA]
TOTAL FM JAN 1 183 HIGHEST SLP M ON M
DPTR FM NORMAL -27 LOWEST SLP 29.65 ON 31
[REMARKS]
#FINAL-05-23#