000
CXUS55 KTWC 010855
CF6OLS
PRELIMINARY LOCAL CLIMATOLOGICAL DATA (WS FORM: F-6)
STATION: NOGALES AZ AIRPORT
MONTH: FEBRUARY
YEAR: 2023
LATITUDE: 31 25 N
LONGITUDE: 110 51 W
TEMPERATURE IN F: :PCPN: SNOW: WIND :SUNSHINE: SKY :PK WND
================================================================================
1 2 3 4 5 6A 6B 7 8 9 10 11 12 13 14 15 16 17 18
12Z AVG MX 2MIN
DY MAX MIN AVG DEP HDD CDD WTR SNW DPTH SPD SPD DIR MIN PSBL S-S WX SPD DR
================================================================================
1 M M M M M M M M M M M M M M M M M
2 64 27 46 -5 19 0 0.00 M M 4.9 14 300 M M 0 20 260
3 73 36 55 4 10 0 0.00 M M 5.0 13 190 M M 0 19 210
4 78 34 56 5 9 0 0.00 M M 3.1 12 220 M M 0 17 220
5 80 35 58 7 7 0 0.00 M M 5.5 21 230 M M 0 29 180
6 63 34 49 -2 16 0 0.00 M M 7.6 23 230 M M 0 32 250
7 57 26 42 -9 23 0 0.00 M M 6.9 20 330 M M 0 30 330
8 63 26 45 -6 20 0 0.00 M M 4.7 14 280 M M 0 21 320
9 67 27 47 -4 18 0 0.00 M M 5.6 15 330 M M 0 24 330
10 67 31 49 -2 16 0 0.00 M M 7.6 18 80 M M 0 25 60
11 73 36 55 4 10 0 T M M 7.5 26 170 M M 4 3 34 190
12 72 36 54 3 11 0 0.00 M M 11.6 26 190 M M 0 40 200
13 53 34 44 -7 21 0 0.11 M M 6.9 29 250 M M 7 1 42 240
14 56 30 43 -9 22 0 T M M 12.4 25 200 M M 7 43 190
15 49 31 40 -12 25 0 0.09 M M 9.0 23 220 M M 5 1 31 210
16 55 21 38 -14 27 0 0.00 M M 8.3 17 20 M M 0 27 20
17 62 31 47 -5 18 0 0.00 M M 8.9 20 120 M M 0 29 120
18 71 42 57 5 8 0 0.00 M M 7.2 18 210 M M M 28 210
19 60 47 54 2 11 0 T M M 7.2 23 170 M M 7 33 160
20 69 49 59 7 6 0 0.07 M M 8.0 21 150 M M 8 28 150
21 60 44 52 0 13 0 0.29 M M 8.8 28 230 M M 8 1 37 220
22 53 39 46 -6 19 0 0.10 M M 19.7 36 210 M M 10 1 58 180
23 58 38 48 -5 17 0 0.01 M M 11.3 25 190 M M 6 39 190
24 69 33 51 -2 14 0 0.00 M M 6.7 21 190 M M 0 28 180
25 72 41 57 4 8 0 0.00 M M 10.6 30 210 M M 0 41 210
26 52 30 41 -12 24 0 0.09 M M 10.6 30 210 M M 4 1 43 230
27 67 25 46 -7 19 0 0.00 M M 3.3 15 270 M M M 22 270
28 68 27 48 -6 17 0 0.00 M M 5.9 21 250 M M M 29 230
================================================================================
SM 1731 910 428 0 0.76 M 214.8 M 66
================================================================================
AV 64.1 33.7 8.0 FASTST M M 3 MAX(MPH)
MISC ----> 36 210 58 180
================================================================================
NOTES:
# LAST OF SEVERAL OCCURRENCES
COLUMN 17 PEAK WIND IN M.P.H.
PRELIMINARY LOCAL CLIMATOLOGICAL DATA (WS FORM: F-6) , PAGE 2
STATION: NOGALES AZ AIRPORT
MONTH: FEBRUARY
YEAR: 2023
LATITUDE: 31 25 N
LONGITUDE: 110 51 W
[TEMPERATURE DATA] [PRECIPITATION DATA] SYMBOLS USED IN COLUMN 16
AVERAGE MONTHLY: 48.9 TOTAL FOR MONTH: 0.76 1 = FOG OR MIST
DPTR FM NORMAL: -2.8 DPTR FM NORMAL: -0.02 2 = FOG REDUCING VISIBILITY
HIGHEST: 80 ON 5 GRTST 24HR 0.29 ON 21-21 TO 1/4 MILE OR LESS
LOWEST: 21 ON 16 3 = THUNDER
SNOW, ICE PELLETS, HAIL 4 = ICE PELLETS
TOTAL MONTH: M 5 = HAIL
GRTST 24HR M ON M 6 = FREEZING RAIN OR DRIZZLE
GRTST DEPTH: M ON M 7 = DUSTSTORM OR SANDSTORM:
VSBY 1/2 MILE OR LESS
8 = SMOKE OR HAZE
[NO. OF DAYS WITH] [WEATHER - DAYS WITH] 9 = BLOWING SNOW
X = TORNADO
MAX 32 OR BELOW: 0 0.01 INCH OR MORE: 7
MAX 90 OR ABOVE: 0 0.10 INCH OR MORE: 3
MIN 32 OR BELOW: 12 0.50 INCH OR MORE: 0
MIN 0 OR BELOW: 0 1.00 INCH OR MORE: 0
[HDD (BASE 65) ]
TOTAL THIS MO. 428 CLEAR (SCALE 0-3) 14
DPTR FM NORMAL 56 PTCLDY (SCALE 4-7) 9
TOTAL FM JUL 1 1892 CLOUDY (SCALE 8-10) 5
DPTR FM NORMAL 257
[CDD (BASE 65) ]
TOTAL THIS MO. 0
DPTR FM NORMAL -1 [PRESSURE DATA]
TOTAL FM JAN 1 0 HIGHEST SLP M ON M
DPTR FM NORMAL 0 LOWEST SLP 29.63 ON 22
[REMARKS]
#FINAL-02-23#