661
CXUS55 KTWC 010855
CF6OLS
PRELIMINARY LOCAL CLIMATOLOGICAL DATA (WS FORM: F-6)
STATION: NOGALES AZ AIRPORT
MONTH: NOVEMBER
YEAR: 2020
LATITUDE: 31 25 N
LONGITUDE: 110 51 W
TEMPERATURE IN F: :PCPN: SNOW: WIND :SUNSHINE: SKY :PK WND
================================================================================
1 2 3 4 5 6A 6B 7 8 9 10 11 12 13 14 15 16 17 18
12Z AVG MX 2MIN
DY MAX MIN AVG DEP HDD CDD WTR SNW DPTH SPD SPD DIR MIN PSBL S-S WX SPD DR
================================================================================
1 91 56 74 14 0 9 0.00 M M 7.2 24 100 M M 0 33 100
2 87 59 73 13 0 8 0.00 M M 4.3 12 40 M M 0 16 40
3 89 52 71 11 0 6 0.00 M M 3.7 14 240 M M 2 20 220
4 89 53 71 11 0 6 0.00 M M 2.7 12 270 M M 0 15 280
5 89 52 71 12 0 6 0.00 M M 8.2 25 100 M M 0 34 90
6 89 59 74 15 0 9 0.00 0.0 0 7.9 29 220 M M M 37 220
7 80 54 67 8 0 2 0.09 M M 15.3 33 200 M M 4 13 44 200
8 68 46 57 -1 8 0 0.00 M M 10.2 28 200 M M 2 36 220
9 59 38 49 -9 16 0 T 0.0 0 7.8 24 200 M M M 1 29 190
10 63 31 47 -11 18 0 0.00 0.0 0 2.7 10 290 M M M 15 330
11 72 32 52 -6 13 0 0.00 0.0 0 3.5 12 280 M M M 17 280
12 71 36 54 -3 11 0 0.00 0.0 0 2.4 12 160 M M M 14 150
13 71 40 56 -1 9 0 0.00 0.0 0 3.0 10 280 M M M 14 260
14 75 38 57 0 8 0 0.00 0.0 0 3.6 13 320 M M M 17 320
15 82 37 60 4 5 0 0.00 0.0 0 3.0 10 350 M M M 14 270
16 88 45 67 11 0 2 0.00 M M 5.7 18 100 M M 0 25 100
17 88 51 70 14 0 5 0.00 M M 4.3 16 190 M M 1 21 200
18 89 52 71 15 0 6 0.00 M M 5.1 17 220 M M 0 22 210
19 87 50 69 14 0 4 0.00 M M 2.7 14 270 M M 0 19 290
20 84 48 66 11 0 1 0.00 M M 2.2 12 250 M M 0 16 260
21 82 49 66 12 0 1 0.00 M M 1.9 9 290 M M 0 12 270
22 84 47 66 12 0 1 0.00 M M 3.7 17 210 M M 0 24 210
23 76 49 63 9 2 0 0.00 M M 9.2 24 210 M M 0 31 200
24 68 41 55 1 10 0 0.00 M M 4.3 16 260 M M 0 21 260
25 72 34 53 0 12 0 0.00 M M 3.5 13 250 M M 0 17 250
26 71 35 53 0 12 0 0.00 M M 4.7 16 200 M M 0 21 200
27 60 36 48 -5 17 0 0.00 M M 4.4 13 320 M M 0 17 320
28 68 26 47 -5 18 0 0.00 M M 4.6 15 10 M M 0 20 360
29 75 26 51 -1 14 0 0.00 M M 4.8 13 360 M M 0 19 20
30 70 36 53 1 12 0 0.00 M M 4.6 12 40 M M 0 16 20
================================================================================
SM 2337 1308 185 66 0.09 0.0 151.2 M 9
================================================================================
AV 77.9 43.6 5.0 FASTST M M 0 MAX(MPH)
MISC ----> 33 200 44 200
================================================================================
NOTES:
# LAST OF SEVERAL OCCURRENCES
COLUMN 17 PEAK WIND IN M.P.H.
PRELIMINARY LOCAL CLIMATOLOGICAL DATA (WS FORM: F-6) , PAGE 2
STATION: NOGALES AZ AIRPORT
MONTH: NOVEMBER
YEAR: 2020
LATITUDE: 31 25 N
LONGITUDE: 110 51 W
[TEMPERATURE DATA] [PRECIPITATION DATA] SYMBOLS USED IN COLUMN 16
AVERAGE MONTHLY: 60.8 TOTAL FOR MONTH: 0.09 1 = FOG OR MIST
DPTR FM NORMAL: 4.5 DPTR FM NORMAL: -0.63 2 = FOG REDUCING VISIBILITY
HIGHEST: 91 ON 1 GRTST 24HR 0.09 ON 7- 7 TO 1/4 MILE OR LESS
LOWEST: 26 ON 29,28 3 = THUNDER
SNOW, ICE PELLETS, HAIL 4 = ICE PELLETS
TOTAL MONTH: 0.0 INCH 5 = HAIL
GRTST 24HR 0.0 6 = FREEZING RAIN OR DRIZZLE
GRTST DEPTH: 0 7 = DUSTSTORM OR SANDSTORM:
VSBY 1/2 MILE OR LESS
8 = SMOKE OR HAZE
[NO. OF DAYS WITH] [WEATHER - DAYS WITH] 9 = BLOWING SNOW
X = TORNADO
MAX 32 OR BELOW: 0 0.01 INCH OR MORE: 1
MAX 90 OR ABOVE: 1 0.10 INCH OR MORE: 0
MIN 32 OR BELOW: 4 0.50 INCH OR MORE: 0
MIN 0 OR BELOW: 0 1.00 INCH OR MORE: 0
[HDD (BASE 65) ]
TOTAL THIS MO. 185 CLEAR (SCALE 0-3) 21
DPTR FM NORMAL -85 PTCLDY (SCALE 4-7) 1
TOTAL FM JUL 1 244 CLOUDY (SCALE 8-10) 8
DPTR FM NORMAL -94
[CDD (BASE 65) ]
TOTAL THIS MO. 66
DPTR FM NORMAL 60 [PRESSURE DATA]
TOTAL FM JAN 1 2608 HIGHEST SLP M ON M
DPTR FM NORMAL 768 LOWEST SLP 29.57 ON 7
[REMARKS]
#FINAL-11-20#