000
CXUS53 KOAX 011030
CF6OMA
PRELIMINARY LOCAL CLIMATOLOGICAL DATA (WS FORM: F-6)
STATION: OMAHA NE
MONTH: DECEMBER
YEAR: 2022
LATITUDE: 41 17 N
LONGITUDE: 95 54 W
TEMPERATURE IN F: :PCPN: SNOW: WIND :SUNSHINE: SKY :PK WND
================================================================================
1 2 3 4 5 6A 6B 7 8 9 10 11 12 13 14 15 16 17 18
12Z AVG MX 2MIN
DY MAX MIN AVG DEP HDD CDD WTR SNW DPTH SPD SPD DIR MIN PSBL S-S WX SPD DR
================================================================================
1 49 16 33 -1 32 0 0.00 0.0 0 17.5 30 190 M M 3 42 190
2 58 18 38 5 27 0 0.00 0.0 0 18.3 38 330 M M 6 49 330
3 32 7 20 -13 45 0 0.00 0.0 0 10.2 28 330 M M 4 36 340
4 46 17 32 0 33 0 0.00 0.0 0 8.4 14 140 M M 4 18 190
5 44 25 35 3 30 0 0.00 0.0 0 9.7 21 350 M M 7 26 360
6 42 20 31 -1 34 0 0.00 0.0 0 3.6 12 160 M M 5 14 150
7 38 19 29 -2 36 0 0.00 0.0 0 8.1 21 350 M M 3 28 350
8 36 15 26 -5 39 0 0.09 0.0 0 6.1 12 10 M M 8 168 14 20
9 37 33 35 4 30 0 T 0.0 0 7.4 16 340 M M 10 1 23 260
10 44 21 33 3 32 0 0.00 0.0 0 8.1 14 190 M M 5 1 18 230
11 43 16 30 0 35 0 0.00 0.0 0 8.3 20 150 M M 4 24 140
12 37 32 35 5 30 0 0.12 0.0 0 17.6 25 120 M M 10 16 36 120
13 47 33 40 11 25 0 0.61 0.0 0 19.5 39 100 M M 9 13 51 110
14 36 28 32 3 33 0 0.00 0.0 0 16.0 24 180 M M 9 32 170
15 31 22 27 -2 38 0 0.09 1.7 T 18.0 26 290 M M 10 16 39 290
16 24 17 21 -7 44 0 T T 2 17.8 25 300 M M 9 40 300
17 23 8 16 -12 49 0 T T 2 14.3 24 320 M M 3 31 300
18 24 3 14 -14 51 0 0.00 0.0 T 4.7 10 130 M M 2 14 330
19 34 12 23 -5 42 0 0.09 0.9 1 12.9 23 350 M M 10 16 30 330
20 12 2 7 -20 58 0 T 0.1 1 10.1 18 330 M M 5 1 24 330
21 18 -2 8 -19 57 0 0.01 1.0 1 10.9 33 340 M M 10 19 42 330
22 -2 -14 -8 -35 73 0 0.03 0.5 2 23.5 35 330 M M 9 89 43 340
23 3 -9 -3 -30 68 0 T 0.1 2 21.1 33 310 M M 7 9 43 310
24 14 -2 6 -20 59 0 0.00 0.0 2 12.3 20 330 M M 5 25 320
25 33 -4 15 -11 50 0 0.01 0.2 1 9.4 33 330 M M 6 8 44 340
26 29 6 18 -8 47 0 T 0.1 1 14.9 37 310 M M 6 50 320
27 36 11 24 -2 41 0 0.00 0.0 1 17.5 25 180 M M 7 33 170
28 44 30 37 11 28 0 0.00 0.0 T 12.7 22 170 M M 9 29 170
29 49 25 37 12 28 0 T T T 7.4 23 300 M M 8 1 31 290
30 44 20 32 7 33 0 0.00 0.0 0 7.1 15 160 M M 3 1 17 170
31 46 28 37 12 28 0 0.00 0.0 0 7.7 15 170 M M 8 20 180
================================================================================
SM 1051 453 1255 0 1.05 4.6 381.1 M 204
================================================================================
AV 33.9 14.6 12.3 FASTST M M 7 MAX(MPH)
MISC ----> 39 100 51 110
================================================================================
NOTES:
# LAST OF SEVERAL OCCURRENCES
COLUMN 17 PEAK WIND IN M.P.H.
PRELIMINARY LOCAL CLIMATOLOGICAL DATA (WS FORM: F-6) , PAGE 2
STATION: OMAHA NE
MONTH: DECEMBER
YEAR: 2022
LATITUDE: 41 17 N
LONGITUDE: 95 54 W
[TEMPERATURE DATA] [PRECIPITATION DATA] SYMBOLS USED IN COLUMN 16
AVERAGE MONTHLY: 24.3 TOTAL FOR MONTH: 1.05 1 = FOG OR MIST
DPTR FM NORMAL: -4.4 DPTR FM NORMAL: -0.17 2 = FOG REDUCING VISIBILITY
HIGHEST: 58 ON 2 GRTST 24HR 0.73 ON 12-13 TO 1/4 MILE OR LESS
LOWEST: -14 ON 22 3 = THUNDER
SNOW, ICE PELLETS, HAIL 4 = ICE PELLETS
TOTAL MONTH: 4.6 INCHES 5 = HAIL
GRTST 24HR 1.7 ON 15-15 6 = FREEZING RAIN OR DRIZZLE
GRTST DEPTH: 2 ON 24,23 7 = DUSTSTORM OR SANDSTORM:
VSBY 1/2 MILE OR LESS
8 = SMOKE OR HAZE
[NO. OF DAYS WITH] [WEATHER - DAYS WITH] 9 = BLOWING SNOW
X = TORNADO
MAX 32 OR BELOW: 11 0.01 INCH OR MORE: 8
MAX 90 OR ABOVE: 0 0.10 INCH OR MORE: 2
MIN 32 OR BELOW: 29 0.50 INCH OR MORE: 1
MIN 0 OR BELOW: 5 1.00 INCH OR MORE: 0
[HDD (BASE 65) ]
TOTAL THIS MO. 1255 CLEAR (SCALE 0-3) 2
DPTR FM NORMAL 131 PTCLDY (SCALE 4-7) 18
TOTAL FM JUL 1 2476 CLOUDY (SCALE 8-10) 11
DPTR FM NORMAL 185
[CDD (BASE 65) ]
TOTAL THIS MO. 0
DPTR FM NORMAL 0 [PRESSURE DATA]
TOTAL FM JAN 1 1471 HIGHEST SLP 30.73 ON 20
DPTR FM NORMAL 178 LOWEST SLP 29.41 ON 28
[REMARKS]
#FINAL-12-22#