000
CXAK56 PAFG 010950
CF6OME
PRELIMINARY LOCAL CLIMATOLOGICAL DATA (WS FORM: F-6)
STATION: NOME AK
MONTH: JUNE
YEAR: 2022
LATITUDE: 64 30 N
LONGITUDE: 165 26 W
TEMPERATURE IN F: :PCPN: SNOW: WIND :SUNSHINE: SKY :PK WND
================================================================================
1 2 3 4 5 6A 6B 7 8 9 10 11 12 13 14 15 16 17 18
12Z AVG MX 2MIN
DY MAX MIN AVG DEP HDD CDD WTR SNW DPTH SPD SPD DIR MIN PSBL S-S WX SPD DR
================================================================================
1 52 36 44 1 21 0 0.00 M M 12.0 21 240 M M 6 18 26 260
2 46 32 39 -4 26 0 0.00 M M 6.4 13 230 M M 7 128 15 250
3 62 36 49 5 16 0 0.00 M M 10.4 23 300 M M 0 28 270
4 71 44 58 14 7 0 0.00 M M 9.3 17 30 M M 0 22 40
5 73 48 61 17 4 0 0.00 M M 11.0 17 260 M M 0 22 280
6 73 53 63 18 2 0 0.00 M M 8.6 17 280 M M 3 22 280
7 73 53 63 18 2 0 0.00 M M 8.4 17 260 M M 0 8 20 270
8 67 45 56 10 9 0 0.00 M M 5.8 21 40 M M 0 8 25 40
9 70 52 61 15 4 0 0.00 M M 10.4 20 20 M M 0 23 30
10 61 41 51 4 14 0 0.00 M M 12.9 23 360 M M 0 28 360
11 53 36 45 -2 20 0 0.00 M M 11.4 22 250 M M 3 8 25 250
12 51 38 45 -2 20 0 T M M 8.4 14 190 M M 9 16 40
13 46 38 42 -6 23 0 T M M 8.4 17 250 M M 9 18 24 280
14 46 36 41 -7 24 0 0.01 M M 12.4 20 170 M M 9 1 26 170
15 46 42 44 -4 21 0 T M M 12.0 21 180 M M 10 18 25 180
16 59 41 50 1 15 0 0.00 M M 5.1 12 170 M M 4 14 180
17 68 53 61 12 4 0 T M M 7.1 16 260 M M 10 8 19 270
18 67 46 57 7 8 0 0.00 M M 8.1 17 250 M M 2 20 250
19 63 41 52 2 13 0 0.00 M M 10.5 21 260 M M 1 8 25 250
20 55 42 49 -1 16 0 0.00 M M 8.3 16 250 M M 1 19 250
21 47 43 45 -5 20 0 0.12 M M 14.7 23 210 M M 10 1 27 200
22 45 43 44 -7 21 0 0.11 M M 15.4 23 210 M M 10 1 27 210
23 46 41 44 -7 21 0 0.01 M M 12.1 18 210 M M 10 1 22 210
24 57 42 50 -1 15 0 T M M 9.1 15 80 M M 7 1 19 80
25 56 48 52 0 13 0 0.43 M M 9.4 15 80 M M 9 1 20 160
26 57 49 53 1 12 0 0.26 M M 12.3 20 110 M M 10 1 24 110
27 49 44 47 -5 18 0 0.01 M M 7.7 13 140 M M 10 12 15 140
28 54 45 50 -2 15 0 0.00 M M 4.4 12 200 M M 9 18 13 190
29 55 46 51 -1 14 0 0.00 M M 5.8 10 230 M M 8 128 13 210
30 73 45 59 7 6 0 0.00 M M 9.6 22 120 M M 3 27 130
================================================================================
SM 1741 1299 424 0 0.95 M 287.4 M 160
================================================================================
AV 58.0 43.3 9.6 FASTST M M 5 MAX(MPH)
MISC ----> # 23 300 # 28 270
================================================================================
NOTES:
# LAST OF SEVERAL OCCURRENCES
COLUMN 17 PEAK WIND IN M.P.H.
PRELIMINARY LOCAL CLIMATOLOGICAL DATA (WS FORM: F-6) , PAGE 2
STATION: NOME AK
MONTH: JUNE
YEAR: 2022
LATITUDE: 64 30 N
LONGITUDE: 165 26 W
[TEMPERATURE DATA] [PRECIPITATION DATA] SYMBOLS USED IN COLUMN 16
AVERAGE MONTHLY: 50.7 TOTAL FOR MONTH: 0.95 1 = FOG OR MIST
DPTR FM NORMAL: 2.4 DPTR FM NORMAL: -0.04 2 = FOG REDUCING VISIBILITY
HIGHEST: 73 ON 30, 7 GRTST 24HR 0.44 ON 25-26 TO 1/4 MILE OR LESS
LOWEST: 32 ON 2 3 = THUNDER
SNOW, ICE PELLETS, HAIL 4 = ICE PELLETS
TOTAL MONTH: M 5 = HAIL
GRTST 24HR M ON M 6 = FREEZING RAIN OR DRIZZLE
GRTST DEPTH: M ON M 7 = DUSTSTORM OR SANDSTORM:
VSBY 1/2 MILE OR LESS
8 = SMOKE OR HAZE
[NO. OF DAYS WITH] [WEATHER - DAYS WITH] 9 = BLOWING SNOW
X = TORNADO
MAX 32 OR BELOW: 0 0.01 INCH OR MORE: 7
MAX 90 OR ABOVE: 0 0.10 INCH OR MORE: 4
MIN 32 OR BELOW: 1 0.50 INCH OR MORE: 0
MIN 0 OR BELOW: 0 1.00 INCH OR MORE: 0
[HDD (BASE 65) ]
TOTAL THIS MO. 424 CLEAR (SCALE 0-3) 11
DPTR FM NORMAL -78 PTCLDY (SCALE 4-7) 7
TOTAL FM JUL 1 13640 CLOUDY (SCALE 8-10) 12
DPTR FM NORMAL 158
[CDD (BASE 65) ]
TOTAL THIS MO. 0
DPTR FM NORMAL -1 [PRESSURE DATA]
TOTAL FM JAN 1 0 HIGHEST SLP M ON M
DPTR FM NORMAL -1 LOWEST SLP 29.58 ON 13
[REMARKS]
#FINAL-06-22#