000
CXUS51 KBOX 011203
CF6ORH
PRELIMINARY LOCAL CLIMATOLOGICAL DATA (WS FORM: F-6)
STATION: WORCESTER MA
MONTH: APRIL
YEAR: 2023
LATITUDE: 42 16 N
LONGITUDE: 71 52 W
TEMPERATURE IN F: :PCPN: SNOW: WIND :SUNSHINE: SKY :PK WND
================================================================================
1 2 3 4 5 6A 6B 7 8 9 10 11 12 13 14 15 16 17 18
12Z AVG MX 2MIN
DY MAX MIN AVG DEP HDD CDD WTR SNW DPTH SPD SPD DIR MIN PSBL S-S WX SPD DR
================================================================================
1 63 35 49 9 16 0 0.44 0.0 M 9.7 32 280 M M 8 123 44 280
2 50 33 42 2 23 0 T 0.0 M 14.5 30 310 M M 3 43 310
3 53 28 41 0 24 0 0.00 0.0 M 11.1 25 190 M M 0 37 180
4 67 40 54 13 11 0 T 0.0 M 6.4 15 80 M M 6 21 60
5 48 36 42 0 23 0 T 0.0 M 10.6 21 90 M M 10 128 29 70
6 70 36 53 11 12 0 T 0.0 M 8.9 28 300 M M 9 12 36 290
7 53 37 45 3 20 0 0.00 0.0 M 14.8 30 290 M M 2 42 300
8 49 28 39 -4 26 0 0.00 0.0 M 7.4 18 320 M M 0 26 320
9 53 32 43 0 22 0 0.00 0.0 M 7.5 15 230 M M 1 19 350
10 63 34 49 5 16 0 0.00 0.0 M 9.8 15 270 M M 0 21 260
11 72 47 60 16 5 0 0.00 0.0 M 16.0 25 250 M M 2 34 260
12 72 58 65 20 0 0 0.00 0.0 M 12.7 33 310 M M 0 49 300
13 86 55 71 26 0 6 0.00 0.0 M 10.8 22 260 M M 0 29 250
14 90 57 74 28 0 9 0.00 0.0 M 7.5 17 280 M M 0 23 280
15 75 48 62 16 3 0 T 0.0 M 7.3 16 160 M M 3 21 40
16 60 50 55 9 10 0 0.00 0.0 M 5.9 12 70 M M 10 128 16 50
17 54 47 51 4 14 0 0.06 0.0 M 6.7 22 240 M M 10 12 27 240
18 52 43 48 1 17 0 T 0.0 M 12.7 24 250 M M 7 1 32 260
19 45 36 41 -7 24 0 0.00 0.0 M 12.2 22 310 M M 8 29 300
20 64 34 49 1 16 0 0.00 0.0 M 7.0 17 300 M M 2 24 240
21 66 42 54 6 11 0 T 0.0 M 7.4 13 70 M M 3 21 130
22 55 43 49 0 16 0 0.25 0.0 M 9.3 14 80 M M 10 123 21 70
23 51 44 48 -1 17 0 2.02 0.0 M 8.2 15 80 M M 10 12 21 80
24 56 43 50 0 15 0 0.00 0.0 M 6.8 16 270 M M 8 1 24 240
25 57 40 49 -1 16 0 0.00 0.0 M 5.6 13 260 M M 6 20 310
26 56 42 49 -2 16 0 T 0.0 M 6.5 14 140 M M 9 17 170
27 56 41 49 -2 16 0 T 0.0 M 6.1 20 300 M M 6 29 290
28 60 43 52 1 13 0 0.00 0.0 M 7.8 16 150 M M 1 20 120
29 53 45 49 -3 16 0 0.40 0.0 M 8.2 16 80 M M 9 1 23 40
30 54 46 50 -2 15 0 1.62 0.0 M 11.0 18 60 M M 10 12 26 60
================================================================================
SM 1803 1243 433 15 4.79 0.0 276.4 M 153
================================================================================
AV 60.1 41.4 9.2 FASTST M M 5 MAX(MPH)
MISC ----> 33 310 49 300
================================================================================
NOTES:
# LAST OF SEVERAL OCCURRENCES
COLUMN 17 PEAK WIND IN M.P.H.
PRELIMINARY LOCAL CLIMATOLOGICAL DATA (WS FORM: F-6) , PAGE 2
STATION: WORCESTER MA
MONTH: APRIL
YEAR: 2023
LATITUDE: 42 16 N
LONGITUDE: 71 52 W
[TEMPERATURE DATA] [PRECIPITATION DATA] SYMBOLS USED IN COLUMN 16
AVERAGE MONTHLY: 50.8 TOTAL FOR MONTH: 4.79 1 = FOG OR MIST
DPTR FM NORMAL: 4.7 DPTR FM NORMAL: 0.71 2 = FOG REDUCING VISIBILITY
HIGHEST: 90 ON 14 GRTST 24HR 2.27 ON 22-23 TO 1/4 MILE OR LESS
LOWEST: 28 ON 8, 3 3 = THUNDER
SNOW, ICE PELLETS, HAIL 4 = ICE PELLETS
TOTAL MONTH: 0.0 INCH 5 = HAIL
GRTST 24HR 0.0 6 = FREEZING RAIN OR DRIZZLE
GRTST DEPTH: M ON M 7 = DUSTSTORM OR SANDSTORM:
VSBY 1/2 MILE OR LESS
8 = SMOKE OR HAZE
[NO. OF DAYS WITH] [WEATHER - DAYS WITH] 9 = BLOWING SNOW
X = TORNADO
MAX 32 OR BELOW: 0 0.01 INCH OR MORE: 6
MAX 90 OR ABOVE: 1 0.10 INCH OR MORE: 5
MIN 32 OR BELOW: 3 0.50 INCH OR MORE: 2
MIN 0 OR BELOW: 0 1.00 INCH OR MORE: 2
[HDD (BASE 65) ]
TOTAL THIS MO. 433 CLEAR (SCALE 0-3) 13
DPTR FM NORMAL -137 PTCLDY (SCALE 4-7) 8
TOTAL FM JUL 1 5133 CLOUDY (SCALE 8-10) 9
DPTR FM NORMAL -1133
[CDD (BASE 65) ]
TOTAL THIS MO. 15
DPTR FM NORMAL 12 [PRESSURE DATA]
TOTAL FM JAN 1 15 HIGHEST SLP 30.54 ON 9
DPTR FM NORMAL 12 LOWEST SLP 29.11 ON 30
[REMARKS]
#FINAL-04-23#