000
CXUS52 KMLB 010634
CF6ORL
PRELIMINARY LOCAL CLIMATOLOGICAL DATA (WS FORM: F-6)
STATION: ORLANDO EXEC
MONTH: MAY
YEAR: 2023
LATITUDE: 28 32 N
LONGITUDE: 81 20 W
TEMPERATURE IN F: :PCPN: SNOW: WIND :SUNSHINE: SKY :PK WND
================================================================================
1 2 3 4 5 6A 6B 7 8 9 10 11 12 13 14 15 16 17 18
12Z AVG MX 2MIN
DY MAX MIN AVG DEP HDD CDD WTR SNW DPTH SPD SPD DIR MIN PSBL S-S WX SPD DR
================================================================================
1 86 64 75 -1 0 10 0.00 0.0 0 11.5 26 260 M M 0 35 260
2 88 67 78 2 0 13 0.00 0.0 0 13.2 22 240 M M 0 31 300
3 86 69 78 2 0 13 0.00 0.0 0 11.7 24 290 M M 0 32 300
4 88 64 76 0 0 11 0.00 0.0 0 5.5 16 270 M M 0 22 300
5 88 65 77 1 0 12 0.00 0.0 0 8.1 20 70 M M 2 25 80
6 83 69 76 -1 0 11 T 0.0 0 8.7 24 70 M M 6 32 70
7 84 66 75 -2 0 10 0.00 0.0 0 10.4 21 100 M M 2 28 110
8 89 63 76 -1 0 11 0.00 0.0 0 5.5 13 120 M M 1 18 100
9 91 68 80 3 0 15 0.00 0.0 0 5.3 14 120 M M 0 19 120
10 94 70 82 4 0 17 0.00 0.0 0 5.1 18 70 M M 1 25 20
11 93 74 84 6 0 19 0.01 0.0 0 6.6 16 90 M M 6 138 22 70
12 92 71 82 4 0 17 0.00 0.0 0 7.4 22 100 M M 2 33 100
13 90 72 81 3 0 16 T 0.0 0 6.8 18 310 M M 3 3 28 310
14 91 68 80 2 0 15 0.00 0.0 0 6.7 16 80 M M 1 24 80
15 90 68 79 1 0 14 0.00 0.0 0 6.0 18 70 M M 0 25 80
16 93 71 82 4 0 17 0.00 0.0 0 4.2 16 130 M M 2 19 130
17 94 75 85 6 0 20 0.00 0.0 0 6.9 25 280 M M 3 3 35 300
18 95 70 83 4 0 18 1.15 0.0 0 6.0 37 140 M M 3 38 47 140
19 92 71 82 3 0 17 0.69 0.0 0 5.2 20 60 M M 3 13 26 60
20 91 73 82 3 0 17 0.04 0.0 0 7.2 20 60 M M 5 3 27 60
21 92 74 83 4 0 18 0.16 0.0 0 4.5 18 100 M M 4 13 24 110
22 90 72 81 1 0 16 1.34 0.0 0 5.6 21 60 M M 5 13 30 60
23 88 72 80 0 0 15 0.67 0.0 0 6.4 20 100 M M 6 13 26 120
24 83 72 78 -2 0 13 0.25 0.0 0 6.9 25 30 M M 4 13 37 30
25 86 71 79 -1 0 14 0.61 0.0 0 9.1 18 30 M M 8 1 28 40
26 84 69 77 -3 0 12 0.31 0.0 0 10.7 22 10 M M M 31 10
27 83 64 74 -6 0 9 0.00 0.0 0 7.3 22 350 M M M 14 290
28 87 65 76 -4 0 11 0.00 0.0 0 5.9 15 280 M M M 22 260
29 86 70 78 -2 0 13 0.00 0.0 0 5.9 12 130 M M M 15 30
30 90 69 80 -1 0 15 0.00 0.0 0 5.0 17 120 M M 2 23 120
31 86 73 80 -1 0 15 T 0.0 0 10.7 23 70 M M 2 32 70
================================================================================
SM 2753 2149 0 444 5.23 0.0 226.0 M 71
================================================================================
AV 88.8 69.3 7.3 FASTST M M 3 MAX(MPH)
MISC ----> 37 140 47 140
================================================================================
NOTES:
# LAST OF SEVERAL OCCURRENCES
COLUMN 17 PEAK WIND IN M.P.H.
PRELIMINARY LOCAL CLIMATOLOGICAL DATA (WS FORM: F-6) , PAGE 2
STATION: ORLANDO EXEC
MONTH: MAY
YEAR: 2023
LATITUDE: 28 32 N
LONGITUDE: 81 20 W
[TEMPERATURE DATA] [PRECIPITATION DATA] SYMBOLS USED IN COLUMN 16
AVERAGE MONTHLY: 79.1 TOTAL FOR MONTH: 5.23 1 = FOG OR MIST
DPTR FM NORMAL: 0.7 DPTR FM NORMAL: 1.57 2 = FOG REDUCING VISIBILITY
HIGHEST: 95 ON 18 GRTST 24HR 1.34 ON 22-22 TO 1/4 MILE OR LESS
LOWEST: 63 ON 8 3 = THUNDER
SNOW, ICE PELLETS, HAIL 4 = ICE PELLETS
TOTAL MONTH: 0.0 INCH 5 = HAIL
GRTST 24HR 0.0 6 = FREEZING RAIN OR DRIZZLE
GRTST DEPTH: 0 7 = DUSTSTORM OR SANDSTORM:
VSBY 1/2 MILE OR LESS
8 = SMOKE OR HAZE
[NO. OF DAYS WITH] [WEATHER - DAYS WITH] 9 = BLOWING SNOW
X = TORNADO
MAX 32 OR BELOW: 0 0.01 INCH OR MORE: 10
MAX 90 OR ABOVE: 15 0.10 INCH OR MORE: 8
MIN 32 OR BELOW: 0 0.50 INCH OR MORE: 5
MIN 0 OR BELOW: 0 1.00 INCH OR MORE: 2
[HDD (BASE 65) ]
TOTAL THIS MO. 0 CLEAR (SCALE 0-3) 17
DPTR FM NORMAL 0 PTCLDY (SCALE 4-7) 9
TOTAL FM JUL 1 272 CLOUDY (SCALE 8-10) 5
DPTR FM NORMAL -197
[CDD (BASE 65) ]
TOTAL THIS MO. 444
DPTR FM NORMAL 27 [PRESSURE DATA]
TOTAL FM JAN 1 1357 HIGHEST SLP M ON M
DPTR FM NORMAL 416 LOWEST SLP 29.76 ON 25
[REMARKS]
#FINAL-05-23#