000
CXUS52 KMLB 010624
CF6ORL
PRELIMINARY LOCAL CLIMATOLOGICAL DATA (WS FORM: F-6)
STATION: ORLANDO EXEC
MONTH: JUNE
YEAR: 2022
LATITUDE: 28 32 N
LONGITUDE: 81 20 W
TEMPERATURE IN F: :PCPN: SNOW: WIND :SUNSHINE: SKY :PK WND
================================================================================
1 2 3 4 5 6A 6B 7 8 9 10 11 12 13 14 15 16 17 18
12Z AVG MX 2MIN
DY MAX MIN AVG DEP HDD CDD WTR SNW DPTH SPD SPD DIR MIN PSBL S-S WX SPD DR
================================================================================
1 88 75 82 1 0 17 0.05 0.0 0 9.2 22 70 M M 3 28 60
2 93 73 83 2 0 18 0.00 0.0 0 7.9 17 110 M M 2 21 80
3 88 74 81 0 0 16 0.01 0.0 0 6.8 20 160 M M 4 23 160
4 83 74 79 -2 0 14 0.19 0.0 0 8.9 20 60 M M 8 18 27 60
5 93 73 83 2 0 18 T 0.0 0 6.2 16 30 M M 3 22 60
6 95 75 85 4 0 20 0.21 0.0 0 5.1 29 20 M M 3 13 40 30
7 96 72 84 2 0 19 0.00 0.0 0 4.6 18 70 M M 1 3 21 70
8 97 74 86 4 0 21 0.99 0.0 0 4.8 32 290 M M 2 13 42 300
9 94 76 85 3 0 20 0.06 0.0 0 8.6 16 270 M M 2 3 21 270
10 93 76 85 3 0 20 0.41 0.0 0 8.2 28 250 M M 3 3 36 250
11 92 75 84 2 0 19 0.22 0.0 0 9.7 22 220 M M 2 3 28 210
12 94 76 85 3 0 20 T 0.0 0 9.1 24 180 M M 2 3 29 190
13 96 78 87 5 0 22 0.24 0.0 0 5.7 20 70 M M 4 3 22 70
14 97 80 89 7 0 24 0.02 0.0 0 4.4 17 250 M M 2 3 22 250
15 99 79 89 7 0 24 0.00 0.0 0 4.8 21 160 M M 1 3 25 150
16 98 79 89 7 0 24 0.00 0.0 0 7.0 18 70 M M 1 24 60
17 97 78 88 6 0 23 0.00 0.0 0 6.6 15 80 M M 1 18 20
18 99 76 88 6 0 23 1.18 0.0 0 6.9 33 310 M M 2 3 53 310
19 95 76 86 4 0 21 0.13 0.0 0 4.9 24 20 M M 3 3 32 50
20 93 76 85 3 0 20 T 0.0 0 9.7 22 70 M M 5 3 27 60
21 91 75 83 1 0 18 0.00 0.0 0 8.1 18 60 M M 1 23 70
22 93 75 84 2 0 19 0.00 0.0 0 5.7 14 120 M M 3 17 120
23 98 74 86 4 0 21 0.00 0.0 0 7.4 28 300 M M 0 3 35 310
24 98 77 88 5 0 23 0.08 0.0 0 8.8 24 110 M M 2 38 29 270
25 92 76 84 1 0 19 T 0.0 0 6.6 17 70 M M 2 3 20 80
26 91 77 84 1 0 19 T 0.0 0 8.7 18 80 M M 6 25 80
27 96 75 86 3 0 21 0.05 0.0 0 6.4 18 80 M M 2 3 24 90
28 94 77 86 3 0 21 0.15 0.0 0 7.5 20 120 M M 3 3 24 110
29 95 77 86 3 0 21 0.00 0.0 0 6.9 18 60 M M 1 23 80
30 94 76 85 2 0 20 0.32 0.0 0 4.9 30 70 M M 4 13 35 70
================================================================================
SM 2822 2274 0 605 4.31 0.0 210.1 M 78
================================================================================
AV 94.1 75.8 7.0 FASTST M M 3 MAX(MPH)
MISC ----> 33 310 53 310
================================================================================
NOTES:
# LAST OF SEVERAL OCCURRENCES
COLUMN 17 PEAK WIND IN M.P.H.
PRELIMINARY LOCAL CLIMATOLOGICAL DATA (WS FORM: F-6) , PAGE 2
STATION: ORLANDO EXEC
MONTH: JUNE
YEAR: 2022
LATITUDE: 28 32 N
LONGITUDE: 81 20 W
[TEMPERATURE DATA] [PRECIPITATION DATA] SYMBOLS USED IN COLUMN 16
AVERAGE MONTHLY: 84.9 TOTAL FOR MONTH: 4.31 1 = FOG OR MIST
DPTR FM NORMAL: 2.8 DPTR FM NORMAL: -3.86 2 = FOG REDUCING VISIBILITY
HIGHEST: 99 ON 18,15 GRTST 24HR 1.18 ON 18-18 TO 1/4 MILE OR LESS
LOWEST: 72 ON 7 3 = THUNDER
SNOW, ICE PELLETS, HAIL 4 = ICE PELLETS
TOTAL MONTH: 0.0 INCH 5 = HAIL
GRTST 24HR 0.0 6 = FREEZING RAIN OR DRIZZLE
GRTST DEPTH: 0 7 = DUSTSTORM OR SANDSTORM:
VSBY 1/2 MILE OR LESS
8 = SMOKE OR HAZE
[NO. OF DAYS WITH] [WEATHER - DAYS WITH] 9 = BLOWING SNOW
X = TORNADO
MAX 32 OR BELOW: 0 0.01 INCH OR MORE: 16
MAX 90 OR ABOVE: 27 0.10 INCH OR MORE: 10
MIN 32 OR BELOW: 0 0.50 INCH OR MORE: 2
MIN 0 OR BELOW: 0 1.00 INCH OR MORE: 1
[HDD (BASE 65) ]
TOTAL THIS MO. 0 CLEAR (SCALE 0-3) 22
DPTR FM NORMAL 0 PTCLDY (SCALE 4-7) 7
TOTAL FM JUL 1 253 CLOUDY (SCALE 8-10) 1
DPTR FM NORMAL -216
[CDD (BASE 65) ]
TOTAL THIS MO. 605
DPTR FM NORMAL 94 [PRESSURE DATA]
TOTAL FM JAN 1 1883 HIGHEST SLP M ON M
DPTR FM NORMAL 431 LOWEST SLP 29.68 ON 4
[REMARKS]
#FINAL-06-22#