000
CXUS52 KMLB 010636
CF6ORL
PRELIMINARY LOCAL CLIMATOLOGICAL DATA (WS FORM: F-6)
STATION: ORLANDO EXEC
MONTH: MARCH
YEAR: 2020
LATITUDE: 28 32 N
LONGITUDE: 81 20 W
TEMPERATURE IN F: :PCPN: SNOW: WIND :SUNSHINE: SKY :PK WND
================================================================================
1 2 3 4 5 6A 6B 7 8 9 10 11 12 13 14 15 16 17 18
12Z AVG MX 2MIN
DY MAX MIN AVG DEP HDD CDD WTR SNW DPTH SPD SPD DIR MIN PSBL S-S WX SPD DR
================================================================================
1 73 44 59 -6 6 0 0.00 0.0 0 4.8 14 100 M M 0 17 70
2 79 52 66 1 0 1 0.00 0.0 0 7.7 20 190 M M 2 26 180
3 86 59 73 8 0 8 0.00 0.0 0 9.7 22 240 M M 0 27 250
4 89 66 78 12 0 13 0.00 0.0 0 9.1 18 230 M M 3 1 23 230
5 92 70 81 15 0 16 T 0.0 0 14.7 26 250 M M 4 1 37 240
6 78 60 69 3 0 4 T 0.0 0 11.8 20 290 M M 5 28 250
7 65 49 57 -9 8 0 0.00 0.0 0 11.8 20 30 M M 0 27 70
8 76 50 63 -3 2 0 0.00 0.0 0 9.9 24 80 M M 5 30 110
9 77 56 67 1 0 2 T 0.0 0 10.8 25 130 M M 6 31 130
10 79 60 70 4 0 5 0.00 0.0 0 6.0 16 120 M M 4 20 120
11 84 61 73 6 0 8 0.00 0.0 0 3.4 14 130 M M 3 1 17 100
12 86 65 76 9 0 11 0.00 0.0 0 3.7 15 110 M M 2 18 130
13 87 62 75 8 0 10 0.00 0.0 0 4.1 15 130 M M 2 18 120
14 88 62 75 8 0 10 0.00 0.0 0 4.9 16 110 M M 1 19 110
15 90 63 77 10 0 12 0.00 0.0 0 3.8 17 80 M M 2 1 19 80
16 83 67 75 8 0 10 0.02 0.0 0 6.9 18 80 M M 7 22 80
17 87 65 76 9 0 11 0.00 0.0 0 6.5 16 110 M M 2 20 110
18 88 65 77 9 0 12 0.00 0.0 0 7.1 17 110 M M 1 21 110
19 88 64 76 8 0 11 0.00 0.0 0 8.7 17 120 M M 2 8 25 50
20 88 65 77 9 0 12 0.00 0.0 0 6.8 18 130 M M 1 21 130
21 90 66 78 10 0 13 0.00 0.0 0 4.6 14 130 M M 3 18 120
22 87 67 77 9 0 12 0.00 0.0 0 4.9 16 120 M M 2 19 120
23 89 68 79 11 0 14 0.00 0.0 0 7.0 17 200 M M 4 22 180
24 89 68 79 11 0 14 0.00 0.0 0 6.5 17 230 M M 3 23 220
25 90 70 80 11 0 15 T 0.0 0 11.6 23 270 M M 4 8 29 300
26 89 72 81 12 0 16 0.00 0.0 0 7.4 16 110 M M 4 19 90
27 91 69 80 11 0 15 0.00 0.0 0 7.5 16 140 M M 2 1 20 140
28 93 67 80 11 0 15 0.00 0.0 0 8.2 16 120 M M 0 1 19 120
29 92 65 79 10 0 14 0.00 0.0 0 5.6 14 210 M M 0 19 210
30 91 72 82 13 0 17 0.00 0.0 0 4.1 15 290 M M 2 19 290
31 91 71 81 11 0 16 0.17 0.0 0 13.0 28 250 M M 4 38 260
================================================================================
SM 2655 1960 16 317 0.19 0.0 232.6 M 80
================================================================================
AV 85.6 63.2 7.5 FASTST M M 3 MAX(MPH)
MISC ----> 28 250 38 260
================================================================================
NOTES:
# LAST OF SEVERAL OCCURRENCES
COLUMN 17 PEAK WIND IN M.P.H.
PRELIMINARY LOCAL CLIMATOLOGICAL DATA (WS FORM: F-6) , PAGE 2
STATION: ORLANDO EXEC
MONTH: MARCH
YEAR: 2020
LATITUDE: 28 32 N
LONGITUDE: 81 20 W
[TEMPERATURE DATA] [PRECIPITATION DATA] SYMBOLS USED IN COLUMN 16
AVERAGE MONTHLY: 74.4 TOTAL FOR MONTH: 0.19 1 = FOG OR MIST
DPTR FM NORMAL: 7.1 DPTR FM NORMAL: -3.60 2 = FOG REDUCING VISIBILITY
HIGHEST: 93 ON 28 GRTST 24HR 0.17 ON 31-31 TO 1/4 MILE OR LESS
LOWEST: 44 ON 1 3 = THUNDER
SNOW, ICE PELLETS, HAIL 4 = ICE PELLETS
TOTAL MONTH: 0.0 INCH 5 = HAIL
GRTST 24HR 0.0 6 = FREEZING RAIN OR DRIZZLE
GRTST DEPTH: 0 7 = DUSTSTORM OR SANDSTORM:
VSBY 1/2 MILE OR LESS
8 = SMOKE OR HAZE
[NO. OF DAYS WITH] [WEATHER - DAYS WITH] 9 = BLOWING SNOW
X = TORNADO
MAX 32 OR BELOW: 0 0.01 INCH OR MORE: 2
MAX 90 OR ABOVE: 9 0.10 INCH OR MORE: 1
MIN 32 OR BELOW: 0 0.50 INCH OR MORE: 0
MIN 0 OR BELOW: 0 1.00 INCH OR MORE: 0
[HDD (BASE 65) ]
TOTAL THIS MO. 16 CLEAR (SCALE 0-3) 19
DPTR FM NORMAL -31 PTCLDY (SCALE 4-7) 12
TOTAL FM JUL 1 261 CLOUDY (SCALE 8-10) 0
DPTR FM NORMAL -260
[CDD (BASE 65) ]
TOTAL THIS MO. 317
DPTR FM NORMAL 199 [PRESSURE DATA]
TOTAL FM JAN 1 561 HIGHEST SLP M ON M
DPTR FM NORMAL 340 LOWEST SLP 29.70 ON 31
[REMARKS]
#FINAL-03-20#