000
CXUS52 KMLB 010624
CF6ORL
PRELIMINARY LOCAL CLIMATOLOGICAL DATA (WS FORM: F-6)
STATION: ORLANDO EXEC
MONTH: AUGUST
YEAR: 2023
LATITUDE: 28 32 N
LONGITUDE: 81 20 W
TEMPERATURE IN F: :PCPN: SNOW: WIND :SUNSHINE: SKY :PK WND
================================================================================
1 2 3 4 5 6A 6B 7 8 9 10 11 12 13 14 15 16 17 18
12Z AVG MX 2MIN
DY MAX MIN AVG DEP HDD CDD WTR SNW DPTH SPD SPD DIR MIN PSBL S-S WX SPD DR
================================================================================
1 94 73 84 0 0 19 0.00 0.0 0 5.4 18 90 M M 1 25 40
2 93 76 85 1 0 20 0.04 0.0 0 6.5 20 70 M M 3 24 90
3 93 76 85 1 0 20 0.00 0.0 0 7.2 18 70 M M 3 24 80
4 94 76 85 1 0 20 0.27 0.0 0 4.3 21 90 M M 2 13 27 110
5 96 79 88 4 0 23 0.03 0.0 0 5.1 30 290 M M 1 3 42 280
6 92 78 85 1 0 20 0.31 0.0 0 5.6 30 280 M M 2 13 38 270
7 97 80 89 5 0 24 0.15 0.0 0 6.4 26 200 M M 2 3 36 200
8 98 82 90 6 0 25 0.00 0.0 0 6.9 15 290 M M 1 3 22 300
9 98 81 90 6 0 25 0.00 0.0 0 6.4 14 250 M M 1 19 220
10 96 82 89 5 0 24 0.03 0.0 0 7.3 17 290 M M 1 3 24 270
11 98 79 89 5 0 24 0.46 0.0 0 4.0 14 20 M M 2 3 19 20
12 99 81 90 6 0 25 T 0.0 0 4.4 28 110 M M 1 3 35 100
13 97 79 88 4 0 23 0.00 0.0 0 6.3 16 80 M M 1 23 90
14 93 79 86 2 0 21 0.83 0.0 0 5.3 28 250 M M 2 13 36 250
15 96 77 87 3 0 22 0.22 0.0 0 6.1 25 180 M M 2 3 36 220
16 95 76 86 2 0 21 0.35 0.0 0 5.8 21 300 M M 2 13 26 300
17 94 75 85 1 0 20 0.50 0.0 0 7.2 26 240 M M 2 13 35 230
18 92 76 84 0 0 19 0.06 0.0 0 6.8 20 240 M M 2 3 26 240
19 93 75 84 0 0 19 0.00 0.0 0 5.6 18 110 M M 1 26 100
20 89 76 83 -1 0 18 0.46 0.0 0 8.8 23 150 M M 2 38 33 180
21 92 78 85 2 0 20 0.00 0.0 0 9.9 20 80 M M 2 28 90
22 93 77 85 2 0 20 0.00 0.0 0 6.9 16 80 M M 1 27 50
23 93 77 85 2 0 20 0.16 0.0 0 6.0 17 70 M M 1 8 24 70
24 93 80 87 4 0 22 T 0.0 0 9.3 21 80 M M 2 26 80
25 94 79 87 4 0 22 0.00 0.0 0 7.5 17 40 M M 2 24 50
26 95 78 87 4 0 22 0.00 0.0 0 5.8 17 70 M M 1 32 50
27 94 78 86 3 0 21 T 0.0 0 7.4 20 60 M M 2 3 27 60
28 95 78 87 4 0 22 0.01 0.0 0 7.6 22 140 M M 2 26 140
29 94 77 86 3 0 21 0.03 0.0 0 7.5 29 200 M M 1 3 39 200
30 86 78 82 -1 0 17 2.18 0.0 0 16.0 30 190 M M 6 13 39 190
31 93 78 86 3 0 21 1.09 0.0 0 4.9 24 160 M M 4 123 31 170
================================================================================
SM 2919 2414 0 660 7.18 0.0 210.2 M 58
================================================================================
AV 94.2 77.9 6.8 FASTST M M 2 MAX(MPH)
MISC ----> # 30 290 42 280
================================================================================
NOTES:
# LAST OF SEVERAL OCCURRENCES
COLUMN 17 PEAK WIND IN M.P.H.
PRELIMINARY LOCAL CLIMATOLOGICAL DATA (WS FORM: F-6) , PAGE 2
STATION: ORLANDO EXEC
MONTH: AUGUST
YEAR: 2023
LATITUDE: 28 32 N
LONGITUDE: 81 20 W
[TEMPERATURE DATA] [PRECIPITATION DATA] SYMBOLS USED IN COLUMN 16
AVERAGE MONTHLY: 86.0 TOTAL FOR MONTH: 7.18 1 = FOG OR MIST
DPTR FM NORMAL: 2.4 DPTR FM NORMAL: -0.48 2 = FOG REDUCING VISIBILITY
HIGHEST: 99 ON 12 GRTST 24HR 2.21 ON 29-30 TO 1/4 MILE OR LESS
LOWEST: 73 ON 1 3 = THUNDER
SNOW, ICE PELLETS, HAIL 4 = ICE PELLETS
TOTAL MONTH: 0.0 INCH 5 = HAIL
GRTST 24HR 0.0 6 = FREEZING RAIN OR DRIZZLE
GRTST DEPTH: 0 7 = DUSTSTORM OR SANDSTORM:
VSBY 1/2 MILE OR LESS
8 = SMOKE OR HAZE
[NO. OF DAYS WITH] [WEATHER - DAYS WITH] 9 = BLOWING SNOW
X = TORNADO
MAX 32 OR BELOW: 0 0.01 INCH OR MORE: 18
MAX 90 OR ABOVE: 29 0.10 INCH OR MORE: 12
MIN 32 OR BELOW: 0 0.50 INCH OR MORE: 4
MIN 0 OR BELOW: 0 1.00 INCH OR MORE: 2
[HDD (BASE 65) ]
TOTAL THIS MO. 0 CLEAR (SCALE 0-3) 28
DPTR FM NORMAL 0 PTCLDY (SCALE 4-7) 3
TOTAL FM JUL 1 0 CLOUDY (SCALE 8-10) 0
DPTR FM NORMAL 0
[CDD (BASE 65) ]
TOTAL THIS MO. 660
DPTR FM NORMAL 85 [PRESSURE DATA]
TOTAL FM JAN 1 3154 HIGHEST SLP M ON M
DPTR FM NORMAL 555 LOWEST SLP 29.65 ON 30
[REMARKS]
#FINAL-08-23#