000
CXUS55 KPAH 011931
CF6OWB
PRELIMINARY LOCAL CLIMATOLOGICAL DATA (WS FORM: F-6)
STATION: OWENSBORO KY
MONTH: JULY
YEAR: 2021
LATITUDE: 37 45 N
LONGITUDE: 87 10 W
TEMPERATURE IN F: :PCPN: SNOW: WIND :SUNSHINE: SKY :PK WND
================================================================================
1 2 3 4 5 6A 6B 7 8 9 10 11 12 13 14 15 16 17 18
12Z AVG MX 2MIN
DY MAX MIN AVG DEP HDD CDD WTR SNW DPTH SPD SPD DIR MIN PSBL S-S WX SPD DR
================================================================================
1 82 70 76 -4 0 11 1.70 M M 5.2 15 280 M M 7 1 18 290
2 82 62 72 -8 0 7 0.00 M M 6.7 14 340 M M 1 8 18 350
3 80 58 69 -11 0 4 0.00 M M 3.8 12 330 M M 1 15 320
4 85 62 74 -6 0 9 0.00 M M 2.9 9 310 M M 0 12 290
5 89 63 76 -4 0 11 0.00 M M 1.8 8 240 M M 0 10 240
6 92 72 82 2 0 17 0.00 M M 3.0 9 200 M M 1 18 12 210
7 88 72 80 0 0 15 0.00 M M 6.7 15 160 M M 3 17 160
8 90 71 81 0 0 16 0.00 M M 6.2 12 180 M M 5 18 15 220
9 84 71 78 -3 0 13 0.00 M M 5.1 13 50 M M 3 1 16 40
10 85 69 77 -4 0 12 0.53 M M 7.7 24 280 M M 7 13 40 270
11 82 69 76 -5 0 11 0.03 M M 6.9 16 220 M M 9 3 20 220
12 83 70 77 -4 0 12 0.95 M M 7.1 25 240 M M 7 13 29 240
13 83 70 77 -4 0 12 0.00 M M 7.4 15 280 M M 6 18 260
14 86 69 78 -3 0 13 0.00 M M 5.5 9 200 M M 3 M M
15 89 70 80 0 0 15 0.00 M M 8.4 16 210 M M 1 18 220
16 88 71 80 0 0 15 0.73 M M 8.0 24 210 M M 5 13 30 210
17 84 72 78 -2 0 13 0.09 M M 5.7 12 310 M M 6 18 15 310
18 84 70 77 -3 0 12 0.15 M M 4.2 15 140 M M 5 3 17 140
19 85 68 77 -3 0 12 0.00 M M 8.2 16 60 M M 2 8 21 60
20 85 69 77 -3 0 12 0.00 M M 6.2 14 60 M M 1 8 17 40
21 86 66 76 -4 0 11 0.00 M M 4.3 12 50 M M 1 8 13 10
22 86 70 78 -2 0 13 0.00 M M 3.4 9 70 M M 2 8 13 90
23 86 69 78 -2 0 13 0.00 M M 2.3 8 70 M M 2 18 12 200
24 88 67 78 -2 0 13 0.00 M M 3.6 10 180 M M 1 13 210
25 88 74 81 1 0 16 0.00 M M 4.3 13 340 M M 1 1 15 340
26 91 73 82 2 0 17 0.00 M M 3.5 10 10 M M 3 18 15 340
27 91 72 82 2 0 17 0.00 M M 3.7 12 10 M M 0 14 360
28 89 68 79 -1 0 14 0.00 M M 2.1 8 310 M M 0 10 330
29 92 69 81 1 0 16 0.00 M M 5.5 17 240 M M 1 18 21 250
30 88 72 80 0 0 15 0.06 M M 7.1 28 320 M M 2 38 35 330
31 80 65 73 -7 0 8 0.01 M M 4.4 12 40 M M 5 1 14 40
================================================================================
SM 2671 2133 0 395 4.25 M 160.9 M 91
================================================================================
AV 86.2 68.8 5.2 FASTST M M 3 MAX(MPH)
MISC ----> 28 320 40 270
================================================================================
NOTES:
# LAST OF SEVERAL OCCURRENCES
COLUMN 17 PEAK WIND IN M.P.H.
PRELIMINARY LOCAL CLIMATOLOGICAL DATA (WS FORM: F-6) , PAGE 2
STATION: OWENSBORO KY
MONTH: JULY
YEAR: 2021
LATITUDE: 37 45 N
LONGITUDE: 87 10 W
[TEMPERATURE DATA] [PRECIPITATION DATA] SYMBOLS USED IN COLUMN 16
AVERAGE MONTHLY: 77.5 TOTAL FOR MONTH: 4.25 1 = FOG OR MIST
DPTR FM NORMAL: -2.8 DPTR FM NORMAL: 0.49 2 = FOG REDUCING VISIBILITY
HIGHEST: 92 ON 29, 6 GRTST 24HR 1.73 ON 30- 1 TO 1/4 MILE OR LESS
LOWEST: 58 ON 3 3 = THUNDER
SNOW, ICE PELLETS, HAIL 4 = ICE PELLETS
TOTAL MONTH: M 5 = HAIL
GRTST 24HR M ON M 6 = FREEZING RAIN OR DRIZZLE
GRTST DEPTH: M ON M 7 = DUSTSTORM OR SANDSTORM:
VSBY 1/2 MILE OR LESS
8 = SMOKE OR HAZE
[NO. OF DAYS WITH] [WEATHER - DAYS WITH] 9 = BLOWING SNOW
X = TORNADO
MAX 32 OR BELOW: 0 0.01 INCH OR MORE: 9
MAX 90 OR ABOVE: 5 0.10 INCH OR MORE: 5
MIN 32 OR BELOW: 0 0.50 INCH OR MORE: 4
MIN 0 OR BELOW: 0 1.00 INCH OR MORE: 1
[HDD (BASE 65) ]
TOTAL THIS MO. 0 CLEAR (SCALE 0-3) 20
DPTR FM NORMAL 0 PTCLDY (SCALE 4-7) 10
TOTAL FM JUL 1 0 CLOUDY (SCALE 8-10) 1
DPTR FM NORMAL 0
[CDD (BASE 65) ]
TOTAL THIS MO. 395
DPTR FM NORMAL -80 [PRESSURE DATA]
TOTAL FM JAN 1 891 HIGHEST SLP 30.23 ON 14
DPTR FM NORMAL -139 LOWEST SLP 29.77 ON 11
[REMARKS]
#FINAL-07-21#