000
CXUS53 KDDC 031555
CF6P28
PRELIMINARY LOCAL CLIMATOLOGICAL DATA (WS FORM: F-6)
STATION: MEDICINE LODGE KS
MONTH: JULY
YEAR: 2020
LATITUDE: 37 17 N
LONGITUDE: 98 35 W
TEMPERATURE IN F: :PCPN: SNOW: WIND :SUNSHINE: SKY :PK WND
================================================================================
1 2 3 4 5 6A 6B 7 8 9 10 11 12 13 14 15 16 17 18
12Z AVG MX 2MIN
DY MAX MIN AVG DEP HDD CDD WTR SNW DPTH SPD SPD DIR MIN PSBL S-S WX SPD DR
================================================================================
1 100 71 86 6 0 21 0.00 0.0 0 6.5 16 180 M M 0 23 170
2 98 72 85 4 0 20 0.00 0.0 0 8.9 29 10 M M 0 41 350
3 92 67 80 -1 0 15 0.00 0.0 0 7.1 25 50 M M 0 36 360
4 94 67 81 0 0 16 0.00 0.0 0 6.1 15 60 M M 0 22 50
5 94 70 82 1 0 17 0.00 0.0 0 5.8 14 90 M M 0 23 120
6 93 71 82 1 0 17 0.00 0.0 0 5.0 24 70 M M 0 34 70
7 95 68 82 0 0 17 0.00 0.0 0 6.3 16 190 M M 0 23 130
8 98 70 84 2 0 19 0.00 0.0 0 10.2 20 200 M M 0 31 140
9 92 69 81 -1 0 16 0.00 0.0 0 12.5 31 70 M M 0 41 60
10 88 66 77 -5 0 12 0.51 0.0 0 10.6 31 70 M M 0 46 70
11 100 72 86 4 0 21 0.00 0.0 0 8.7 21 230 M M 0 29 220
12 94 71 83 1 0 18 0.00 0.0 0 6.2 14 70 M M 0 22 110
13 90 69 80 -2 0 15 0.52 0.0 0 11.0 22 330 M M 0 30 320
14 95 72 84 2 0 19 0.00 0.0 0 9.6 20 360 M M 0 31 140
15 87 68 78 -4 0 13 0.22 0.0 0 7.9 28 340 M M 0 39 340
16 88 68 78 -4 0 13 0.57 0.0 0 8.4 21 270 M M 0 30 270
17 99 75 87 5 0 22 0.00 0.0 0 10.9 18 170 M M 0 27 170
18 100 74 87 5 0 22 0.00 0.0 0 12.4 24 180 M M 0 37 170
19 94 71 83 1 0 18 0.00 0.0 0 8.1 28 340 M M 0 41 350
20 92 73 83 0 0 18 0.08 0.0 0 6.7 16 170 M M 0 24 170
21 89 66 78 -5 0 13 1.09 0.0 0 5.1 23 190 M M 0 35 310
22 92 70 81 -2 0 16 0.00 0.0 0 6.4 14 190 M M 0 20 180
23 92 72 82 -1 0 17 0.00 0.0 0 8.0 17 190 M M 0 25 200
24 94 74 84 1 0 19 0.00 0.0 0 8.9 18 170 M M 0 27 170
25 93 73 83 0 0 18 0.00 0.0 0 8.0 16 170 M M 0 25 170
26 95 72 84 1 0 19 0.00 0.0 0 9.1 17 180 M M 0 25 160
27 83 69 76 -7 0 11 1.22 0.0 0 4.2 21 340 M M 0 27 350
28 84 72 78 -5 0 13 0.00 0.0 0 4.4 10 120 M M 0 16 110
29 91 70 81 -1 0 16 0.00 0.0 0 4.5 33 10 M M 0 45 360
30 86 67 77 -5 0 12 0.45 0.0 0 10.8 30 320 M M 0 42 310
31 83 62 73 -9 0 8 0.00 0.0 0 9.6 22 10 M M 0 29 360
================================================================================
SM 2865 2171 0 511 4.66 0.0 247.9 M 0
================================================================================
AV 92.4 70.0 8.0 FASTST M M 0 MAX(MPH)
MISC ----> 33 10 46 70
================================================================================
NOTES:
# LAST OF SEVERAL OCCURRENCES
COLUMN 17 PEAK WIND IN M.P.H.
PRELIMINARY LOCAL CLIMATOLOGICAL DATA (WS FORM: F-6) , PAGE 2
STATION: MEDICINE LODGE KS
MONTH: JULY
YEAR: 2020
LATITUDE: 37 17 N
LONGITUDE: 98 35 W
[TEMPERATURE DATA] [PRECIPITATION DATA] SYMBOLS USED IN COLUMN 16
AVERAGE MONTHLY: 81.2 TOTAL FOR MONTH: 4.66 1 = FOG OR MIST
DPTR FM NORMAL: -0.9 DPTR FM NORMAL: 1.28 2 = FOG REDUCING VISIBILITY
HIGHEST: 100 ON 18,11 GRTST 24HR 1.22 ON 27-27 TO 1/4 MILE OR LESS
LOWEST: 62 ON 31 3 = THUNDER
SNOW, ICE PELLETS, HAIL 4 = ICE PELLETS
TOTAL MONTH: 0.0 INCH 5 = HAIL
GRTST 24HR 0.0 6 = FREEZING RAIN OR DRIZZLE
GRTST DEPTH: 0 7 = DUSTSTORM OR SANDSTORM:
VSBY 1/2 MILE OR LESS
8 = SMOKE OR HAZE
[NO. OF DAYS WITH] [WEATHER - DAYS WITH] 9 = BLOWING SNOW
X = TORNADO
MAX 32 OR BELOW: 0 0.01 INCH OR MORE: 8
MAX 90 OR ABOVE: 23 0.10 INCH OR MORE: 7
MIN 32 OR BELOW: 0 0.50 INCH OR MORE: 5
MIN 0 OR BELOW: 0 1.00 INCH OR MORE: 2
[HDD (BASE 65) ]
TOTAL THIS MO. 0
DPTR FM NORMAL 0
TOTAL FM JUL 1 0
DPTR FM NORMAL 0
[CDD (BASE 65) ]
TOTAL THIS MO. 511
DPTR FM NORMAL -17 [PRESSURE DATA]
TOTAL FM JAN 1 1080 HIGHEST SLP 30.10 ON 16
DPTR FM NORMAL 43 LOWEST SLP 29.61 ON 1
[REMARKS]
#FINAL-07-20#