000
CXUS55 KRIW 011110
CF6P60
PRELIMINARY LOCAL CLIMATOLOGICAL DATA (WS FORM: F-6)
STATION: LAKE YELLOWSTONE WY
MONTH: NOVEMBER
YEAR: 2023
LATITUDE: 44 32 N
LONGITUDE: 110 25 W
TEMPERATURE IN F: :PCPN: SNOW: WIND :SUNSHINE: SKY :PK WND
================================================================================
1 2 3 4 5 6A 6B 7 8 9 10 11 12 13 14 15 16 17 18
12Z AVG MX 2MIN
DY MAX MIN AVG DEP HDD CDD WTR SNW DPTH SPD SPD DIR MIN PSBL S-S WX SPD DR
================================================================================
1 42 14 28 1 37 0 0.00 M M 1.4 7 250 M M 0 13 270
2 34 24 29 2 36 0 0.34 M M 2.4 14 270 M M 0 27 290
3 40 30 35 9 30 0 0.12 M M 2.7 12 280 M M 0 22 280
4 42 27 35 9 30 0 0.02 M M 1.8 7 270 M M 0 18 230
5 40 31 36 10 29 0 0.80 M M 2.6 16 290 M M 0 32 300
6 37 29 33 8 32 0 0.35 M M 1.9 10 230 M M 0 23 240
7 34 22 28 3 37 0 0.04 M M 4.0 8 260 M M 0 M M
8 32 12 22 -2 43 0 0.01 M M 2.4 10 260 M M 0 18 290
9 30 8 19 -5 46 0 0.00 M M 1.9 12 270 M M 0 19 260
10 33 7 20 -4 45 0 0.01 M M 2.6 9 270 M M 0 16 180
11 34 18 26 3 39 0 0.00 M M 4.1 13 250 M M 0 25 210
12 41 14 28 5 37 0 0.00 M M 3.0 8 260 M M 0 17 210
13 47 15 31 9 34 0 0.00 M M 2.5 10 270 M M 0 20 280
14 43 21 32 10 33 0 0.00 M M 2.8 14 270 M M M 29 280
15 45 22 34 12 31 0 0.00 M M 2.9 9 230 M M 0 22 200
16 42 22 32 11 33 0 0.00 M M 2.5 8 220 M M 0 M M
17 43 19 31 10 34 0 0.00 M M 1.0 5 99 M M 0 M M
18 39 17 28 8 37 0 0.00 M M 0.6 4 310 M M 0 M M
19 36 22 29 9 36 0 0.13 M M 1.3 5 270 M M 0 M M
20 28 7 18 -2 47 0 0.00 M M 2.2 7 280 M M 0 M M
21 34 11 23 4 42 0 0.00 M M 1.0 4 300 M M 0 M M
22 36 11 24 5 41 0 0.00 M M 1.2 6 99 M M 0 M M
23 28 17 23 5 42 0 0.01 M M 1.4 6 99 M M 0 M M
24 22 0 11 -7 54 0 0.00 M M 2.2 6 99 M M 0 M M
25 M -4 M M M M 0.00 M M 1.0 4 310 M M 0 M M
26 28 2 15 -2 50 0 0.00 M M 2.0 6 310 M M 0 M M
27 29 4 17 0 48 0 0.00 M M 2.5 6 99 M M 0 M M
28 33 0 17 0 48 0 0.00 M M 1.5 6 120 M M 0 8 130
29 35 1 18 2 47 0 0.00 M M 2.0 7 270 M M 0 11 230
30 29 6 18 2 47 0 0.00 M M 1.8 9 280 M M 0 18 230
================================================================================
SM 1036 429 1145 0 1.83 M 63.2 M 0
================================================================================
AV 35.7 14.3 2.1 FASTST M M 0 MAX(MPH)
MISC ----> 16 290 32 300
================================================================================
NOTES:
# LAST OF SEVERAL OCCURRENCES
COLUMN 17 PEAK WIND IN M.P.H.
PRELIMINARY LOCAL CLIMATOLOGICAL DATA (WS FORM: F-6) , PAGE 2
STATION: LAKE YELLOWSTONE WY
MONTH: NOVEMBER
YEAR: 2023
LATITUDE: 44 32 N
LONGITUDE: 110 25 W
[TEMPERATURE DATA] [PRECIPITATION DATA] SYMBOLS USED IN COLUMN 16
AVERAGE MONTHLY: 25.0 TOTAL FOR MONTH: 1.83 1 = FOG OR MIST
DPTR FM NORMAL: 3.5 DPTR FM NORMAL: -0.23 2 = FOG REDUCING VISIBILITY
HIGHEST: 47 ON 13 GRTST 24HR 0.82 ON 4- 5 TO 1/4 MILE OR LESS
LOWEST: -4 ON 25 3 = THUNDER
SNOW, ICE PELLETS, HAIL 4 = ICE PELLETS
TOTAL MONTH: M 5 = HAIL
GRTST 24HR M ON M 6 = FREEZING RAIN OR DRIZZLE
GRTST DEPTH: M ON M 7 = DUSTSTORM OR SANDSTORM:
VSBY 1/2 MILE OR LESS
8 = SMOKE OR HAZE
[NO. OF DAYS WITH] [WEATHER - DAYS WITH] 9 = BLOWING SNOW
X = TORNADO
MAX 32 OR BELOW: 8 0.01 INCH OR MORE: 10
MAX 90 OR ABOVE: 0 0.10 INCH OR MORE: 5
MIN 32 OR BELOW: 30 0.50 INCH OR MORE: 1
MIN 0 OR BELOW: 3 1.00 INCH OR MORE: 0
[HDD (BASE 65) ]
TOTAL THIS MO. 1145 CLEAR (SCALE 0-3) 29
DPTR FM NORMAL -160 PTCLDY (SCALE 4-7) 0
TOTAL FM JUL 1 3074 CLOUDY (SCALE 8-10) 1
DPTR FM NORMAL -432
[CDD (BASE 65) ]
TOTAL THIS MO. 0
DPTR FM NORMAL 0 [PRESSURE DATA]
TOTAL FM JAN 1 0 HIGHEST SLP 30.84 ON 21
DPTR FM NORMAL 0 LOWEST SLP 29.78 ON 6
[REMARKS]
#FINAL-11-23#