000
CXUS56 KLKN 040651
CF6P68
PRELIMINARY LOCAL CLIMATOLOGICAL DATA (WS FORM: F-6)
STATION: EUREKA AIRPORT NV
MONTH: JANUARY
YEAR: 2022
LATITUDE: 39 30 N
LONGITUDE: 115 58 W
TEMPERATURE IN F: :PCPN: SNOW: WIND :SUNSHINE: SKY :PK WND
================================================================================
1 2 3 4 5 6A 6B 7 8 9 10 11 12 13 14 15 16 17 18
12Z AVG MX 2MIN
DY MAX MIN AVG DEP HDD CDD WTR SNW DPTH SPD SPD DIR MIN PSBL S-S WX SPD DR
================================================================================
1 19 -9 5 -20 60 0 0.01 M M 4.6 13 180 M M M 14 210
2 29 -8 11 -14 54 0 0.00 M M 5.5 16 200 M M M 20 200
3 32 7 20 -5 45 0 0.00 M M 6.5 16 180 M M M 19 230
4 45 13 29 4 36 0 0.00 M M 7.9 22 260 M M M 29 270
5 47 34 41 16 24 0 0.01 M M 8.3 17 260 M M M 24 280
6 49 25 37 12 28 0 0.00 M M 6.1 17 250 M M M 23 240
7 46 21 34 9 31 0 0.00 M M 6.7 20 310 M M M 27 310
8 38 13 26 1 39 0 0.00 M M 4.8 18 290 M M M 25 310
9 37 10 24 -2 41 0 0.00 M M 4.8 10 200 M M M 12 130
10 38 8 23 -3 42 0 0.00 M M 3.4 12 210 M M M 14 200
11 39 11 25 -1 40 0 0.00 M M 4.7 13 110 M M M 14 90
12 47 15 31 5 34 0 0.00 M M 4.2 13 200 M M M 14 200
13 50 20 35 9 30 0 0.00 M M 5.3 13 210 M M M 17 210
14 40 17 29 3 36 0 0.00 M M 3.9 10 180 M M M 11 200
15 39 10 25 -1 40 0 0.00 M M 5.3 12 200 M M M 14 200
16 39 7 23 -3 42 0 0.00 M M 4.5 13 200 M M M 14 210
17 38 10 24 -2 41 0 0.00 M M 4.0 10 210 M M M 13 210
18 43 15 29 3 36 0 0.00 M M 3.5 10 190 M M M 12 210
19 41 15 28 2 37 0 0.00 M M 4.2 9 200 M M M 11 10
20 43 12 28 2 37 0 0.00 M M 3.6 10 190 M M M 13 210
21 33 7 20 -6 45 0 0.04 M M 8.8 21 330 M M M 29 340
22 33 14 24 -2 41 0 0.00 M M 3.2 10 190 M M M 11 190
23 38 9 24 -2 41 0 0.00 M M 3.6 10 180 M M M 11 190
24 46 12 29 3 36 0 0.00 M M 4.1 12 190 M M M 13 210
25 35 12 24 -2 41 0 0.00 M M 6.8 20 330 M M M 28 350
26 36 7 22 -4 43 0 0.00 M M 4.6 10 190 M M M 13 200
27 38 6 22 -4 43 0 0.00 M M 5.1 10 230 M M M 14 220
28 39 2 21 -6 44 0 0.00 M M 4.4 10 200 M M M 12 200
29 45 4 25 -2 40 0 0.00 M M 4.7 10 200 M M M 12 210
30 44 10 27 0 38 0 0.00 M M 4.6 13 200 M M M 18 210
31 47 15 31 4 34 0 0.00 M M 6.6 18 320 M M M 24 280
================================================================================
SM 1233 344 1219 0 0.06 M 158.3 M M
================================================================================
AV 39.8 11.1 5.1 FASTST M M M MAX(MPH)
MISC ----> 22 260 # 29 270
================================================================================
NOTES:
# LAST OF SEVERAL OCCURRENCES
COLUMN 17 PEAK WIND IN M.P.H.
PRELIMINARY LOCAL CLIMATOLOGICAL DATA (WS FORM: F-6) , PAGE 2
STATION: EUREKA AIRPORT NV
MONTH: JANUARY
YEAR: 2022
LATITUDE: 39 30 N
LONGITUDE: 115 58 W
[TEMPERATURE DATA] [PRECIPITATION DATA] SYMBOLS USED IN COLUMN 16
AVERAGE MONTHLY: 25.4 TOTAL FOR MONTH: 0.06 1 = FOG OR MIST
DPTR FM NORMAL: -0.5 DPTR FM NORMAL: -0.74 2 = FOG REDUCING VISIBILITY
HIGHEST: 50 ON 13 GRTST 24HR 0.04 ON 21-21 TO 1/4 MILE OR LESS
LOWEST: -9 ON 1 3 = THUNDER
SNOW, ICE PELLETS, HAIL 4 = ICE PELLETS
TOTAL MONTH: M 5 = HAIL
GRTST 24HR M ON M 6 = FREEZING RAIN OR DRIZZLE
GRTST DEPTH: M ON M 7 = DUSTSTORM OR SANDSTORM:
VSBY 1/2 MILE OR LESS
8 = SMOKE OR HAZE
[NO. OF DAYS WITH] [WEATHER - DAYS WITH] 9 = BLOWING SNOW
X = TORNADO
MAX 32 OR BELOW: 3 0.01 INCH OR MORE: 3
MAX 90 OR ABOVE: 0 0.10 INCH OR MORE: 0
MIN 32 OR BELOW: 30 0.50 INCH OR MORE: 0
MIN 0 OR BELOW: 2 1.00 INCH OR MORE: 0
[HDD (BASE 65) ]
TOTAL THIS MO. 1219 CLEAR (SCALE 0-3) 0
DPTR FM NORMAL 7 PTCLDY (SCALE 4-7) 0
TOTAL FM JUL 1 3932 CLOUDY (SCALE 8-10) 31
DPTR FM NORMAL -195
[CDD (BASE 65) ]
TOTAL THIS MO. 0
DPTR FM NORMAL 0 [PRESSURE DATA]
TOTAL FM JAN 1 0 HIGHEST SLP 30.76 ON 28
DPTR FM NORMAL 0 LOWEST SLP 29.69 ON 7
[REMARKS]
#FINAL-01-22#