000
CXUS56 KLKN 161841
CF6P68
PRELIMINARY LOCAL CLIMATOLOGICAL DATA (WS FORM: F-6)
STATION: EUREKA AIRPORT NV
MONTH: JANUARY
YEAR: 2021
LATITUDE: 39 30 N
LONGITUDE: 115 58 W
TEMPERATURE IN F: :PCPN: SNOW: WIND :SUNSHINE: SKY :PK WND
================================================================================
1 2 3 4 5 6A 6B 7 8 9 10 11 12 13 14 15 16 17 18
12Z AVG MX 2MIN
DY MAX MIN AVG DEP HDD CDD WTR SNW DPTH SPD SPD DIR MIN PSBL S-S WX SPD DR
================================================================================
1 37 3 20 -5 45 0 0.00 M M 4.9 12 250 M M M 13 250
2 41 11 26 1 39 0 0.00 M M 5.5 16 210 M M M 19 210
3 48 22 35 10 30 0 0.00 M M 4.3 9 190 M M M 11 230
4 47 18 33 8 32 0 0.08 M M 8.6 31 280 M M M 44 280
5 39 8 24 -1 41 0 0.00 M M 5.4 14 270 M M M 18 280
6 39 2 21 -4 44 0 0.00 M M 4.4 12 200 M M M 14 210
7 41 5 23 -2 42 0 0.00 M M 5.1 13 200 M M M 16 200
8 40 7 24 -1 41 0 0.00 M M 5.9 17 310 M M M 24 300
9 31 10 21 -5 44 0 0.00 M M 4.7 9 210 M M M 12 330
10 33 6 20 -6 45 0 0.00 M M 4.6 10 210 M M M 11 210
11 38 2 20 -6 45 0 0.21 M M 4.2 13 290 M M M 13 290
12 43 7 25 -1 40 0 0.00 M M 5.5 14 200 M M M 15 200
13 54 26 40 14 25 0 0.00 M M 6.9 16 270 M M M 20 280
14 47 18 33 7 32 0 0.00 M M 4.2 9 160 M M M 18 320
15 50 18 34 8 31 0 0.00 M M 5.5 15 200 M M M 18 200
16 48 18 33 7 32 0 0.00 M M 3.4 9 200 M M M 10 190
17 49 16 33 7 32 0 0.00 M M 4.1 12 200 M M M 13 200
18 38 17 28 2 37 0 0.00 M M 7.7 23 350 M M M 30 360
19 39 13 26 0 39 0 0.00 M M 8.1 21 20 M M M 25 350
20 44 11 28 2 37 0 0.00 M M 4.5 10 200 M M M 12 190
21 48 15 32 6 33 0 0.00 M M 5.4 13 200 M M M 14 210
22 44 27 36 10 29 0 0.05 M M 8.6 26 170 M M M 33 160
23 32 24 28 2 37 0 0.13 M M 4.7 16 250 M M M 21 270
24 32 11 22 -4 43 0 0.00 M M 2.4 9 60 M M M 11 60
25 30 14 22 -4 43 0 0.00 M M 2.9 10 360 M M M 14 10
26 30 21 26 0 39 0 0.00 M M 5.6 20 150 M M M 29 160
27 34 25 30 4 35 0 0.00 M M 13.7 31 200 M M M 41 200
28 43 28 36 9 29 0 T M M 18.3 33 170 M M M 44 170
29 38 16 27 0 38 0 0.09 M M 11.4 29 180 M M M 35 170
30 38 12 25 -2 40 0 0.00 M M 5.8 15 190 M M M 17 190
31 44 15 30 3 35 0 0.00 M M 5.6 14 130 M M M 17 130
================================================================================
SM 1259 446 1154 0 0.56 M 191.9 M M
================================================================================
AV 40.6 14.4 6.2 FASTST M M M MAX(MPH)
MISC ----> 33 170 # 44 280
================================================================================
NOTES:
# LAST OF SEVERAL OCCURRENCES
COLUMN 17 PEAK WIND IN M.P.H.
PRELIMINARY LOCAL CLIMATOLOGICAL DATA (WS FORM: F-6) , PAGE 2
STATION: EUREKA AIRPORT NV
MONTH: JANUARY
YEAR: 2021
LATITUDE: 39 30 N
LONGITUDE: 115 58 W
[TEMPERATURE DATA] [PRECIPITATION DATA] SYMBOLS USED IN COLUMN 16
AVERAGE MONTHLY: 27.5 TOTAL FOR MONTH: 0.56 1 = FOG OR MIST
DPTR FM NORMAL: 1.6 DPTR FM NORMAL: -0.24 2 = FOG REDUCING VISIBILITY
HIGHEST: 54 ON 13 GRTST 24HR 0.21 ON 11-11 TO 1/4 MILE OR LESS
LOWEST: 2 ON 6,11 3 = THUNDER
SNOW, ICE PELLETS, HAIL 4 = ICE PELLETS
TOTAL MONTH: M 5 = HAIL
GRTST 24HR M ON M 6 = FREEZING RAIN OR DRIZZLE
GRTST DEPTH: M ON M 7 = DUSTSTORM OR SANDSTORM:
VSBY 1/2 MILE OR LESS
8 = SMOKE OR HAZE
[NO. OF DAYS WITH] [WEATHER - DAYS WITH] 9 = BLOWING SNOW
X = TORNADO
MAX 32 OR BELOW: 5 0.01 INCH OR MORE: 5
MAX 90 OR ABOVE: 0 0.10 INCH OR MORE: 2
MIN 32 OR BELOW: 31 0.50 INCH OR MORE: 0
MIN 0 OR BELOW: 0 1.00 INCH OR MORE: 0
[HDD (BASE 65) ]
TOTAL THIS MO. 1154 CLEAR (SCALE 0-3) 0
DPTR FM NORMAL -58 PTCLDY (SCALE 4-7) 0
TOTAL FM JUL 1 3916 CLOUDY (SCALE 8-10) 31
DPTR FM NORMAL -211
[CDD (BASE 65) ]
TOTAL THIS MO. 0
DPTR FM NORMAL 0 [PRESSURE DATA]
TOTAL FM JAN 1 0 HIGHEST SLP M ON M
DPTR FM NORMAL 0 LOWEST SLP 29.52 ON 25
[REMARKS]
#FINAL-01-21#