956
CXUS54 KLZK 022010
CF6PBF
PRELIMINARY LOCAL CLIMATOLOGICAL DATA (WS FORM: F-6)
STATION: Pine Bluff
MONTH: NOVEMBER
YEAR: 2020
LATITUDE: 34 10 N
LONGITUDE: 91 56 W
TEMPERATURE IN F: :PCPN: SNOW: WIND :SUNSHINE: SKY :PK WND
================================================================================
1 2 3 4 5 6A 6B 7 8 9 10 11 12 13 14 15 16 17 18
12Z AVG MX 2MIN
DY MAX MIN AVG DEP HDD CDD WTR SNW DPTH SPD SPD DIR MIN PSBL S-S WX SPD DR
================================================================================
1 67 44 56 -2 9 0 T M 0 8.1 20 360 M M 0 8 26 10
2 60 36 48 -10 17 0 0.00 0.0 0 3.4 10 100 M M 0 18 110
3 70 38 54 -4 11 0 0.00 0.0 0 4.8 14 230 M M 0 17 240
4 74 41 58 1 7 0 0.00 0.0 0 3.6 13 160 M M 0 20 320
5 74 44 59 2 6 0 0.00 0.0 0 2.4 12 160 M M 0 16 200
6 73 43 58 1 7 0 0.00 0.0 M 2.3 12 90 M M 0 18 16 130
7 78 50 64 8 1 0 0.00 0.0 0 3.0 13 100 M M 3 1 15 100
8 81 58 70 14 0 5 0.00 0.0 0 7.4 18 130 M M 5 1 23 130
9 78 59 69 13 0 4 0.00 0.0 0 7.9 20 110 M M 3 23 90
10 82 60 71 16 0 6 0.00 0.0 0 6.4 16 200 M M 3 1 19 200
11 65 49 57 2 8 0 0.00 0.0 0 9.9 17 10 M M 4 8 22 10
12 69 40 55 1 10 0 0.00 0.0 0 4.0 13 30 M M 0 18 17 40
13 65 48 57 3 8 0 0.06 M 0 6.4 17 340 M M 7 18 22 340
14 77 46 62 8 3 0 0.00 0.0 0 10.6 28 180 M M 3 35 190
15 72 39 56 3 9 0 0.28 M 0 9.4 35 300 M M 2 18 45 310
16 67 34 51 -2 14 0 0.00 0.0 0 1.3 8 240 M M 0 8 11 210
17 66 40 53 0 12 0 T M 0 5.2 17 60 M M 0 8 22 70
18 69 36 53 1 12 0 0.00 0.0 M 3.5 10 130 M M 0 18 50
19 71 40 56 4 9 0 0.00 0.0 0 8.5 21 190 M M 0 25 180
20 74 48 61 9 4 0 0.00 0.0 0 5.3 13 250 M M 4 1 26 310
21 76 54 65 14 0 0 0.00 0.0 0 3.7 10 230 M M 5 1 14 250
22 62 48 55 4 10 0 0.12 M 0 7.8 26 330 M M 8 1 32 320
23 57 35 46 -4 19 0 0.00 0.0 0 4.6 14 110 M M 0 18 17 80
24 67 36 52 2 13 0 T 0.0 0 9.5 25 170 M M 3 138 34 170
25 67 40 54 4 11 0 0.59 0.0 0 10.3 29 170 M M 4 138 37 170
26 62 35 49 0 16 0 0.00 0.0 0 1.9 7 100 M M 0 1 M M
27 59 44 52 3 13 0 0.00 0.0 0 4.4 12 10 M M 8 15 10
28 55 41 48 -1 17 0 0.00 0.0 0 8.3 17 30 M M 0 21 40
29 47 42 45 -3 20 0 0.43 M 0 8.9 23 330 M M 9 1 32 340
30 46 31 39 -9 26 0 0.00 0.0 0 11.9 28 330 M M 1 37 340
================================================================================
SM 2030 1299 292 15 1.48 0.0 184.7 M 72
================================================================================
AV 67.7 43.3 6.2 FASTST M M 2 MAX(MPH)
MISC ----> # 35 300 # 45 310
================================================================================
NOTES:
# LAST OF SEVERAL OCCURRENCES
COLUMN 17 PEAK WIND IN M.P.H.
PRELIMINARY LOCAL CLIMATOLOGICAL DATA (WS FORM: F-6) , PAGE 2
STATION: Pine Bluff
MONTH: NOVEMBER
YEAR: 2020
LATITUDE: 34 10 N
LONGITUDE: 91 56 W
[TEMPERATURE DATA] [PRECIPITATION DATA] SYMBOLS USED IN COLUMN 16
AVERAGE MONTHLY: 55.5 TOTAL FOR MONTH: 1.48 1 = FOG OR MIST
DPTR FM NORMAL: 2.4 DPTR FM NORMAL: -3.35 2 = FOG REDUCING VISIBILITY
HIGHEST: 82 ON 10 GRTST 24HR 0.59 ON 25-25 TO 1/4 MILE OR LESS
LOWEST: 31 ON 30 3 = THUNDER
SNOW, ICE PELLETS, HAIL 4 = ICE PELLETS
TOTAL MONTH: 0.0 INCH 5 = HAIL
GRTST 24HR 0.0 6 = FREEZING RAIN OR DRIZZLE
GRTST DEPTH: 0 7 = DUSTSTORM OR SANDSTORM:
VSBY 1/2 MILE OR LESS
8 = SMOKE OR HAZE
[NO. OF DAYS WITH] [WEATHER - DAYS WITH] 9 = BLOWING SNOW
X = TORNADO
MAX 32 OR BELOW: 0 0.01 INCH OR MORE: 5
MAX 90 OR ABOVE: 0 0.10 INCH OR MORE: 4
MIN 32 OR BELOW: 1 0.50 INCH OR MORE: 1
MIN 0 OR BELOW: 0 1.00 INCH OR MORE: 0
[HDD (BASE 65) ]
TOTAL THIS MO. 292 CLEAR (SCALE 0-3) 19
DPTR FM NORMAL -75 PTCLDY (SCALE 4-7) 9
TOTAL FM JUL 1 481 CLOUDY (SCALE 8-10) 2
DPTR FM NORMAL -23
[CDD (BASE 65) ]
TOTAL THIS MO. 15
DPTR FM NORMAL 3 [PRESSURE DATA]
TOTAL FM JAN 1 1955 HIGHEST SLP 30.58 ON 2
DPTR FM NORMAL -176 LOWEST SLP 29.77 ON 14
[REMARKS]
#FINAL-11-20#