000
CXUS51 KBTV 010700
CF6PBG
PRELIMINARY LOCAL CLIMATOLOGICAL DATA (WS FORM: F-6)
STATION: PLATTSBURGH NY
MONTH: OCTOBER
YEAR: 2021
LATITUDE: 44 39 N
LONGITUDE: 73 28 W
TEMPERATURE IN F: :PCPN: SNOW: WIND :SUNSHINE: SKY :PK WND
================================================================================
1 2 3 4 5 6A 6B 7 8 9 10 11 12 13 14 15 16 17 18
12Z AVG MX 2MIN
DY MAX MIN AVG DEP HDD CDD WTR SNW DPTH SPD SPD DIR MIN PSBL S-S WX SPD DR
================================================================================
1 65 43 54 0 11 0 0.03 M M 3.3 15 340 M M 5 22 320
2 57 50 54 1 11 0 0.62 M M 4.1 10 350 M M 10 1 14 170
3 57 54 56 3 9 0 0.10 M M 3.7 9 360 M M 10 1 11 350
4 60 50 55 3 10 0 0.00 M M 5.0 12 360 M M 10 1 13 360
5 63 55 59 7 6 0 0.00 M M 3.0 9 130 M M 10 1 12 140
6 68 47 58 6 7 0 0.00 M M 1.4 8 130 M M 3 1 11 130
7 68 42 55 4 10 0 0.00 M M 1.4 9 150 M M 2 1 12 110
8 71 45 58 7 7 0 0.00 M M 1.8 7 90 M M 1 12 13 80
9 68 48 58 8 7 0 0.00 M M 11.6 23 150 M M 0 30 150
10 66 51 59 9 6 0 0.00 M M 9.6 22 140 M M 5 27 140
11 71 52 62 12 3 0 0.00 M M 4.5 14 140 M M 4 1 17 140
12 72 47 60 11 5 0 0.00 M M 3.4 14 160 M M 0 1 19 140
13 67 48 58 9 7 0 0.04 M M 1.9 13 130 M M 5 1 16 120
14 67 60 64 15 1 0 0.01 M M 0.5 7 110 M M 10 1 8 100
15 70 56 63 15 2 0 T M M 3.4 13 160 M M 9 12 16 140
16 71 52 62 14 3 0 0.95 M M 4.5 20 160 M M 8 1 29 100
17 61 41 51 3 14 0 0.02 M M 4.3 14 320 M M 8 1 19 330
18 52 44 48 1 17 0 T M M 6.2 15 290 M M 9 21 290
19 54 41 48 1 17 0 0.00 M M 3.0 13 270 M M 8 22 270
20 63 42 53 7 12 0 0.00 M M 2.8 8 70 M M 1 1 11 280
21 60 52 56 10 9 0 0.27 M M 3.4 13 160 M M 7 1 16 170
22 57 33 45 -1 20 0 0.22 M M 6.0 15 150 M M 4 1 23 280
23 49 30 40 -5 25 0 0.00 M M 3.0 12 40 M M 2 14 20
24 53 29 41 -4 24 0 0.00 M M 2.8 16 130 M M 3 19 130
25 48 38 43 -2 22 0 0.32 M M 4.3 13 120 M M 9 1 16 120
26 51 47 49 5 16 0 0.61 M M 11.5 24 350 M M 10 1 31 330
27 53 42 48 4 17 0 0.00 M M 14.9 24 10 M M 1 29 10
28 51 31 41 -3 24 0 0.00 M M 6.5 17 350 M M 2 22 350
29 54 26 40 -3 25 0 0.00 M M 1.0 9 40 M M 3 1 11 20
30 54 31 43 0 22 0 0.61 M M 2.6 7 320 M M 9 1 9 320
31 54 47 51 8 14 0 1.24 M M 4.7 13 330 M M 9 1 15 330
================================================================================
SM 1875 1374 383 0 5.04 M 140.1 M 177
================================================================================
AV 60.5 44.3 4.5 FASTST M M 6 MAX(MPH)
MISC ----> # 24 350 31 330
================================================================================
NOTES:
# LAST OF SEVERAL OCCURRENCES
COLUMN 17 PEAK WIND IN M.P.H.
PRELIMINARY LOCAL CLIMATOLOGICAL DATA (WS FORM: F-6) , PAGE 2
STATION: PLATTSBURGH NY
MONTH: OCTOBER
YEAR: 2021
LATITUDE: 44 39 N
LONGITUDE: 73 28 W
[TEMPERATURE DATA] [PRECIPITATION DATA] SYMBOLS USED IN COLUMN 16
AVERAGE MONTHLY: 52.4 TOTAL FOR MONTH: 5.04 1 = FOG OR MIST
DPTR FM NORMAL: 4.4 DPTR FM NORMAL: 2.00 2 = FOG REDUCING VISIBILITY
HIGHEST: 72 ON 12 GRTST 24HR 1.69 ON 30-31 TO 1/4 MILE OR LESS
LOWEST: 26 ON 29 3 = THUNDER
SNOW, ICE PELLETS, HAIL 4 = ICE PELLETS
TOTAL MONTH: M 5 = HAIL
GRTST 24HR M ON M 6 = FREEZING RAIN OR DRIZZLE
GRTST DEPTH: M ON M 7 = DUSTSTORM OR SANDSTORM:
VSBY 1/2 MILE OR LESS
8 = SMOKE OR HAZE
[NO. OF DAYS WITH] [WEATHER - DAYS WITH] 9 = BLOWING SNOW
X = TORNADO
MAX 32 OR BELOW: 0 0.01 INCH OR MORE: 13
MAX 90 OR ABOVE: 0 0.10 INCH OR MORE: 9
MIN 32 OR BELOW: 5 0.50 INCH OR MORE: 5
MIN 0 OR BELOW: 0 1.00 INCH OR MORE: 1
[HDD (BASE 65) ]
TOTAL THIS MO. 383 CLEAR (SCALE 0-3) 9
DPTR FM NORMAL -145 PTCLDY (SCALE 4-7) 11
TOTAL FM JUL 1 537 CLOUDY (SCALE 8-10) 11
DPTR FM NORMAL -228
[CDD (BASE 65) ]
TOTAL THIS MO. 0
DPTR FM NORMAL -1 [PRESSURE DATA]
TOTAL FM JAN 1 527 HIGHEST SLP M ON M
DPTR FM NORMAL 134 LOWEST SLP 29.38 ON 31
[REMARKS]
#FINAL-10-21#