000
CXUS56 KFGZ 090532
CF6PGA
PRELIMINARY LOCAL CLIMATOLOGICAL DATA (WS FORM: F-6)
STATION: PAGE AZ AIRPORT
MONTH: MARCH
YEAR: 2024
LATITUDE: 36 55 N
LONGITUDE: 111 27 W
TEMPERATURE IN F: :PCPN: SNOW: WIND :SUNSHINE: SKY :PK WND
================================================================================
1 2 3 4 5 6A 6B 7 8 9 10 11 12 13 14 15 16 17 18
12Z AVG MX 2MIN
DY MAX MIN AVG DEP HDD CDD WTR SNW DPTH SPD SPD DIR MIN PSBL S-S WX SPD DR
================================================================================
1 69 48 59 11 6 0 0.00 M M 8.5 17 170 M M 0 28 200
2 66 50 58 10 7 0 T M M 14.4 29 210 M M 3 52 240
3 63 44 54 6 11 0 T M M 8.2 22 220 M M 4 39 220
4 64 40 52 3 13 0 0.00 M M 5.4 20 290 M M 0 32 280
5 61 42 52 3 13 0 0.00 M M 4.8 10 240 M M M 17 240
6 62 40 51 2 14 0 T M M 3.9 14 350 M M M 21 220
7 53 46 50 0 15 0 0.00 M M 5.8 17 180 M M M 23 180
8 61 44 53 3 12 0 0.00 M M 6.8 18 300 M M M 32 300
9 58 36 47 -3 18 0 0.00 M M 4.1 10 10 M M 0 15 10
10 64 36 50 0 15 0 0.00 M M 4.0 12 30 M M 0 16 350
11 68 45 57 6 8 0 0.00 M M 1.7 13 30 M M 0 18 30
12 61 44 53 2 12 0 0.00 M M 4.5 16 330 M M M 27 320
13 60 45 53 2 12 0 0.00 M M 9.0 20 310 M M M 30 320
14 55 41 48 -4 17 0 0.00 M M 7.0150 22 M M M 130 29
15 49 42 46 -6 19 0 0.52 M M 8.1 20 40 M M 10 1 29 40
16 52 39 46 -6 19 0 0.06 M M 4.7 15 140 M M M 21 220
17 55 38 47 -6 18 0 T M M 4.2 16 60 M M 0 24 40
18 62 42 52 -1 13 0 0.00 M M 6.0 15 220 M M 4 24 230
19 64 42 53 0 12 0 0.00 M M 4.3 12 210 M M M 17 200
20 69 43 56 3 9 0 0.00 M M 3.7 12 200 M M M 17 200
21 73 47 60 6 5 0 0.00 M M 4.1 20 350 M M M 26 280
22 72 46 59 5 6 0 0.00 M M 4.4 12 200 M M 0 24 10
23 68 41 55 1 10 0 T M M 10.1 26 310 M M 4 42 190
24 57 41 49 -5 16 0 0.07 M M 8.1 22 270 M M 4 37 280
25 59 41 50 -5 15 0 0.00 M M 8.2 22 280 M M 0 36 290
26 57 41 49 -6 16 0 T M M 6.7 23 310 M M 6 36 300
27 60 38 49 -6 16 0 0.00 M M 4.3 10 40 M M M 16 10
28 72 41 57 2 8 0 0.00 M M 5.9 16 240 M M M 29 230
29 69 52 61 5 4 0 0.00 M M 9.6 17 150 M M M 29 220
30 72 52 62 6 3 0 0.00 M M 14.9 29 190 M M 1 46 220
31 58 42 50 -6 15 0 0.01 M M 8.7 24 210 M M 7 38 230
================================================================================
SM 1933 1329 377 0 0.66 M 204.1 M 43
================================================================================
AV 62.4 42.9 6.6 FASTST M M 3 MAX(MPH)
MISC ----> 150 22 130 29
================================================================================
NOTES:
# LAST OF SEVERAL OCCURRENCES
COLUMN 17 PEAK WIND IN M.P.H.
PRELIMINARY LOCAL CLIMATOLOGICAL DATA (WS FORM: F-6) , PAGE 2
STATION: PAGE AZ AIRPORT
MONTH: MARCH
YEAR: 2024
LATITUDE: 36 55 N
LONGITUDE: 111 27 W
[TEMPERATURE DATA] [PRECIPITATION DATA] SYMBOLS USED IN COLUMN 16
AVERAGE MONTHLY: 52.6 TOTAL FOR MONTH: 0.66 1 = FOG OR MIST
DPTR FM NORMAL: 0.5 DPTR FM NORMAL: 0.18 2 = FOG REDUCING VISIBILITY
HIGHEST: 73 ON 21 GRTST 24HR 0.52 ON 15-15 TO 1/4 MILE OR LESS
LOWEST: 36 ON 10, 9 3 = THUNDER
SNOW, ICE PELLETS, HAIL 4 = ICE PELLETS
TOTAL MONTH: M 5 = HAIL
GRTST 24HR M ON M 6 = FREEZING RAIN OR DRIZZLE
GRTST DEPTH: M ON M 7 = DUSTSTORM OR SANDSTORM:
VSBY 1/2 MILE OR LESS
8 = SMOKE OR HAZE
[NO. OF DAYS WITH] [WEATHER - DAYS WITH] 9 = BLOWING SNOW
X = TORNADO
MAX 32 OR BELOW: 0 0.01 INCH OR MORE: 4
MAX 90 OR ABOVE: 0 0.10 INCH OR MORE: 1
MIN 32 OR BELOW: 0 0.50 INCH OR MORE: 1
MIN 0 OR BELOW: 0 1.00 INCH OR MORE: 0
[HDD (BASE 65) ]
TOTAL THIS MO. 377 CLEAR (SCALE 0-3) 10
DPTR FM NORMAL -25 PTCLDY (SCALE 4-7) 6
TOTAL FM JUL 1 2985 CLOUDY (SCALE 8-10) 15
DPTR FM NORMAL -422
[CDD (BASE 65) ]
TOTAL THIS MO. 0
DPTR FM NORMAL -2 [PRESSURE DATA]
TOTAL FM JAN 1 0 HIGHEST SLP M ON M
DPTR FM NORMAL -2 LOWEST SLP 29.46 ON 30
[REMARKS]
#FINAL-03-24#