000
CXUS56 KFGZ 010910
CF6PGA
PRELIMINARY LOCAL CLIMATOLOGICAL DATA (WS FORM: F-6)
STATION: PAGE AZ AIRPORT
MONTH: DECEMBER
YEAR: 2021
LATITUDE: 36 55 N
LONGITUDE: 111 27 W
TEMPERATURE IN F: :PCPN: SNOW: WIND :SUNSHINE: SKY :PK WND
================================================================================
1 2 3 4 5 6A 6B 7 8 9 10 11 12 13 14 15 16 17 18
12Z AVG MX 2MIN
DY MAX MIN AVG DEP HDD CDD WTR SNW DPTH SPD SPD DIR MIN PSBL S-S WX SPD DR
================================================================================
1 56 34 45 4 20 0 0.00 M M 1.3 6 210 M M 0 8 9 340
2 58 36 47 7 18 0 0.00 M M 2.1 6 220 M M 0 8 8 40
3 57 35 46 6 19 0 0.00 M M 2.3 7 250 M M 0 8 270
4 57 35 46 6 19 0 0.00 M M 1.9 8 350 M M 0 9 350
5 57 35 46 7 19 0 0.00 M M 2.1 8 10 M M 0 8 10 10
6 55 35 45 6 20 0 0.00 M M 2.2 10 120 M M 0 8 11 120
7 54 42 48 9 17 0 0.00 M M 1.8 8 180 M M 5 10 180
8 52 42 47 9 18 0 T M M 3.0 12 280 M M 8 17 290
9 58 41 50 12 15 0 0.16 M M 6.6 18 310 M M 9 1 26 320
10 44 29 37 -1 28 0 0.00 M M 9.1 21 310 M M 5 29 310
11 39 23 31 -7 34 0 0.00 M M 2.4 7 160 M M 0 8 8 60
12 42 24 33 -5 32 0 0.00 M M 0.8 6 350 M M 0 8 7 340
13 45 27 36 -1 29 0 0.00 M M 1.1 7 350 M M 1 8 9 310
14 63 34 49 12 16 0 0.00 M M M 29 180 M M 2 41 180
15 63 34 49 12 16 0 0.00 M M M 23 230 M M M 30 180
16 39 25 32 -5 33 0 0.00 M M 2.8 9 150 M M 1 8 11 10
17 42 26 34 -3 31 0 0.00 M M 1.8 7 140 M M 1 8 9 100
18 41 25 33 -4 32 0 0.00 M M 1.7 7 160 M M 0 8 7 60
19 41 24 33 -4 32 0 0.00 M M 1.2 6 60 M M 0 8 9 350
20 42 24 33 -4 32 0 0.00 M M 0.9 6 140 M M 0 8 8 350
21 39 29 34 -2 31 0 0.00 M M 1.3 6 210 M M 0 8 7 290
22 39 25 32 -4 33 0 0.00 M M 0.8 6 70 M M 0 18 8 320
23 47 34 41 5 24 0 T M M 2.2 9 140 M M 9 10 140
24 55 40 48 12 17 0 T M M 7.7 23 180 M M 6 36 230
25 53 37 45 9 20 0 0.00 M M 5.8 15 190 M M 2 22 190
26 51 37 44 8 21 0 T M M 9.6 26 210 M M 3 40 250
27 49 32 41 5 24 0 0.00 M M 5.9 23 210 M M 5 35 200
28 44 33 39 3 26 0 0.03 M M 6.2 14 220 M M 9 1 20 220
29 43 34 39 3 26 0 T M M 3.0 10 10 M M 9 1 14 350
30 48 33 41 5 24 0 0.00 M M 3.5 12 350 M M 7 8 16 330
31 55 36 46 9 19 0 T M M 8.8 20 170 M M 8 28 250
================================================================================
SM 1528 1000 745 0 0.19 M 99.9 M 90
================================================================================
AV 49.3 32.3 3.4 FASTST M M 3 MAX(MPH)
MISC ----> 29 180 41 180
================================================================================
NOTES:
# LAST OF SEVERAL OCCURRENCES
COLUMN 17 PEAK WIND IN M.P.H.
PRELIMINARY LOCAL CLIMATOLOGICAL DATA (WS FORM: F-6) , PAGE 2
STATION: PAGE AZ AIRPORT
MONTH: DECEMBER
YEAR: 2021
LATITUDE: 36 55 N
LONGITUDE: 111 27 W
[TEMPERATURE DATA] [PRECIPITATION DATA] SYMBOLS USED IN COLUMN 16
AVERAGE MONTHLY: 40.8 TOTAL FOR MONTH: 0.19 1 = FOG OR MIST
DPTR FM NORMAL: 3.2 DPTR FM NORMAL: -0.24 2 = FOG REDUCING VISIBILITY
HIGHEST: 63 ON 15,14 GRTST 24HR 0.16 ON 9- 9 TO 1/4 MILE OR LESS
LOWEST: 23 ON 11 3 = THUNDER
SNOW, ICE PELLETS, HAIL 4 = ICE PELLETS
TOTAL MONTH: 0.0 INCH 5 = HAIL
GRTST 24HR M ON M 6 = FREEZING RAIN OR DRIZZLE
GRTST DEPTH: 0 7 = DUSTSTORM OR SANDSTORM:
VSBY 1/2 MILE OR LESS
8 = SMOKE OR HAZE
[NO. OF DAYS WITH] [WEATHER - DAYS WITH] 9 = BLOWING SNOW
X = TORNADO
MAX 32 OR BELOW: 0 0.01 INCH OR MORE: 2
MAX 90 OR ABOVE: 0 0.10 INCH OR MORE: 1
MIN 32 OR BELOW: 12 0.50 INCH OR MORE: 0
MIN 0 OR BELOW: 0 1.00 INCH OR MORE: 0
[HDD (BASE 65) ]
TOTAL THIS MO. 745 CLEAR (SCALE 0-3) 19
DPTR FM NORMAL -106 PTCLDY (SCALE 4-7) 6
TOTAL FM JUL 1 1365 CLOUDY (SCALE 8-10) 6
DPTR FM NORMAL -206
[CDD (BASE 65) ]
TOTAL THIS MO. 0
DPTR FM NORMAL 0 [PRESSURE DATA]
TOTAL FM JAN 1 2580 HIGHEST SLP M ON M
DPTR FM NORMAL 419 LOWEST SLP 29.39 ON 31
[REMARKS]
#FINAL-12-21#