705
CXUS52 KTBW 110227
CF6PGD
PRELIMINARY LOCAL CLIMATOLOGICAL DATA (WS FORM: F-6)
STATION: PUNTA GORDA
MONTH: JANUARY
YEAR: 2021
LATITUDE: 26 55 N
LONGITUDE: 82 0 W
TEMPERATURE IN F: :PCPN: SNOW: WIND :SUNSHINE: SKY :PK WND
================================================================================
1 2 3 4 5 6A 6B 7 8 9 10 11 12 13 14 15 16 17 18
12Z AVG MX 2MIN
DY MAX MIN AVG DEP HDD CDD WTR SNW DPTH SPD SPD DIR MIN PSBL S-S WX SPD DR
================================================================================
1 84 66 75 13 0 10 T 0.0 0 10.5 22 150 M M 3 28 220
2 83 65 74 12 0 9 0.00 0.0 0 9.6 21 200 M M 4 1 29 240
3 79 62 71 9 0 6 0.02 0.0 0 7.2 18 220 M M 8 1 24 230
4 71 51 61 -1 4 0 0.00 0.0 0 7.5 13 360 M M 5 17 360
5 73 47 60 -2 5 0 0.00 0.0 0 5.9 16 330 M M 0 1 20 330
6 72 45 59 -3 6 0 0.00 0.0 0 4.7 12 30 M M 0 15 60
7 75 48 62 0 3 0 T 0.0 0 8.2 21 190 M M 1 26 180
8 73 59 66 4 0 1 0.07 0.0 0 10.0 24 220 M M 5 13 30 210
9 64 45 55 -7 10 0 0.00 0.0 0 8.9 18 310 M M 6 23 300
10 64 38 51 -11 14 0 0.00 0.0 0 5.4 13 40 M M 0 16 50
11 77 50 64 2 1 0 0.00 0.0 0 5.6 17 170 M M 1 1 20 170
12 69 57 63 1 2 0 0.03 0.0 0 5.4 17 10 M M 5 8 19 10
13 59 54 57 -5 8 0 0.10 0.0 0 5.4 12 320 M M 8 1 14 360
14 69 50 60 -2 5 0 0.00 0.0 0 5.3 15 340 M M 4 1 18 350
15 76 44 60 -2 5 0 0.02 0.0 0 7.0 17 200 M M 3 12 21 210
16 69 51 60 -2 5 0 0.00 0.0 0 8.3 23 300 M M 4 31 320
17 63 52 58 -4 7 0 0.00 0.0 0 3.8 10 190 M M 7 11 200
18 72 48 60 -2 5 0 0.00 0.0 0 4.4 14 340 M M 1 17 340
19 74 41 58 -4 7 0 0.00 0.0 0 4.9 12 40 M M 0 14 60
20 77 46 62 0 3 0 0.00 0.0 0 5.2 12 310 M M 0 1 14 10
21 75 47 61 -1 4 0 0.00 0.0 0 4.0 14 260 M M 0 1 17 270
22 76 46 61 -1 4 0 0.00 0.0 0 4.6 14 240 M M 2 12 18 260
23 78 56 67 5 0 2 0.00 0.0 0 4.6 13 250 M M 6 12 16 260
24 82 57 70 8 0 5 0.00 0.0 0 3.6 10 70 M M 4 128 12 70
25 83 60 72 10 0 7 0.00 0.0 0 6.6 17 190 M M 4 12 29 240
26 83 61 72 9 0 7 0.00 0.0 0 6.6 15 270 M M 2 12 18 260
27 82 61 72 9 0 7 0.05 0.0 0 8.0 17 220 M M 6 12 20 220
28 73 48 61 -2 4 0 0.00 0.0 0 12.0 22 30 M M 2 28 10
29 72 43 58 -5 7 0 0.00 0.0 0 7.3 17 20 M M 0 8 29 360
30 77 46 62 -1 3 0 0.00 0.0 0 6.8 15 110 M M 3 20 100
31 80 51 66 3 0 1 0.00 0.0 0 10.0 21 230 M M 2 29 210
================================================================================
SM 2304 1595 112 55 0.29 0.0 207.3 M 96
================================================================================
AV 74.3 51.5 6.7 FASTST M M 3 MAX(MPH)
MISC ----> 24 220 31 320
================================================================================
NOTES:
# LAST OF SEVERAL OCCURRENCES
COLUMN 17 PEAK WIND IN M.P.H.
PRELIMINARY LOCAL CLIMATOLOGICAL DATA (WS FORM: F-6) , PAGE 2
STATION: PUNTA GORDA
MONTH: JANUARY
YEAR: 2021
LATITUDE: 26 55 N
LONGITUDE: 82 0 W
[TEMPERATURE DATA] [PRECIPITATION DATA] SYMBOLS USED IN COLUMN 16
AVERAGE MONTHLY: 62.9 TOTAL FOR MONTH: 0.29 1 = FOG OR MIST
DPTR FM NORMAL: 0.6 DPTR FM NORMAL: -1.53 2 = FOG REDUCING VISIBILITY
HIGHEST: 84 ON 1 GRTST 24HR 0.10 ON 13-13 TO 1/4 MILE OR LESS
LOWEST: 38 ON 10 3 = THUNDER
SNOW, ICE PELLETS, HAIL 4 = ICE PELLETS
TOTAL MONTH: 0.0 INCH 5 = HAIL
GRTST 24HR 0.0 6 = FREEZING RAIN OR DRIZZLE
GRTST DEPTH: 0 7 = DUSTSTORM OR SANDSTORM:
VSBY 1/2 MILE OR LESS
8 = SMOKE OR HAZE
[NO. OF DAYS WITH] [WEATHER - DAYS WITH] 9 = BLOWING SNOW
X = TORNADO
MAX 32 OR BELOW: 0 0.01 INCH OR MORE: 6
MAX 90 OR ABOVE: 0 0.10 INCH OR MORE: 1
MIN 32 OR BELOW: 0 0.50 INCH OR MORE: 0
MIN 0 OR BELOW: 0 1.00 INCH OR MORE: 0
[HDD (BASE 65) ]
TOTAL THIS MO. 112 CLEAR (SCALE 0-3) 16
DPTR FM NORMAL -31 PTCLDY (SCALE 4-7) 15
TOTAL FM JUL 1 226 CLOUDY (SCALE 8-10) 0
DPTR FM NORMAL -48
[CDD (BASE 65) ]
TOTAL THIS MO. 55
DPTR FM NORMAL -6 [PRESSURE DATA]
TOTAL FM JAN 1 55 HIGHEST SLP 30.37 ON 19
DPTR FM NORMAL -6 LOWEST SLP 29.83 ON 15
[REMARKS]
#FINAL-01-21#