000
CXUS51 KPHI 010815
CF6PHL
PRELIMINARY LOCAL CLIMATOLOGICAL DATA (WS FORM: F-6)
STATION: PHILADELPHIA PA
MONTH: MARCH
YEAR: 2021
LATITUDE: 39 52 N
LONGITUDE: 75 15 W
TEMPERATURE IN F: :PCPN: SNOW: WIND :SUNSHINE: SKY :PK WND
================================================================================
1 2 3 4 5 6A 6B 7 8 9 10 11 12 13 14 15 16 17 18
12Z AVG MX 2MIN
DY MAX MIN AVG DEP HDD CDD WTR SNW DPTH SPD SPD DIR MIN PSBL S-S WX SPD DR
================================================================================
1 48 35 42 3 23 0 0.14 0.0 0 12.8 33 290 M M 9 1 47 320
2 38 25 32 -7 33 0 0.00 0.0 0 14.3 31 310 M M 1 40 320
3 55 29 42 2 23 0 0.00 0.0 0 9.0 15 280 M M 1 19 270
4 49 32 41 1 24 0 0.00 0.0 0 14.1 28 330 M M 4 34 320
5 40 24 32 -8 33 0 0.00 0.0 0 17.9 29 320 M M 0 38 300
6 39 29 34 -6 31 0 0.00 0.0 0 11.9 21 340 M M 7 24 330
7 44 28 36 -5 29 0 0.00 0.0 0 7.6 16 330 M M 2 22 340
8 47 26 37 -4 28 0 0.00 0.0 0 7.6 16 310 M M 2 20 300
9 69 37 53 12 12 0 0.00 0.0 0 9.7 22 270 M M 6 28 270
10 67 38 53 11 12 0 0.00 0.0 0 6.1 13 140 M M 4 19 140
11 74 41 58 16 7 0 0.00 0.0 0 7.2 17 230 M M 6 24 220
12 71 52 62 20 3 0 0.00 0.0 0 10.5 28 290 M M 8 39 300
13 56 37 47 5 18 0 0.00 0.0 0 12.2 30 330 M M 3 41 320
14 59 34 47 4 18 0 0.00 0.0 0 17.0 35 310 M M 1 42 320
15 43 27 35 -8 30 0 0.00 0.0 0 13.3 29 340 M M 4 37 350
16 42 33 38 -5 27 0 T 0.0 0 8.1 15 130 M M 10 19 120
17 49 38 44 0 21 0 T 0.0 0 5.3 12 40 M M 10 18 16 10
18 50 44 47 3 18 0 0.92 0.0 0 9.1 22 40 M M 10 1 29 30
19 48 36 42 -2 23 0 T 0.0 0 16.1 30 20 M M 5 39 30
20 58 32 45 0 20 0 0.00 0.0 0 6.3 12 10 M M 1 17 350
21 65 33 49 4 16 0 0.00 0.0 0 3.9 14 180 M M 1 15 180
22 65 35 50 5 15 0 0.00 0.0 0 5.1 13 110 M M 0 17 100
23 68 40 54 8 11 0 0.00 0.0 0 7.7 13 110 M M 6 1 18 20
24 58 47 53 7 12 0 1.56 0.0 0 6.5 13 80 M M 10 12 17 70
25 61 51 56 10 9 0 0.01 0.0 0 3.7 10 230 M M 10 128 17 210
26 83 56 70 23 0 5 0.00 0.0 0 18.3 39 270 M M 6 50 270
27 69 48 59 12 6 0 0.00 0.0 0 6.7 18 310 M M 5 22 320
28 70 50 60 12 5 0 0.60 0.0 0 11.6 39 300 M M 10 1 50 270
29 55 43 49 1 16 0 0.00 0.0 0 15.9 30 290 M M 2 39 300
30 64 37 51 3 14 0 0.00 0.0 0 8.1 20 190 M M 2 25 190
31 68 49 59 11 6 0 0.98 0.0 0 6.9 22 190 M M 10 1 27 200
================================================================================
SM 1772 1166 543 5 4.21 0.0 310.5 M 156
================================================================================
AV 57.2 37.6 10.0 FASTST M M 5 MAX(MPH)
MISC ----> # 39 270 # 50 270
================================================================================
NOTES:
# LAST OF SEVERAL OCCURRENCES
COLUMN 17 PEAK WIND IN M.P.H.
PRELIMINARY LOCAL CLIMATOLOGICAL DATA (WS FORM: F-6) , PAGE 2
STATION: PHILADELPHIA PA
MONTH: MARCH
YEAR: 2021
LATITUDE: 39 52 N
LONGITUDE: 75 15 W
[TEMPERATURE DATA] [PRECIPITATION DATA] SYMBOLS USED IN COLUMN 16
AVERAGE MONTHLY: 47.4 TOTAL FOR MONTH: 4.21 1 = FOG OR MIST
DPTR FM NORMAL: 3.9 DPTR FM NORMAL: 0.42 2 = FOG REDUCING VISIBILITY
HIGHEST: 83 ON 26 GRTST 24HR 1.56 ON 24-24 TO 1/4 MILE OR LESS
LOWEST: 24 ON 5 3 = THUNDER
SNOW, ICE PELLETS, HAIL 4 = ICE PELLETS
TOTAL MONTH: 0.0 INCH 5 = HAIL
GRTST 24HR 0.0 6 = FREEZING RAIN OR DRIZZLE
GRTST DEPTH: 0 7 = DUSTSTORM OR SANDSTORM:
VSBY 1/2 MILE OR LESS
8 = SMOKE OR HAZE
[NO. OF DAYS WITH] [WEATHER - DAYS WITH] 9 = BLOWING SNOW
X = TORNADO
MAX 32 OR BELOW: 0 0.01 INCH OR MORE: 6
MAX 90 OR ABOVE: 0 0.10 INCH OR MORE: 5
MIN 32 OR BELOW: 9 0.50 INCH OR MORE: 4
MIN 0 OR BELOW: 0 1.00 INCH OR MORE: 1
[HDD (BASE 65) ]
TOTAL THIS MO. 543 CLEAR (SCALE 0-3) 12
DPTR FM NORMAL -122 PTCLDY (SCALE 4-7) 11
TOTAL FM JUL 1 3704 CLOUDY (SCALE 8-10) 8
DPTR FM NORMAL -445
[CDD (BASE 65) ]
TOTAL THIS MO. 5
DPTR FM NORMAL 4 [PRESSURE DATA]
TOTAL FM JAN 1 5 HIGHEST SLP 30.61 ON 20
DPTR FM NORMAL 4 LOWEST SLP 29.46 ON 28
[REMARKS]
#FINAL-03-21#