000
CXUS55 KPSR 011005
CF6PHX
PRELIMINARY LOCAL CLIMATOLOGICAL DATA (WS FORM: F-6)
STATION: PHOENIX AZ
MONTH: JUNE
YEAR: 2022
LATITUDE: 33 25 N
LONGITUDE: 112 1 W
TEMPERATURE IN F: :PCPN: SNOW: WIND :SUNSHINE: SKY :PK WND
================================================================================
1 2 3 4 5 6A 6B 7 8 9 10 11 12 13 14 15 16 17 18
12Z AVG MX 2MIN
DY MAX MIN AVG DEP HDD CDD WTR SNW DPTH SPD SPD DIR MIN PSBL S-S WX SPD DR
================================================================================
1 100 72 86 -1 0 21 0.00 0.0 0 5.2 18 270 M M 0 27 320
2 103 73 88 0 0 23 0.00 0.0 0 4.7 16 290 M M 1 20 280
3 103 76 90 2 0 25 0.00 0.0 0 7.9 20 280 M M 3 31 320
4 101 76 89 1 0 24 0.00 0.0 0 6.5 16 280 M M 5 28 340
5 102 78 90 1 0 25 0.00 0.0 0 7.1 18 270 M M 4 27 320
6 105 79 92 3 0 27 0.00 0.0 0 6.7 20 270 M M 0 8 33 260
7 107 77 92 3 0 27 0.00 0.0 0 7.0 16 280 M M 1 23 270
8 110 84 97 7 0 32 0.00 0.0 0 7.0 15 270 M M 5 31 340
9 109 84 97 7 0 32 0.00 0.0 0 6.5 15 290 M M 6 22 340
10 113 87 100 10 0 35 0.00 0.0 0 8.5 20 270 M M 4 8 29 270
11 114 90 102 12 0 37 0.00 0.0 0 10.0 32 300 M M 3 8 43 300
12 113 87 100 9 0 35 0.00 0.0 0 9.4 23 280 M M 1 30 230
13 108 90 99 8 0 34 0.00 0.0 0 11.2 26 260 M M 1 33 260
14 105 82 94 3 0 29 0.00 0.0 0 6.9 16 290 M M 1 25 320
15 107 81 94 2 0 29 0.00 0.0 0 4.4 12 160 M M 0 19 160
16 113 81 97 5 0 32 0.00 0.0 0 6.9 20 270 M M 4 26 310
17 111 90 101 9 0 36 0.00 0.0 0 10.2 24 270 M M 5 31 260
18 98 82 90 -2 0 25 T 0.0 0 11.3 24 150 M M 7 33 150
19 101 79 90 -2 0 25 0.01 0.0 0 9.1 23 290 M M 5 30 260
20 103 75 89 -4 0 24 0.00 0.0 0 5.6 15 260 M M 1 22 290
21 108 79 94 1 0 29 0.00 0.0 0 7.7 29 150 M M 5 78 39 160
22 107 86 97 4 0 32 0.00 0.0 0 6.8 17 120 M M 4 22 130
23 108 84 96 3 0 31 T 0.0 0 9.4 26 190 M M 4 378 39 200
24 108 85 97 3 0 32 0.00 0.0 0 9.2 26 10 M M 5 3 45 360
25 107 79 93 -1 0 28 0.13 0.0 0 8.7 29 60 M M 6 3 42 60
26 107 80 94 0 0 29 0.18 0.0 0 8.7 43 70 M M 7 3 57 50
27 103 79 91 -3 0 26 0.00 0.0 0 5.9 16 100 M M 3 20 100
28 107 87 97 3 0 32 0.00 0.0 0 7.5 16 180 M M 2 23 180
29 109 89 99 5 0 34 0.00 0.0 0 8.6 28 330 M M 4 378 42 330
30 105 87 96 1 0 31 T 0.0 0 6.7 17 300 M M 5 24 320
================================================================================
SM 3195 2458 0 881 0.32 0.0 231.3 M 102
================================================================================
AV106.5 81.9 7.7 FASTST M M 3 MAX(MPH)
MISC ----> 43 70 57 50
================================================================================
NOTES:
# LAST OF SEVERAL OCCURRENCES
COLUMN 17 PEAK WIND IN M.P.H.
PRELIMINARY LOCAL CLIMATOLOGICAL DATA (WS FORM: F-6) , PAGE 2
STATION: PHOENIX AZ
MONTH: JUNE
YEAR: 2022
LATITUDE: 33 25 N
LONGITUDE: 112 1 W
[TEMPERATURE DATA] [PRECIPITATION DATA] SYMBOLS USED IN COLUMN 16
AVERAGE MONTHLY: 94.2 TOTAL FOR MONTH: 0.32 1 = FOG OR MIST
DPTR FM NORMAL: 2.8 DPTR FM NORMAL: 0.30 2 = FOG REDUCING VISIBILITY
HIGHEST: 114 ON 11 GRTST 24HR 0.18 ON 26-26 TO 1/4 MILE OR LESS
LOWEST: 72 ON 1 3 = THUNDER
SNOW, ICE PELLETS, HAIL 4 = ICE PELLETS
TOTAL MONTH: 0.0 INCH 5 = HAIL
GRTST 24HR 0.0 6 = FREEZING RAIN OR DRIZZLE
GRTST DEPTH: 0 7 = DUSTSTORM OR SANDSTORM:
VSBY 1/2 MILE OR LESS
8 = SMOKE OR HAZE
[NO. OF DAYS WITH] [WEATHER - DAYS WITH] 9 = BLOWING SNOW
X = TORNADO
MAX 32 OR BELOW: 0 0.01 INCH OR MORE: 3
MAX 90 OR ABOVE: 30 0.10 INCH OR MORE: 2
MIN 32 OR BELOW: 0 0.50 INCH OR MORE: 0
MIN 0 OR BELOW: 0 1.00 INCH OR MORE: 0
[HDD (BASE 65) ]
TOTAL THIS MO. 0 CLEAR (SCALE 0-3) 12
DPTR FM NORMAL 0 PTCLDY (SCALE 4-7) 18
TOTAL FM JUL 1 628 CLOUDY (SCALE 8-10) 0
DPTR FM NORMAL -246
[CDD (BASE 65) ]
TOTAL THIS MO. 881
DPTR FM NORMAL 89 [PRESSURE DATA]
TOTAL FM JAN 1 1954 HIGHEST SLP 30.03 ON 27
DPTR FM NORMAL 252 LOWEST SLP 29.54 ON 17
[REMARKS]
#FINAL-06-22#