000
CXUS55 KPSR 011005
CF6PHX
PRELIMINARY LOCAL CLIMATOLOGICAL DATA (WS FORM: F-6)
STATION: PHOENIX AZ
MONTH: JUNE
YEAR: 2021
LATITUDE: 33 25 N
LONGITUDE: 112 1 W
TEMPERATURE IN F: :PCPN: SNOW: WIND :SUNSHINE: SKY :PK WND
================================================================================
1 2 3 4 5 6A 6B 7 8 9 10 11 12 13 14 15 16 17 18
12Z AVG MX 2MIN
DY MAX MIN AVG DEP HDD CDD WTR SNW DPTH SPD SPD DIR MIN PSBL S-S WX SPD DR
================================================================================
1 103 78 91 4 0 26 0.00 0.0 0 6.9 18 290 M M 3 23 290
2 106 80 93 5 0 28 0.00 0.0 0 7.6 20 280 M M 5 25 270
3 106 81 94 6 0 29 0.00 0.0 0 9.5 24 290 M M 2 29 270
4 108 81 95 7 0 30 0.00 0.0 0 9.1 22 280 M M 4 29 270
5 108 80 94 5 0 29 0.00 0.0 0 9.1 24 270 M M 3 31 270
6 106 77 92 3 0 27 0.00 0.0 0 9.8 23 210 M M 2 30 210
7 104 74 89 0 0 24 0.00 0.0 0 9.4 23 270 M M 5 29 260
8 99 74 87 -3 0 22 0.00 0.0 0 7.2 16 180 M M 3 21 180
9 103 76 90 0 0 25 0.00 0.0 0 5.8 15 280 M M 7 24 340
10 101 76 89 -1 0 24 0.00 0.0 0 7.1 17 280 M M 3 21 270
11 104 76 90 0 0 25 0.00 0.0 0 5.1 14 300 M M 1 19 310
12 110 75 93 2 0 28 0.00 0.0 0 4.8 12 280 M M 1 16 270
13 113 79 96 5 0 31 0.00 0.0 0 7.3 20 270 M M 1 23 270
14 113 82 98 7 0 33 0.00 0.0 0 6.4 16 270 M M 4 21 270
15 115 85 100 8 0 35 0.00 0.0 0 5.5 20 50 M M 7 8 24 50
16 115 90 103 11 0 38 0.00 0.0 0 6.9 16 290 M M 6 23 140
17 118 91 105 13 0 40 0.00 0.0 0 8.5 20 180 M M 4 25 190
18 117 92 105 13 0 40 0.00 0.0 0 8.8 16 270 M M 2 21 270
19 116 91 104 12 0 39 0.00 0.0 0 9.7 24 280 M M 3 30 280
20 115 89 102 9 0 37 0.00 0.0 0 11.6 25 280 M M 1 31 280
21 109 88 99 6 0 34 0.00 0.0 0 10.4 21 280 M M 2 26 280
22 110 87 99 6 0 34 0.00 0.0 0 9.6 22 270 M M 6 33 360
23 95 78 87 -6 0 22 0.17 0.0 0 7.5 24 160 M M 7 3 32 190
24 104 77 91 -3 0 26 0.00 0.0 0 6.7 24 320 M M 3 33 280
25 107 83 95 1 0 30 0.00 0.0 0 6.5 20 300 M M 2 27 280
26 108 85 97 3 0 32 0.00 0.0 0 5.8 13 250 M M 4 21 240
27 113 85 99 5 0 34 0.00 0.0 0 6.6 21 320 M M 6 27 320
28 109 89 99 5 0 34 0.00 0.0 0 10.6 21 110 M M 5 28 120
29 105 86 96 2 0 31 0.00 0.0 0 10.5 21 60 M M 5 28 70
30 106 89 98 3 0 33 T 0.0 M 9.0 31 60 M M 3 39 70
================================================================================
SM 3246 2474 0 920 0.17 0.0 239.3 M 110
================================================================================
AV108.2 82.5 8.0 FASTST M M 4 MAX(MPH)
MISC ----> 31 60 39 70
================================================================================
NOTES:
# LAST OF SEVERAL OCCURRENCES
COLUMN 17 PEAK WIND IN M.P.H.
PRELIMINARY LOCAL CLIMATOLOGICAL DATA (WS FORM: F-6) , PAGE 2
STATION: PHOENIX AZ
MONTH: JUNE
YEAR: 2021
LATITUDE: 33 25 N
LONGITUDE: 112 1 W
[TEMPERATURE DATA] [PRECIPITATION DATA] SYMBOLS USED IN COLUMN 16
AVERAGE MONTHLY: 95.3 TOTAL FOR MONTH: 0.17 1 = FOG OR MIST
DPTR FM NORMAL: 3.9 DPTR FM NORMAL: 0.15 2 = FOG REDUCING VISIBILITY
HIGHEST: 118 ON 17 GRTST 24HR 0.17 ON 23-23 TO 1/4 MILE OR LESS
LOWEST: 74 ON 8, 7 3 = THUNDER
SNOW, ICE PELLETS, HAIL 4 = ICE PELLETS
TOTAL MONTH: 0.0 INCH 5 = HAIL
GRTST 24HR 0.0 6 = FREEZING RAIN OR DRIZZLE
GRTST DEPTH: 0 7 = DUSTSTORM OR SANDSTORM:
VSBY 1/2 MILE OR LESS
8 = SMOKE OR HAZE
[NO. OF DAYS WITH] [WEATHER - DAYS WITH] 9 = BLOWING SNOW
X = TORNADO
MAX 32 OR BELOW: 0 0.01 INCH OR MORE: 1
MAX 90 OR ABOVE: 30 0.10 INCH OR MORE: 1
MIN 32 OR BELOW: 0 0.50 INCH OR MORE: 0
MIN 0 OR BELOW: 0 1.00 INCH OR MORE: 0
[HDD (BASE 65) ]
TOTAL THIS MO. 0 CLEAR (SCALE 0-3) 14
DPTR FM NORMAL 0 PTCLDY (SCALE 4-7) 16
TOTAL FM JUL 1 854 CLOUDY (SCALE 8-10) 0
DPTR FM NORMAL -20
[CDD (BASE 65) ]
TOTAL THIS MO. 920
DPTR FM NORMAL 128 [PRESSURE DATA]
TOTAL FM JAN 1 1949 HIGHEST SLP 29.91 ON 1
DPTR FM NORMAL 247 LOWEST SLP 29.42 ON 27
[REMARKS]
#FINAL-06-21#