000
CXUS53 KILX 020219
CF6PIA
PRELIMINARY LOCAL CLIMATOLOGICAL DATA (WS FORM: F-6)
STATION: PEORIA IL
MONTH: NOVEMBER
YEAR: 2020
LATITUDE: 40 40 N
LONGITUDE: 89 41 W
TEMPERATURE IN F: :PCPN: SNOW: WIND :SUNSHINE: SKY :PK WND
================================================================================
1 2 3 4 5 6A 6B 7 8 9 10 11 12 13 14 15 16 17 18
12Z AVG MX 2MIN
DY MAX MIN AVG DEP HDD CDD WTR SNW DPTH SPD SPD DIR MIN PSBL S-S WX SPD DR
================================================================================
1 54 26 40 -8 25 0 0.00 0.0 0 12.0 25 290 M M 0 42 290
2 53 20 37 -11 28 0 0.00 0.0 0 6.3 17 230 M M 0 22 210
3 71 35 53 5 12 0 0.00 0.0 0 8.1 18 210 M M 0 25 200
4 72 44 58 11 7 0 0.00 0.0 0 10.5 18 190 M M 0 27 200
5 72 47 60 13 5 0 0.00 0.0 0 6.9 14 230 M M 0 18 210
6 75 46 61 15 4 0 0.00 0.0 0 7.2 15 200 M M 0 20 200
7 71 45 58 12 7 0 0.00 0.0 0 8.1 17 200 M M 0 23 160
8 76 56 66 20 0 1 0.00 0.0 0 10.4 24 190 M M 3 33 200
9 76 63 70 25 0 5 0.00 0.0 0 14.3 25 190 M M 4 33 180
10 74 39 57 13 8 0 0.55 0.0 0 18.9 35 220 M M 8 13 58 210
11 48 32 40 -4 25 0 0.00 0.0 0 5.3 15 300 M M 3 22 270
12 54 30 42 -2 23 0 T 0.0 0 4.6 16 290 M M 3 1 27 290
13 45 25 35 -8 30 0 0.00 0.0 0 5.6 20 310 M M 1 8 30 310
14 54 28 41 -1 24 0 0.48 0.0 0 14.4 28 170 M M 6 13 37 170
15 55 35 45 3 20 0 0.01 0.0 0 17.3 31 280 M M 6 46 280
16 56 29 43 1 22 0 0.00 0.0 0 9.6 20 300 M M 0 33 300
17 45 29 37 -4 28 0 0.00 0.0 0 4.6 15 310 M M 2 8 24 300
18 53 32 43 3 22 0 0.00 0.0 0 15.3 26 180 M M 0 36 170
19 70 46 58 18 7 0 0.00 0.0 0 18.4 32 220 M M 1 44 210
20 61 44 53 14 12 0 T 0.0 0 5.7 13 200 M M 3 18 200
21 49 40 45 6 20 0 0.06 0.0 0 6.8 13 30 M M 4 1 18 30
22 47 36 42 4 23 0 0.10 0.0 0 6.3 15 270 M M 8 1 20 280
23 43 30 37 -1 28 0 0.16 T 0 3.4 10 180 M M 2 1 13 180
24 48 33 41 4 24 0 0.72 0.2 T 11.2 20 160 M M 10 1 29 150
25 48 43 46 9 19 0 0.13 0.0 0 6.8 16 200 M M 10 12 20 200
26 47 34 41 5 24 0 0.00 0.0 0 9.5 14 210 M M 6 1 20 270
27 46 31 39 3 26 0 0.00 0.0 0 3.8 14 300 M M 4 12 20 310
28 52 25 39 4 26 0 0.00 0.0 0 6.9 15 220 M M 0 19 200
29 48 31 40 5 25 0 0.00 0.0 0 7.9 17 330 M M 3 33 320
30 35 25 30 -4 35 0 T T 0 9.1 17 350 M M 10 29 360
================================================================================
SM 1698 1079 559 6 2.21 0.2 275.2 M 97
================================================================================
AV 56.6 36.0 9.2 FASTST M M 3 MAX(MPH)
MISC ----> 35 220 58 210
================================================================================
NOTES:
# LAST OF SEVERAL OCCURRENCES
COLUMN 17 PEAK WIND IN M.P.H.
PRELIMINARY LOCAL CLIMATOLOGICAL DATA (WS FORM: F-6) , PAGE 2
STATION: PEORIA IL
MONTH: NOVEMBER
YEAR: 2020
LATITUDE: 40 40 N
LONGITUDE: 89 41 W
[TEMPERATURE DATA] [PRECIPITATION DATA] SYMBOLS USED IN COLUMN 16
AVERAGE MONTHLY: 46.3 TOTAL FOR MONTH: 2.21 1 = FOG OR MIST
DPTR FM NORMAL: 4.7 DPTR FM NORMAL: -0.92 2 = FOG REDUCING VISIBILITY
HIGHEST: 76 ON 9, 8 GRTST 24HR 0.84 ON 23-24 TO 1/4 MILE OR LESS
LOWEST: 20 ON 2 3 = THUNDER
SNOW, ICE PELLETS, HAIL 4 = ICE PELLETS
TOTAL MONTH: 0.2 INCH 5 = HAIL
GRTST 24HR 0.2 ON 24-24 6 = FREEZING RAIN OR DRIZZLE
GRTST DEPTH: T 7 = DUSTSTORM OR SANDSTORM:
VSBY 1/2 MILE OR LESS
8 = SMOKE OR HAZE
[NO. OF DAYS WITH] [WEATHER - DAYS WITH] 9 = BLOWING SNOW
X = TORNADO
MAX 32 OR BELOW: 0 0.01 INCH OR MORE: 8
MAX 90 OR ABOVE: 0 0.10 INCH OR MORE: 6
MIN 32 OR BELOW: 14 0.50 INCH OR MORE: 2
MIN 0 OR BELOW: 0 1.00 INCH OR MORE: 0
[HDD (BASE 65) ]
TOTAL THIS MO. 559 CLEAR (SCALE 0-3) 19
DPTR FM NORMAL -143 PTCLDY (SCALE 4-7) 7
TOTAL FM JUL 1 1033 CLOUDY (SCALE 8-10) 4
DPTR FM NORMAL -115
[CDD (BASE 65) ]
TOTAL THIS MO. 6
DPTR FM NORMAL 6 [PRESSURE DATA]
TOTAL FM JAN 1 1142 HIGHEST SLP 30.60 ON 17
DPTR FM NORMAL 103 LOWEST SLP 29.39 ON 15
[REMARKS]
#FINAL-11-20#