000
CXUS53 KILX 011306
CLMPIA
CLIMATE REPORT
NATIONAL WEATHER SERVICE LINCOLN IL
806 AM CDT WED NOV 01 2023
...................................
...THE PEORIA IL CLIMATE SUMMARY FOR THE MONTH OF OCTOBER 2023...
CLIMATE NORMAL PERIOD 1991 TO 2020
CLIMATE RECORD PERIOD 1883 TO 2023
WEATHER OBSERVED NORMAL DEPART LAST YEAR`S
VALUE DATE(S) VALUE FROM VALUE
NORMAL
..............................................................
TEMPERATURE (F)
RECORD
HIGH 93 10/03/2006
LOW 7 10/30/1925
HIGHEST 88 10/03 65 23 82
LOWEST 26 10/31 43 -17 27
AVG. MAXIMUM 66.4 65.4 1.0 66.3
AVG. MINIMUM 47.5 44.4 3.1 42.0
MEAN 57.0 54.9 2.1 54.1
DAYS MAX >= 90 0 0.1 -0.1 0
DAYS MAX <= 32 0 0.0 0.0 0
DAYS MIN <= 32 2 3.3 -1.3 3
DAYS MIN <= 0 0 0.0 0.0 0
PRECIPITATION (INCHES)
RECORD
MAXIMUM 10.53 1941
MINIMUM 0.03 1964
TOTALS 3.23 3.17 0.06 2.67
DAILY AVG. 0.10 0.10 -0.00 0.09
DAYS >= .01 12 9.5 2.5 9
DAYS >= .10 7 6.0 1.0 7
DAYS >= .50 3 2.2 0.8 1
DAYS >= 1.00 0 0.7 -0.7 1
GREATEST
24 HR. TOTAL 1.07 10/25 TO 10/26 1.22
SNOWFALL (INCHES)
RECORDS
TOTAL 4.2 2019
TOTALS 0.0 0.1 -0.1 T
SINCE 7/1 0.0 0.1 -0.1 MM
DAYS >= 1.0 0 0.0 0.0 0
GREATEST
SNOW DEPTH 0 0
24 HR TOTAL MM T
DEGREE DAYS
HEATING TOTAL 287 335 -48 343
SINCE 7/1 290 405 -115 MM
COOLING TOTAL 46 22 24 13
SINCE 1/1 1246 1156 90 MM
..............................................................
WIND (MPH)
AVERAGE WIND SPEED 6.9
HIGHEST WIND SPEED/DIRECTION 25/270 DATE 10/06
25/280 10/31
HIGHEST GUST SPEED/DIRECTION 41/280 DATE 10/31
SKY COVER
POSSIBLE SUNSHINE (PERCENT) MM
AVERAGE SKY COVER 0.41
NUMBER OF DAYS FAIR 15
NUMBER OF DAYS PC 9
NUMBER OF DAYS CLOUDY 7
AVERAGE RH (PERCENT) 69
WEATHER CONDITIONS. NUMBER OF DAYS WITH
THUNDERSTORM 0 MIXED PRECIP 0
HEAVY RAIN 3 RAIN 7
LIGHT RAIN 15 FREEZING RAIN 0
LT FREEZING RAIN 0 HAIL 0
HEAVY SNOW 0 SNOW 0
LIGHT SNOW 0 SLEET 0
FOG 9 FOG W/VIS <= 1/4 MILE 0
HAZE 1
- INDICATES NEGATIVE NUMBERS.
R INDICATES RECORD WAS SET OR TIED.
MM INDICATES DATA IS MISSING.
T INDICATES TRACE AMOUNT.
$$