000
CXUS54 KBRO 021125
CF6PIL
PRELIMINARY LOCAL CLIMATOLOGICAL DATA (WS FORM: F-6)
STATION: BAYVIEW
MONTH: SEPTEMBER
YEAR: 2023
LATITUDE: 26 10 N
LONGITUDE: 97 20 W
TEMPERATURE IN F: :PCPN: SNOW: WIND :SUNSHINE: SKY :PK WND
================================================================================
1 2 3 4 5 6A 6B 7 8 9 10 11 12 13 14 15 16 17 18
12Z AVG MX 2MIN
DY MAX MIN AVG DEP HDD CDD WTR SNW DPTH SPD SPD DIR MIN PSBL S-S WX SPD DR
================================================================================
1 95 76 86 2 0 21 0.00 0.0 0 7.1 18 60 M M 1 24 60
2 93 74 84 0 0 19 0.00 0.0 0 7.4 18 80 M M 0 25 90
3 95 76 86 2 0 21 0.00 0.0 0 9.8 22 120 M M 1 29 110
4 99 81 90 6 0 25 0.00 0.0 0 13.4 25 130 M M 1 32 140
5 97 82 90 6 0 25 0.00 0.0 0 15.0 24 140 M M 0 32 130
6 95 80 88 4 0 23 0.00 0.0 0 10.2 18 90 M M 1 25 90
7 95 77 86 2 0 21 0.00 0.0 0 8.2 18 80 M M 1 25 90
8 95 77 86 2 0 21 0.00 0.0 0 9.1 18 110 M M 0 32 110
9 95 77 86 2 0 21 0.00 0.0 0 7.6 21 70 M M 0 28 80
10 95 77 86 3 0 21 0.00 0.0 0 8.3 20 70 M M 0 27 90
11 95 78 87 4 0 22 0.00 0.0 0 10.6 18 70 M M 1 27 90
12 95 78 87 4 0 22 0.00 0.0 0 9.6 20 100 M M 0 26 90
13 96 77 87 4 0 22 0.00 0.0 0 11.0 22 110 M M 0 29 110
14 99 79 89 6 0 24 0.00 0.0 0 12.5 25 130 M M 1 36 160
15 98 81 90 7 0 25 T 0.0 0 12.4 23 120 M M 1 31 110
16 95 79 87 4 0 22 0.00 0.0 0 6.7 17 90 M M 2 3 27 120
17 89 74 82 -1 0 17 0.14 0.0 0 6.4 17 30 M M 2 13 23 160
18 93 76 85 3 0 20 0.00 0.0 0 9.3 18 70 M M 2 27 70
19 92 74 83 1 0 18 0.00 0.0 0 7.7 16 100 M M 1 24 100
20 95 73 84 2 0 19 0.00 0.0 0 6.8 16 100 M M 0 26 120
21 94 76 85 3 0 20 0.00 0.0 0 9.3 21 100 M M 1 27 120
22 98 81 90 8 0 25 T 0.0 0 11.1 23 150 M M 2 31 150
23 98 80 89 7 0 24 0.00 0.0 0 11.1 22 110 M M 0 29 120
24 97 81 89 7 0 24 0.00 0.0 0 12.2 24 130 M M 1 33 130
25 94 79 87 6 0 22 0.00 0.0 0 10.2 20 100 M M 0 26 120
26 93 76 85 4 0 20 0.00 0.0 0 7.0 16 90 M M 1 23 90
27 94 74 84 3 0 19 0.00 0.0 0 7.7 20 80 M M 1 26 90
28 92 76 84 3 0 19 0.02 0.0 0 8.1 20 90 M M 2 13 26 90
29 94 76 85 4 0 20 0.00 0.0 0 8.0 16 60 M M 2 25 50
30 93 76 85 4 0 20 T 0.0 0 7.9 18 80 M M 1 24 90
================================================================================
SM 2848 2321 0 642 0.16 0.0 281.7 M 26
================================================================================
AV 94.9 77.4 9.4 FASTST M M 1 MAX(MPH)
MISC ----> # 25 130 36 160
================================================================================
NOTES:
# LAST OF SEVERAL OCCURRENCES
COLUMN 17 PEAK WIND IN M.P.H.
PRELIMINARY LOCAL CLIMATOLOGICAL DATA (WS FORM: F-6) , PAGE 2
STATION: BAYVIEW
MONTH: SEPTEMBER
YEAR: 2023
LATITUDE: 26 10 N
LONGITUDE: 97 20 W
[TEMPERATURE DATA] [PRECIPITATION DATA] SYMBOLS USED IN COLUMN 16
AVERAGE MONTHLY: 86.2 TOTAL FOR MONTH: 0.16 1 = FOG OR MIST
DPTR FM NORMAL: 3.6 DPTR FM NORMAL: -5.10 2 = FOG REDUCING VISIBILITY
HIGHEST: 99 ON 14, 4 GRTST 24HR 0.14 ON 17-17 TO 1/4 MILE OR LESS
LOWEST: 73 ON 20 3 = THUNDER
SNOW, ICE PELLETS, HAIL 4 = ICE PELLETS
TOTAL MONTH: 0.0 INCH 5 = HAIL
GRTST 24HR 0.0 6 = FREEZING RAIN OR DRIZZLE
GRTST DEPTH: 0 7 = DUSTSTORM OR SANDSTORM:
VSBY 1/2 MILE OR LESS
8 = SMOKE OR HAZE
[NO. OF DAYS WITH] [WEATHER - DAYS WITH] 9 = BLOWING SNOW
X = TORNADO
MAX 32 OR BELOW: 0 0.01 INCH OR MORE: 2
MAX 90 OR ABOVE: 29 0.10 INCH OR MORE: 1
MIN 32 OR BELOW: 0 0.50 INCH OR MORE: 0
MIN 0 OR BELOW: 0 1.00 INCH OR MORE: 0
[HDD (BASE 65) ]
TOTAL THIS MO. 0 CLEAR (SCALE 0-3) 30
DPTR FM NORMAL 0 PTCLDY (SCALE 4-7) 0
TOTAL FM JUL 1 0 CLOUDY (SCALE 8-10) 0
DPTR FM NORMAL 0
[CDD (BASE 65) ]
TOTAL THIS MO. 642
DPTR FM NORMAL 113 [PRESSURE DATA]
TOTAL FM JAN 1 4069 HIGHEST SLP 30.05 ON 17
DPTR FM NORMAL 570 LOWEST SLP 29.77 ON 4
[REMARKS]
#FINAL-09-23#