000
CXUS55 KABR 011100
CF6PIR
PRELIMINARY LOCAL CLIMATOLOGICAL DATA (WS FORM: F-6)
STATION: PIERRE SD
MONTH: SEPTEMBER
YEAR: 2020
LATITUDE: 44 22 N
LONGITUDE: 100 17 W
TEMPERATURE IN F: :PCPN: SNOW: WIND :SUNSHINE: SKY :PK WND
================================================================================
1 2 3 4 5 6A 6B 7 8 9 10 11 12 13 14 15 16 17 18
12Z AVG MX 2MIN
DY MAX MIN AVG DEP HDD CDD WTR SNW DPTH SPD SPD DIR MIN PSBL S-S WX SPD DR
================================================================================
1 84 61 73 4 0 8 0.00 0.0 0 12.4 28 300 M M 3 36 300
2 96 52 74 5 0 9 0.00 0.0 0 13.1 36 330 M M 1 48 330
3 78 54 66 -3 0 1 0.00 0.0 0 12.7 33 340 M M 1 45 330
4 87 46 67 -1 0 2 0.00 0.0 0 7.1 20 330 M M 0 28 290
5 90 50 70 2 0 5 0.00 0.0 0 12.6 26 120 M M 0 34 110
6 89 58 74 7 0 9 0.00 0.0 0 14.2 24 10 M M 0 32 10
7 60 44 52 -15 13 0 0.17 0.0 0 11.5 22 40 M M 8 1 29 40
8 47 37 42 -24 23 0 0.05 0.0 0 8.5 21 30 M M 7 27 30
9 58 36 47 -19 18 0 0.00 0.0 0 4.6 12 240 M M 0 15 230
10 68 32 50 -16 15 0 0.00 0.0 0 6.9 14 130 M M 0 19 140
11 60 49 55 -10 10 0 0.07 0.0 0 9.2 17 150 M M 8 1 21 150
12 74 50 62 -3 3 0 0.00 0.0 0 3.5 15 340 M M 6 12 20 340
13 84 48 66 2 0 1 0.00 0.0 0 7.9 22 50 M M 0 28 50
14 97 43 70 6 0 5 0.00 0.0 0 10.6 23 200 M M 1 1 31 180
15 88 49 69 6 0 4 0.00 0.0 0 7.8 16 360 M M 0 23 360
16 69 45 57 -6 8 0 0.00 0.0 0 8.0 17 350 M M 1 21 350
17 72 44 58 -4 7 0 0.00 0.0 0 10.4 21 140 M M 0 28 130
18 74 42 58 -4 7 0 0.00 0.0 0 13.8 24 150 M M 0 31 140
19 87 55 71 10 0 6 0.00 0.0 0 14.9 23 170 M M 0 30 160
20 85 52 69 8 0 4 T 0.0 0 8.6 21 150 M M 0 27 150
21 86 49 68 8 0 3 0.00 0.0 0 6.6 15 70 M M 0 21 50
22 90 49 70 10 0 5 0.00 0.0 0 8.7 18 130 M M 0 1 26 120
23 82 51 67 8 0 2 0.00 0.0 0 6.3 18 350 M M 0 23 350
24 85 48 67 8 0 2 0.00 0.0 0 10.1 22 140 M M 0 1 30 130
25 80 56 68 10 0 3 0.00 0.0 0 10.9 25 330 M M 0 8 34 330
26 80 57 69 11 0 4 0.00 0.0 0 13.1 39 330 M M 1 8 51 330
27 69 52 61 4 4 0 0.00 0.0 0 18.0 30 330 M M 2 45 330
28 65 46 56 -1 9 0 0.00 0.0 0 15.7 31 340 M M 3 42 330
29 84 44 64 8 1 0 0.00 0.0 0 11.9 25 320 M M 2 35 270
30 67 45 56 0 9 0 0.00 0.0 0 21.2 36 310 M M 0 46 330
================================================================================
SM 2335 1444 127 73 0.29 0.0 320.8 M 44
================================================================================
AV 77.8 48.1 10.7 FASTST M M 1 MAX(MPH)
MISC ----> 39 330 51 330
================================================================================
NOTES:
# LAST OF SEVERAL OCCURRENCES
COLUMN 17 PEAK WIND IN M.P.H.
PRELIMINARY LOCAL CLIMATOLOGICAL DATA (WS FORM: F-6) , PAGE 2
STATION: PIERRE SD
MONTH: SEPTEMBER
YEAR: 2020
LATITUDE: 44 22 N
LONGITUDE: 100 17 W
[TEMPERATURE DATA] [PRECIPITATION DATA] SYMBOLS USED IN COLUMN 16
AVERAGE MONTHLY: 63.0 TOTAL FOR MONTH: 0.29 1 = FOG OR MIST
DPTR FM NORMAL: 0.1 DPTR FM NORMAL: -1.58 2 = FOG REDUCING VISIBILITY
HIGHEST: 97 ON 14 GRTST 24HR 0.22 ON 7- 8 TO 1/4 MILE OR LESS
LOWEST: 32 ON 10 3 = THUNDER
SNOW, ICE PELLETS, HAIL 4 = ICE PELLETS
TOTAL MONTH: 0.0 INCH 5 = HAIL
GRTST 24HR 0.0 6 = FREEZING RAIN OR DRIZZLE
GRTST DEPTH: 0 7 = DUSTSTORM OR SANDSTORM:
VSBY 1/2 MILE OR LESS
8 = SMOKE OR HAZE
[NO. OF DAYS WITH] [WEATHER - DAYS WITH] 9 = BLOWING SNOW
X = TORNADO
MAX 32 OR BELOW: 0 0.01 INCH OR MORE: 3
MAX 90 OR ABOVE: 4 0.10 INCH OR MORE: 1
MIN 32 OR BELOW: 1 0.50 INCH OR MORE: 0
MIN 0 OR BELOW: 0 1.00 INCH OR MORE: 0
[HDD (BASE 65) ]
TOTAL THIS MO. 127 CLEAR (SCALE 0-3) 26
DPTR FM NORMAL -24 PTCLDY (SCALE 4-7) 3
TOTAL FM JUL 1 132 CLOUDY (SCALE 8-10) 1
DPTR FM NORMAL -39
[CDD (BASE 65) ]
TOTAL THIS MO. 73
DPTR FM NORMAL -13 [PRESSURE DATA]
TOTAL FM JAN 1 955 HIGHEST SLP 30.49 ON 8
DPTR FM NORMAL 92 LOWEST SLP 29.50 ON 2
[REMARKS]
#FINAL-09-20#