000
CXUS51 KRLX 011130
CF6PKB
PRELIMINARY LOCAL CLIMATOLOGICAL DATA (WS FORM: F-6)
STATION: PARKERSBURG WV
MONTH: OCTOBER
YEAR: 2021
LATITUDE: 39 20 N
LONGITUDE: 81 26 W
TEMPERATURE IN F: :PCPN: SNOW: WIND :SUNSHINE: SKY :PK WND
================================================================================
1 2 3 4 5 6A 6B 7 8 9 10 11 12 13 14 15 16 17 18
12Z AVG MX 2MIN
DY MAX MIN AVG DEP HDD CDD WTR SNW DPTH SPD SPD DIR MIN PSBL S-S WX SPD DR
================================================================================
1 75 46 61 0 4 0 0.00 M M 0.7 8 40 M M 3 12 10 20
2 77 45 61 0 4 0 0.00 M M 1.5 7 180 M M 3 12 9 170
3 75 64 70 10 0 5 0.76 M M 5.0 15 170 M M 8 13 20 180
4 76 59 68 8 0 3 0.36 M M 3.7 10 230 M M 8 123 15 230
5 82 56 69 10 0 4 0.00 M M 2.3 10 40 M M 5 12 12 40
6 82 63 73 14 0 8 0.04 M M 1.9 12 150 M M 5 13 15 150
7 75 64 70 11 0 5 0.01 M M 2.0 7 70 M M 4 1 8 90
8 73 60 67 9 0 2 0.04 M M 2.3 9 180 M M 6 1 12 170
9 78 62 70 12 0 5 0.00 M M 2.8 7 130 M M 6 1 9 210
10 79 56 68 10 0 3 0.00 M M 2.6 10 200 M M 0 12 14 190
11 82 56 69 12 0 4 0.00 M M 2.8 10 140 M M 1 12 13 140
12 79 59 69 12 0 4 0.00 M M 4.6 14 220 M M 4 21 220
13 75 55 65 9 0 0 0.00 M M 1.4 9 220 M M 3 12 14 260
14 81 57 69 13 0 4 0.00 M M 2.3 9 200 M M 4 1 12 260
15 82 66 74 18 0 9 0.44 M M 4.7 18 300 M M 4 13 25 300
16 67 51 59 4 6 0 0.42 M M 8.6 23 300 M M 7 1 30 290
17 64 44 54 -1 11 0 0.00 M M 6.7 22 280 M M 4 29 290
18 69 41 55 0 10 0 0.00 M M 5.1 18 300 M M 0 29 310
19 72 38 55 1 10 0 0.00 M M 1.7 10 230 M M 0 17 230
20 72 41 57 3 8 0 0.00 M M 3.4 15 220 M M 0 1 20 210
21 73 48 61 7 4 0 0.99 M M 7.5 17 290 M M 4 13 25 290
22 53 51 52 -1 13 0 0.09 M M 3.7 8 280 M M 10 1 12 260
23 60 51 56 3 9 0 0.06 M M 4.3 14 260 M M 10 1 21 250
24 67 52 60 8 5 0 0.10 M M 4.0 14 190 M M 7 18 20 190
25 67 52 60 8 5 0 0.22 M M 7.9 18 200 M M 5 1 28 200
26 56 40 48 -4 17 0 0.03 M M 9.1 20 320 M M 8 1 32 310
27 53 44 49 -2 16 0 T M M 3.0 8 80 M M 10 8 12 270
28 72 47 60 9 5 0 0.25 M M 6.9 16 150 M M 6 1 20 160
29 61 51 56 5 9 0 0.40 M M 5.2 15 110 M M 9 1 22 80
30 62 51 57 7 8 0 0.08 M M 3.0 10 160 M M 9 1 14 140
31 57 52 55 5 10 0 T M M 7.7 14 270 M M 10 20 240
================================================================================
SM 2196 1622 154 56 4.29 M 128.4 M 163
================================================================================
AV 70.8 52.3 4.1 FASTST M M 5 MAX(MPH)
MISC ----> 23 300 32 310
================================================================================
NOTES:
# LAST OF SEVERAL OCCURRENCES
COLUMN 17 PEAK WIND IN M.P.H.
PRELIMINARY LOCAL CLIMATOLOGICAL DATA (WS FORM: F-6) , PAGE 2
STATION: PARKERSBURG WV
MONTH: OCTOBER
YEAR: 2021
LATITUDE: 39 20 N
LONGITUDE: 81 26 W
[TEMPERATURE DATA] [PRECIPITATION DATA] SYMBOLS USED IN COLUMN 16
AVERAGE MONTHLY: 61.6 TOTAL FOR MONTH: 4.29 1 = FOG OR MIST
DPTR FM NORMAL: 6.2 DPTR FM NORMAL: 1.31 2 = FOG REDUCING VISIBILITY
HIGHEST: 82 ON 15,11 GRTST 24HR 1.01 ON 21-22 TO 1/4 MILE OR LESS
LOWEST: 38 ON 19 3 = THUNDER
SNOW, ICE PELLETS, HAIL 4 = ICE PELLETS
TOTAL MONTH: M 5 = HAIL
GRTST 24HR M ON M 6 = FREEZING RAIN OR DRIZZLE
GRTST DEPTH: M ON M 7 = DUSTSTORM OR SANDSTORM:
VSBY 1/2 MILE OR LESS
8 = SMOKE OR HAZE
[NO. OF DAYS WITH] [WEATHER - DAYS WITH] 9 = BLOWING SNOW
X = TORNADO
MAX 32 OR BELOW: 0 0.01 INCH OR MORE: 16
MAX 90 OR ABOVE: 0 0.10 INCH OR MORE: 9
MIN 32 OR BELOW: 0 0.50 INCH OR MORE: 2
MIN 0 OR BELOW: 0 1.00 INCH OR MORE: 0
[HDD (BASE 65) ]
TOTAL THIS MO. 154 CLEAR (SCALE 0-3) 8
DPTR FM NORMAL -163 PTCLDY (SCALE 4-7) 17
TOTAL FM JUL 1 185 CLOUDY (SCALE 8-10) 6
DPTR FM NORMAL -198
[CDD (BASE 65) ]
TOTAL THIS MO. 56
DPTR FM NORMAL 38 [PRESSURE DATA]
TOTAL FM JAN 1 1180 HIGHEST SLP 30.31 ON 1
DPTR FM NORMAL 183 LOWEST SLP 29.41 ON 29
[REMARKS]
#FINAL-10-21#