000
CXUS51 KRLX 021116
CF6PKB
PRELIMINARY LOCAL CLIMATOLOGICAL DATA (WS FORM: F-6)
STATION: PARKERSBURG WV
MONTH: JUNE
YEAR: 2021
LATITUDE: 39 20 N
LONGITUDE: 81 26 W
TEMPERATURE IN F: :PCPN: SNOW: WIND :SUNSHINE: SKY :PK WND
================================================================================
1 2 3 4 5 6A 6B 7 8 9 10 11 12 13 14 15 16 17 18
12Z AVG MX 2MIN
DY MAX MIN AVG DEP HDD CDD WTR SNW DPTH SPD SPD DIR MIN PSBL S-S WX SPD DR
================================================================================
1 75 49 62 -5 3 0 T M M 1.2 7 180 M M 2 12 9 110
2 72 61 67 -1 0 2 0.09 M M 3.1 10 190 M M 10 1 14 190
3 71 63 67 -1 0 2 0.14 M M 6.1 18 170 M M 8 1 23 170
4 84 62 73 5 0 8 0.00 M M 4.5 13 230 M M 4 1 17 260
5 88 62 75 7 0 10 0.00 M M 2.6 13 180 M M 1 1 16 180
6 88 58 73 4 0 8 0.00 M M 2.1 12 160 M M 1 18 16 170
7 86 67 77 8 0 12 T M M 3.6 12 280 M M 3 13 16 280
8 89 67 78 9 0 13 0.57 M M 3.8 20 270 M M 3 13 32 260
9 76 68 72 3 0 7 0.12 M M 2.9 7 160 M M 9 12 9 170
10 81 70 76 6 0 11 1.07 M M 1.7 9 150 M M 7 18 11 150
11 83 69 76 6 0 11 0.87 M M 2.6 10 320 M M 8 1238 14 330
12 87 67 77 7 0 12 0.00 M M 1.5 9 70 M M 4 12 12 100
13 87 65 76 6 0 11 1.12 M M 2.7 23 60 M M 5 123 30 30
14 85 62 74 3 0 9 T M M 4.2 16 10 M M 6 123 28 20
15 79 58 69 -2 0 4 0.08 M M 6.5 14 320 M M 4 138 21 310
16 76 47 62 -9 3 0 0.00 M M 3.2 15 310 M M 0 19 310
17 80 47 64 -8 1 0 0.00 M M 1.4 9 220 M M 1 128 12 260
18 82 55 69 -3 0 4 0.01 M M 6.8 20 210 M M 2 138 29 230
19 79 66 73 1 0 8 0.04 M M 5.7 17 230 M M 4 1 25 230
20 89 68 79 7 0 14 0.00 M M 5.5 12 200 M M 4 18 16 240
21 85 63 74 2 0 9 2.07 M M 10.0 23 290 M M 5 1238 33 290
22 72 50 61 -12 4 0 0.10 M M 5.0 17 310 M M 6 1 24 290
23 77 46 62 -11 3 0 0.00 M M 1.9 12 80 M M 1 1 14 140
24 84 53 69 -4 0 4 0.00 M M 4.5 13 200 M M 0 17 200
25 85 65 75 2 0 10 0.00 M M 7.9 14 160 M M 1 18 190
26 87 68 78 4 0 13 0.00 M M 8.4 16 200 M M 1 23 220
27 88 67 78 4 0 13 0.00 M M 6.4 15 200 M M 2 23 200
28 93 67 80 6 0 15 T M M 1.4 10 310 M M 2 13 16 260
29 93 69 81 7 0 16 0.00 M M 3.6 12 150 M M 0 1 15 160
30 85 70 78 4 0 13 0.69 M M 4.0 15 280 M M 3 13 22 190
================================================================================
SM 2486 1849 14 239 6.97 M 124.8 M 107
================================================================================
AV 82.9 61.6 4.2 FASTST M M 4 MAX(MPH)
MISC ----> # 23 60 33 290
================================================================================
NOTES:
# LAST OF SEVERAL OCCURRENCES
COLUMN 17 PEAK WIND IN M.P.H.
PRELIMINARY LOCAL CLIMATOLOGICAL DATA (WS FORM: F-6) , PAGE 2
STATION: PARKERSBURG WV
MONTH: JUNE
YEAR: 2021
LATITUDE: 39 20 N
LONGITUDE: 81 26 W
[TEMPERATURE DATA] [PRECIPITATION DATA] SYMBOLS USED IN COLUMN 16
AVERAGE MONTHLY: 72.3 TOTAL FOR MONTH: 6.97 1 = FOG OR MIST
DPTR FM NORMAL: 1.3 DPTR FM NORMAL: 2.53 2 = FOG REDUCING VISIBILITY
HIGHEST: 93 ON 29,28 GRTST 24HR 2.17 ON 21-22 TO 1/4 MILE OR LESS
LOWEST: 46 ON 23 3 = THUNDER
SNOW, ICE PELLETS, HAIL 4 = ICE PELLETS
TOTAL MONTH: M 5 = HAIL
GRTST 24HR M ON M 6 = FREEZING RAIN OR DRIZZLE
GRTST DEPTH: M ON M 7 = DUSTSTORM OR SANDSTORM:
VSBY 1/2 MILE OR LESS
8 = SMOKE OR HAZE
[NO. OF DAYS WITH] [WEATHER - DAYS WITH] 9 = BLOWING SNOW
X = TORNADO
MAX 32 OR BELOW: 0 0.01 INCH OR MORE: 13
MAX 90 OR ABOVE: 2 0.10 INCH OR MORE: 9
MIN 32 OR BELOW: 0 0.50 INCH OR MORE: 6
MIN 0 OR BELOW: 0 1.00 INCH OR MORE: 3
[HDD (BASE 65) ]
TOTAL THIS MO. 14 CLEAR (SCALE 0-3) 14
DPTR FM NORMAL -3 PTCLDY (SCALE 4-7) 14
TOTAL FM JUL 1 4687 CLOUDY (SCALE 8-10) 2
DPTR FM NORMAL -197
[CDD (BASE 65) ]
TOTAL THIS MO. 239
DPTR FM NORMAL 43 [PRESSURE DATA]
TOTAL FM JAN 1 328 HIGHEST SLP 30.28 ON 1
DPTR FM NORMAL 35 LOWEST SLP 29.60 ON 21
[REMARKS]
#FINAL-06-21#