000
CXUS51 KRLX 012327
CLMPKB
CLIMATE REPORT
NATIONAL WEATHER SERVICE CHARLESTON WV
727 PM EDT SUN OCT 01 2023
...................................
...THE PARKERSBURG WV CLIMATE SUMMARY FOR THE MONTH OF SEPTEMBER 2023...
CLIMATE NORMAL PERIOD: 1991 TO 2020
CLIMATE RECORD PERIOD: 1926 TO 2023
WEATHER OBSERVED NORMAL DEPART LAST YEAR`S
VALUE DATE(S) VALUE FROM VALUE
NORMAL
..............................................................
TEMPERATURE (F)
RECORD
HIGH 102 09/03/1953
LOW 32 09/23/1995
09/29/1942
HIGHEST 91 09/05 87
LOWEST 45 09/16 39
AVG. MAXIMUM 78.0 78.5 -0.5 76.7
AVG. MINIMUM 56.8 55.2 1.6 55.4
MEAN 67.4 66.9 0.5 66.0
DAYS MAX >= 90 3 2.4 0.6 0
DAYS MAX >= 80 11 12
DAYS MIN <= 32 0 0.0 0.0 0
PRECIPITATION (INCHES)
RECORD
MAXIMUM 8.41 1890
MINIMUM 0.46 1897
TOTALS 1.12 3.18 -2.06 1.96
DAILY AVG. 0.04 0.11 -0.07 0.07
DAYS >= .01 8 8.8 -0.8 11
DAYS >= .10 3 5.5 -2.5 5
DAYS >= .50 0 2.2 -2.2 1
DAYS >= 1.00 0 0.7 -0.7 1
GREATEST
24 HR. TOTAL 0.38 09/17 TO 09/17 1.01
DEGREE DAYS
HEATING TOTAL 26 62 -36 74
SINCE 7/1 26 64 -38 74
COOLING TOTAL 106 117 -11 112
SINCE 1/1 800 979 -179 1017
FALL FREEZE DATES
RECORD
EARLIEST 32 09/23/1995
LATEST 29 11/21/1985
NORMAL 10/22
1ST OBS. 2023 --
..............................................................
WIND (MPH)
AVERAGE WIND SPEED 2.5
HIGHEST WIND SPEED/DIRECTION 17/040 DATE 09/23
HIGHEST GUST SPEED/DIRECTION 23/310 DATE 09/12
SKY COVER
AVERAGE SKY COVER 0.48
NUMBER OF DAYS FAIR 12
NUMBER OF DAYS PC 11
NUMBER OF DAYS CLOUDY 7
AVERAGE RH (PERCENT) 75
WEATHER CONDITIONS. NUMBER OF DAYS WITH
THUNDERSTORM 1 MIXED PRECIP 0
HEAVY RAIN 4 RAIN 4
LIGHT RAIN 10 FREEZING RAIN 0
LT FREEZING RAIN 0 HAIL 0
HEAVY SNOW 0 SNOW 0
LIGHT SNOW 0 SLEET 0
FOG 28 FOG W/VIS <= 1/4 MILE 13
HAZE 3
- INDICATES NEGATIVE NUMBERS.
R INDICATES RECORD WAS SET OR TIED.
MM INDICATES DATA IS MISSING.
T INDICATES TRACE AMOUNT.
$$