000
CXUS53 KAPX 010830
CF6PLN
PRELIMINARY LOCAL CLIMATOLOGICAL DATA (WS FORM: F-6)
STATION: PELLSTON
MONTH: NOVEMBER
YEAR: 2022
LATITUDE: 45 34 N
LONGITUDE: 84 48 W
TEMPERATURE IN F: :PCPN: SNOW: WIND :SUNSHINE: SKY :PK WND
================================================================================
1 2 3 4 5 6A 6B 7 8 9 10 11 12 13 14 15 16 17 18
12Z AVG MX 2MIN
DY MAX MIN AVG DEP HDD CDD WTR SNW DPTH SPD SPD DIR MIN PSBL S-S WX SPD DR
================================================================================
1 66 28 47 7 18 0 0.00 M M 2.6 16 260 M M 0 24 270
2 72 28 50 10 15 0 0.00 M M 2.6 13 230 M M 0 19 190
3 74 32 53 13 12 0 0.00 M M 9.2 26 220 M M 0 36 210
4 68 48 58 19 7 0 0.76 M M 8.4 20 200 M M 7 1 32 200
5 65 46 56 17 9 0 0.87 M M 10.4 32 230 M M 10 1 50 210
6 56 43 50 12 15 0 0.05 M M 12.7 26 260 M M 3 1 49 240
7 50 34 42 4 23 0 T M M 15.6 29 270 M M 5 48 290
8 48 26 37 -1 28 0 0.00 M M 7.5 18 140 M M 1 25 150
9 63 35 49 11 16 0 0.37 M M 6.1 18 220 M M 7 13 29 220
10 76 63 70 33 0 5 T M M 13.8 25 210 M M 3 42 200
11 67 37 52 15 13 0 0.12 M M 8.0 18 310 M M 10 1 29 240
12 37 30 34 -2 31 0 0.05 M M 10.5 18 10 M M 9 128 24 360
13 32 28 30 -6 35 0 0.01 M M 8.4 17 310 M M 10 1 24 320
14 34 25 30 -6 35 0 M M M 2.2 7 40 M M 9 1 8 100
15 34 24 29 -6 36 0 0.10 M M 7.0 18 70 M M 9 12 25 90
16 31 23 27 -8 38 0 0.03 M M 5.9 14 40 M M 10 18 19 40
17 29 21 25 -10 40 0 0.39 M M 4.0 12 30 M M 10 12 15 110
18 32 13 23 -11 42 0 0.31 M M 4.6 17 210 M M 8 1 27 220
19 26 19 23 -11 42 0 0.21 M M 14.0 28 320 M M 10 128 38 310
20 27 19 23 -11 42 0 0.01 M M 13.0 25 310 M M 9 18 37 320
21 38 27 33 0 32 0 0.00 M M 11.5 26 290 M M 9 40 280
22 36 28 32 -1 33 0 T M M 3.9 14 210 M M 10 8 20 250
23 43 18 31 -2 34 0 0.00 M M 2.0 8 140 M M 5 12 10 140
24 50 19 35 3 30 0 0.06 M M 5.5 20 310 M M 6 128 28 280
25 40 28 34 2 31 0 T M M 11.1 23 320 M M 7 31 310
26 55 38 47 15 18 0 0.00 M M 11.6 22 250 M M 0 37 250
27 45 35 40 9 25 0 T M M 7.5 15 350 M M 7 20 350
28 38 22 30 -1 35 0 0.00 M M 4.3 13 150 M M 7 18 150
29 49 33 41 10 24 0 0.05 M M 11.2 22 170 M M 7 1 37 150
30 50 26 38 8 27 0 0.12 M M 17.6 31 290 M M 10 12 44 260
================================================================================
SM 1431 896 786 5 3.51 M 252.7 M 198
================================================================================
AV 47.7 29.9 8.4 FASTST M M 7 MAX(MPH)
MISC ----> 32 230 50 210
================================================================================
NOTES:
# LAST OF SEVERAL OCCURRENCES
COLUMN 17 PEAK WIND IN M.P.H.
PRELIMINARY LOCAL CLIMATOLOGICAL DATA (WS FORM: F-6) , PAGE 2
STATION: PELLSTON
MONTH: NOVEMBER
YEAR: 2022
LATITUDE: 45 34 N
LONGITUDE: 84 48 W
[TEMPERATURE DATA] [PRECIPITATION DATA] SYMBOLS USED IN COLUMN 16
AVERAGE MONTHLY: 38.8 TOTAL FOR MONTH: 3.51 1 = FOG OR MIST
DPTR FM NORMAL: 3.6 DPTR FM NORMAL: 0.80 2 = FOG REDUCING VISIBILITY
HIGHEST: 76 ON 10 GRTST 24HR 1.46 ON 4- 5 TO 1/4 MILE OR LESS
LOWEST: 13 ON 18 3 = THUNDER
SNOW, ICE PELLETS, HAIL 4 = ICE PELLETS
TOTAL MONTH: M 5 = HAIL
GRTST 24HR M ON M 6 = FREEZING RAIN OR DRIZZLE
GRTST DEPTH: M ON M 7 = DUSTSTORM OR SANDSTORM:
VSBY 1/2 MILE OR LESS
8 = SMOKE OR HAZE
[NO. OF DAYS WITH] [WEATHER - DAYS WITH] 9 = BLOWING SNOW
X = TORNADO
MAX 32 OR BELOW: 6 0.01 INCH OR MORE: 16
MAX 90 OR ABOVE: 0 0.10 INCH OR MORE: 9
MIN 32 OR BELOW: 20 0.50 INCH OR MORE: 2
MIN 0 OR BELOW: 0 1.00 INCH OR MORE: 0
[HDD (BASE 65) ]
TOTAL THIS MO. 786 CLEAR (SCALE 0-3) 6
DPTR FM NORMAL -107 PTCLDY (SCALE 4-7) 10
TOTAL FM JUL 1 1602 CLOUDY (SCALE 8-10) 14
DPTR FM NORMAL -278
[CDD (BASE 65) ]
TOTAL THIS MO. 5
DPTR FM NORMAL 5 [PRESSURE DATA]
TOTAL FM JAN 1 314 HIGHEST SLP 30.82 ON 8
DPTR FM NORMAL 60 LOWEST SLP 29.29 ON 30
[REMARKS]
#FINAL-11-22#