000
CXUS53 KAPX 010830
CF6PLN
PRELIMINARY LOCAL CLIMATOLOGICAL DATA (WS FORM: F-6)
STATION: PELLSTON
MONTH: DECEMBER
YEAR: 2023
LATITUDE: 45 34 N
LONGITUDE: 84 48 W
TEMPERATURE IN F: :PCPN: SNOW: WIND :SUNSHINE: SKY :PK WND
================================================================================
1 2 3 4 5 6A 6B 7 8 9 10 11 12 13 14 15 16 17 18
12Z AVG MX 2MIN
DY MAX MIN AVG DEP HDD CDD WTR SNW DPTH SPD SPD DIR MIN PSBL S-S WX SPD DR
================================================================================
1 37 14 26 -4 39 0 0.00 M M 2.5 10 60 M M 1 12 14 20
2 36 17 27 -3 38 0 0.00 M M 4.5 13 70 M M 5 17 80
3 32 15 24 -5 41 0 0.06 M M 6.1 16 70 M M 8 1 25 80
4 32 10 21 -8 44 0 0.00 M M 2.8 15 290 M M 6 128 21 280
5 34 8 21 -8 44 0 0.00 M M 0.3 6 340 M M 5 128 8 10
6 36 23 30 2 35 0 T M M 3.7 17 200 M M 8 18 27 170
7 42 24 33 5 32 0 0.00 M M 3.3 17 260 M M 8 12 26 280
8 47 30 39 11 26 0 0.00 M M 7.3 14 140 M M 6 1 19 140
9 53 36 45 18 20 0 0.30 M M 8.6 32 230 M M 9 1 52 220
10 36 30 33 6 32 0 0.18 M M 11.4 21 320 M M 10 18 30 310
11 32 27 30 3 35 0 0.02 M M 9.0 20 220 M M 10 18 29 240
12 36 28 32 6 33 0 0.01 M M 16.7 28 290 M M 10 42 290
13 34 19 27 1 38 0 0.00 M M 7.6 21 280 M M 4 27 290
14 48 17 33 7 32 0 0.00 M M 11.2 25 250 M M 0 40 240
15 48 37 43 18 22 0 0.07 M M 8.7 20 260 M M 5 12 35 250
16 43 37 40 15 25 0 0.13 M M 6.4 13 110 M M 10 12 19 110
17 47 36 42 17 23 0 0.11 M M 5.7 15 300 M M 10 1 21 300
18 36 23 30 6 35 0 0.04 M M 17.5 30 340 M M 10 18 40 350
19 35 12 24 0 41 0 T M M 8.1 20 230 M M 7 31 230
20 37 27 32 8 33 0 0.00 M M 3.6 15 80 M M 4 20 90
21 34 28 31 7 34 0 0.00 M M 9.0 21 90 M M 9 1 27 80
22 35 24 30 7 35 0 T M M 5.1 9 140 M M 9 1 13 160
23 41 34 38 15 27 0 0.00 M M 0.2 5 60 M M 10 1 M M
24 48 36 42 19 23 0 0.00 M M 5.6 14 150 M M 9 1 19 140
25 54 43 49 27 16 0 0.00 M M 6.9 12 140 M M 7 16 130
26 45 41 43 21 22 0 0.12 M M 5.9 13 110 M M 10 1 18 100
27 41 38 40 18 25 0 0.14 M M 7.2 14 310 M M 10 1 19 320
28 40 38 39 17 26 0 0.09 M M 10.0 17 10 M M 10 1 23 30
29 43 23 33 12 32 0 0.00 M M 6.7 12 310 M M 5 1 16 10
30 34 28 31 10 34 0 0.01 M M 2.5 8 290 M M 10 1 12 320
31 32 24 28 7 37 0 T M M 7.2 16 70 M M 10 1 22 70
================================================================================
SM 1228 827 979 0 1.28 M 211.3 M 235
================================================================================
AV 39.6 26.7 6.8 FASTST M M 8 MAX(MPH)
MISC ----> 32 230 52 220
================================================================================
NOTES:
# LAST OF SEVERAL OCCURRENCES
COLUMN 17 PEAK WIND IN M.P.H.
PRELIMINARY LOCAL CLIMATOLOGICAL DATA (WS FORM: F-6) , PAGE 2
STATION: PELLSTON
MONTH: DECEMBER
YEAR: 2023
LATITUDE: 45 34 N
LONGITUDE: 84 48 W
[TEMPERATURE DATA] [PRECIPITATION DATA] SYMBOLS USED IN COLUMN 16
AVERAGE MONTHLY: 33.1 TOTAL FOR MONTH: 1.28 1 = FOG OR MIST
DPTR FM NORMAL: 7.9 DPTR FM NORMAL: -0.61 2 = FOG REDUCING VISIBILITY
HIGHEST: 54 ON 25 GRTST 24HR 0.48 ON 9-10 TO 1/4 MILE OR LESS
LOWEST: 8 ON 5 3 = THUNDER
SNOW, ICE PELLETS, HAIL 4 = ICE PELLETS
TOTAL MONTH: M 5 = HAIL
GRTST 24HR M ON M 6 = FREEZING RAIN OR DRIZZLE
GRTST DEPTH: M ON M 7 = DUSTSTORM OR SANDSTORM:
VSBY 1/2 MILE OR LESS
8 = SMOKE OR HAZE
[NO. OF DAYS WITH] [WEATHER - DAYS WITH] 9 = BLOWING SNOW
X = TORNADO
MAX 32 OR BELOW: 4 0.01 INCH OR MORE: 13
MAX 90 OR ABOVE: 0 0.10 INCH OR MORE: 6
MIN 32 OR BELOW: 21 0.50 INCH OR MORE: 0
MIN 0 OR BELOW: 0 1.00 INCH OR MORE: 0
[HDD (BASE 65) ]
TOTAL THIS MO. 979 CLEAR (SCALE 0-3) 2
DPTR FM NORMAL -256 PTCLDY (SCALE 4-7) 12
TOTAL FM JUL 1 2619 CLOUDY (SCALE 8-10) 17
DPTR FM NORMAL -496
[CDD (BASE 65) ]
TOTAL THIS MO. 0
DPTR FM NORMAL 0 [PRESSURE DATA]
TOTAL FM JAN 1 274 HIGHEST SLP 30.61 ON 13
DPTR FM NORMAL 20 LOWEST SLP 29.40 ON 9
[REMARKS]
#FINAL-12-23#