000
CXUS55 KALY 010710
CF6POU
PRELIMINARY LOCAL CLIMATOLOGICAL DATA (WS FORM: F-6)
STATION: POUGHKEEPSIE NY
MONTH: JUNE
YEAR: 2022
LATITUDE: 41 37 N
LONGITUDE: 73 53 W
TEMPERATURE IN F: :PCPN: SNOW: WIND :SUNSHINE: SKY :PK WND
================================================================================
1 2 3 4 5 6A 6B 7 8 9 10 11 12 13 14 15 16 17 18
12Z AVG MX 2MIN
DY MAX MIN AVG DEP HDD CDD WTR SNW DPTH SPD SPD DIR MIN PSBL S-S WX SPD DR
================================================================================
1 71 58 65 1 0 0 0.83 M M 5.2 17 110 M M 7 138 21 120
2 74 62 68 4 0 3 0.16 M M 2.1 12 230 M M 9 1 15 220
3 80 55 68 3 0 3 0.07 M M 3.4 15 240 M M 5 1 20 250
4 82 50 66 1 0 1 0.00 M M 6.1 18 240 M M 0 23 290
5 77 45 61 -4 4 0 0.00 M M 1.4 10 240 M M 0 13 240
6 81 49 65 -1 0 0 0.00 M M 2.9 12 240 M M 0 15 270
7 79 53 66 0 0 1 0.08 M M 7.1 17 140 M M 4 1 28 140
8 80 62 71 5 0 6 0.00 M M 4.7 15 260 M M 4 1 19 260
9 81 59 70 3 0 5 0.58 M M 8.6 22 270 M M 6 1 30 280
10 78 55 67 0 0 2 0.00 M M 6.1 18 250 M M 1 24 260
11 77 53 65 -2 0 0 0.00 M M 2.0 10 140 M M 0 14 140
12 73 54 64 -4 1 0 0.12 M M 3.0 13 180 M M 6 1 20 170
13 84 58 71 3 0 6 T M M 4.8 17 250 M M 4 12 23 280
14 82 55 69 1 0 4 0.00 M M 4.0 14 10 M M 0 17 360
15 86 55 71 3 0 6 0.00 M M 4.0 12 160 M M 2 18 180
16 72 62 67 -2 0 2 0.36 M M 6.3 13 170 M M 9 13 19 190
17 88 68 78 9 0 13 0.00 M M 7.8 21 280 M M 5 31 270
18 73 55 64 -5 1 0 0.00 M M 12.2 22 340 M M 6 31 300
19 72 50 61 -9 4 0 0.00 M M 7.9 22 320 M M 1 30 320
20 79 45 62 -8 3 0 0.00 M M 3.0 13 310 M M 0 18 310
21 75 49 62 -8 3 0 0.19 M M 1.7 9 360 M M 5 1 11 10
22 65 61 63 -7 2 0 0.01 M M 4.9 13 110 M M 10 1 18 120
23 71 57 64 -7 1 0 T M M 2.7 10 270 M M 8 14 250
24 85 56 71 0 0 6 0.00 M M 2.0 9 240 M M 3 12 18 60
25 89 59 74 3 0 9 0.00 M M 1.4 9 130 M M 0 18 12 300
26 90 60 75 4 0 10 0.00 M M 4.7 14 180 M M 1 20 180
27 80 59 70 -2 0 5 0.06 M M 4.4 10 170 M M 6 1 15 170
28 79 56 68 -4 0 3 0.00 M M 3.2 13 60 M M 3 17 40
29 85 53 69 -3 0 4 0.00 M M 3.9 14 230 M M 1 8 23 230
30 86 57 72 0 0 7 0.00 M M 1.9 10 240 M M 1 16 340
================================================================================
SM 2374 1670 19 96 2.46 M 133.4 M 107
================================================================================
AV 79.1 55.7 4.4 FASTST M M 4 MAX(MPH)
MISC ----> # 22 270 # 31 270
================================================================================
NOTES:
# LAST OF SEVERAL OCCURRENCES
COLUMN 17 PEAK WIND IN M.P.H.
PRELIMINARY LOCAL CLIMATOLOGICAL DATA (WS FORM: F-6) , PAGE 2
STATION: POUGHKEEPSIE NY
MONTH: JUNE
YEAR: 2022
LATITUDE: 41 37 N
LONGITUDE: 73 53 W
[TEMPERATURE DATA] [PRECIPITATION DATA] SYMBOLS USED IN COLUMN 16
AVERAGE MONTHLY: 67.4 TOTAL FOR MONTH: 2.46 1 = FOG OR MIST
DPTR FM NORMAL: -1.0 DPTR FM NORMAL: -1.45 2 = FOG REDUCING VISIBILITY
HIGHEST: 90 ON 26 GRTST 24HR 0.86 ON 1- 2 TO 1/4 MILE OR LESS
LOWEST: 45 ON 20, 5 3 = THUNDER
SNOW, ICE PELLETS, HAIL 4 = ICE PELLETS
TOTAL MONTH: M 5 = HAIL
GRTST 24HR M ON M 6 = FREEZING RAIN OR DRIZZLE
GRTST DEPTH: M ON M 7 = DUSTSTORM OR SANDSTORM:
VSBY 1/2 MILE OR LESS
8 = SMOKE OR HAZE
[NO. OF DAYS WITH] [WEATHER - DAYS WITH] 9 = BLOWING SNOW
X = TORNADO
MAX 32 OR BELOW: 0 0.01 INCH OR MORE: 10
MAX 90 OR ABOVE: 1 0.10 INCH OR MORE: 6
MIN 32 OR BELOW: 0 0.50 INCH OR MORE: 2
MIN 0 OR BELOW: 0 1.00 INCH OR MORE: 0
[HDD (BASE 65) ]
TOTAL THIS MO. 19 CLEAR (SCALE 0-3) 14
DPTR FM NORMAL -17 PTCLDY (SCALE 4-7) 12
TOTAL FM JUL 1 5465 CLOUDY (SCALE 8-10) 4
DPTR FM NORMAL -526
[CDD (BASE 65) ]
TOTAL THIS MO. 96
DPTR FM NORMAL -43 [PRESSURE DATA]
TOTAL FM JAN 1 176 HIGHEST SLP M ON M
DPTR FM NORMAL -3 LOWEST SLP 29.53 ON 9
[REMARKS]
#FINAL-06-22#