000
CXUS55 KALY 010850
CF6POU
PRELIMINARY LOCAL CLIMATOLOGICAL DATA (WS FORM: F-6)
STATION: POUGHKEEPSIE NY
MONTH: SEPTEMBER
YEAR: 2021
LATITUDE: 41 37 N
LONGITUDE: 73 53 W
TEMPERATURE IN F: :PCPN: SNOW: WIND :SUNSHINE: SKY :PK WND
================================================================================
1 2 3 4 5 6A 6B 7 8 9 10 11 12 13 14 15 16 17 18
12Z AVG MX 2MIN
DY MAX MIN AVG DEP HDD CDD WTR SNW DPTH SPD SPD DIR MIN PSBL S-S WX SPD DR
================================================================================
1 68 61 65 -4 0 0 5.57 M M 5.7 20 10 M M 10 1 27 40
2 76 56 66 -3 0 1 0.07 M M 8.4 18 10 M M 6 1 26 360
3 74 50 62 -6 3 0 0.00 M M 2.3 16 20 M M 3 1 22 10
4 78 51 65 -3 0 0 0.00 M M 1.3 9 250 M M 0 1 12 260
5 70 58 64 -4 1 0 0.06 M M 2.0 9 200 M M 7 18 13 160
6 81 56 69 2 0 4 0.01 M M 4.6 16 280 M M 3 12 22 270
7 78 53 66 -1 0 1 0.00 M M 2.9 12 320 M M 0 1 14 260
8 83 59 71 4 0 6 0.09 M M 5.8 17 180 M M 4 1 26 180
9 72 64 68 2 0 3 0.13 M M 1.3 7 290 M M 7 12 11 60
10 75 51 63 -3 2 0 0.00 M M 5.8 20 300 M M 4 12 28 320
11 77 48 63 -3 2 0 0.00 M M 3.1 15 230 M M 0 19 240
12 82 55 69 4 0 4 0.00 M M 4.8 15 240 M M 4 19 240
13 83 61 72 7 0 7 T M M 4.4 14 360 M M 1 19 360
14 79 60 70 5 0 5 0.04 M M 4.0 10 150 M M 4 15 140
15 87 66 77 13 0 12 0.05 M M 4.9 16 220 M M 5 1 24 240
16 78 63 71 7 0 6 0.49 M M 3.6 13 10 M M 9 13 15 10
17 76 65 71 7 0 6 0.00 M M 2.9 9 110 M M 9 1 12 110
18 85 63 74 11 0 9 0.00 M M 2.9 12 10 M M 4 1 18 10
19 75 53 64 1 1 0 0.00 M M 4.5 16 10 M M 0 24 10
20 76 49 63 1 2 0 0.00 M M 1.5 10 140 M M M 13 130
21 76 51 64 2 1 0 0.00 M M 2.6 10 160 M M 4 1 14 120
22 81 67 74 12 0 9 T M M 7.1 16 140 M M 8 1 22 160
23 80 64 72 11 0 7 1.59 M M 9.7 22 250 M M 7 138 31 160
24 72 53 63 2 2 0 0.98 M M 4.4 14 250 M M 3 1 17 250
25 76 49 63 3 2 0 0.00 M M 1.1 8 170 M M 2 12 11 360
26 72 52 62 2 3 0 0.00 M M 3.7 18 260 M M 3 12 23 260
27 79 51 65 5 0 0 0.00 M M 6.5 17 230 M M 3 24 240
28 68 51 60 1 5 0 0.70 M M 2.6 14 260 M M 6 123 20 230
29 68 44 56 -3 9 0 0.00 M M 2.5 14 340 M M 4 1 19 330
30 64 44 54 -4 11 0 0.00 M M 3.7 14 10 M M 7 19 360
================================================================================
SM 2289 1668 44 80 9.78 M 120.6 M 127
================================================================================
AV 76.3 55.6 4.0 FASTST M M 4 MAX(MPH)
MISC ----> 22 250 31 160
================================================================================
NOTES:
# LAST OF SEVERAL OCCURRENCES
COLUMN 17 PEAK WIND IN M.P.H.
PRELIMINARY LOCAL CLIMATOLOGICAL DATA (WS FORM: F-6) , PAGE 2
STATION: POUGHKEEPSIE NY
MONTH: SEPTEMBER
YEAR: 2021
LATITUDE: 41 37 N
LONGITUDE: 73 53 W
[TEMPERATURE DATA] [PRECIPITATION DATA] SYMBOLS USED IN COLUMN 16
AVERAGE MONTHLY: 66.0 TOTAL FOR MONTH: 9.78 1 = FOG OR MIST
DPTR FM NORMAL: 2.0 DPTR FM NORMAL: 5.45 2 = FOG REDUCING VISIBILITY
HIGHEST: 87 ON 15 GRTST 24HR 5.64 ON 1- 2 TO 1/4 MILE OR LESS
LOWEST: 44 ON 30,29 3 = THUNDER
SNOW, ICE PELLETS, HAIL 4 = ICE PELLETS
TOTAL MONTH: M 5 = HAIL
GRTST 24HR M ON M 6 = FREEZING RAIN OR DRIZZLE
GRTST DEPTH: M ON M 7 = DUSTSTORM OR SANDSTORM:
VSBY 1/2 MILE OR LESS
8 = SMOKE OR HAZE
[NO. OF DAYS WITH] [WEATHER - DAYS WITH] 9 = BLOWING SNOW
X = TORNADO
MAX 32 OR BELOW: 0 0.01 INCH OR MORE: 12
MAX 90 OR ABOVE: 0 0.10 INCH OR MORE: 6
MIN 32 OR BELOW: 0 0.50 INCH OR MORE: 4
MIN 0 OR BELOW: 0 1.00 INCH OR MORE: 2
[HDD (BASE 65) ]
TOTAL THIS MO. 44 CLEAR (SCALE 0-3) 8
DPTR FM NORMAL -63 PTCLDY (SCALE 4-7) 18
TOTAL FM JUL 1 50 CLOUDY (SCALE 8-10) 4
DPTR FM NORMAL -67
[CDD (BASE 65) ]
TOTAL THIS MO. 80
DPTR FM NORMAL 6 [PRESSURE DATA]
TOTAL FM JAN 1 900 HIGHEST SLP 30.37 ON 21
DPTR FM NORMAL 162 LOWEST SLP 29.62 ON 2
[REMARKS]
#FINAL-09-21#